{"id":13,"date":"2018-02-14T18:10:57","date_gmt":"2018-02-14T18:10:57","guid":{"rendered":"http:\/\/www.csepelivaroskep.hu\/csaladokparkja\/?page_id=13"},"modified":"2022-03-25T12:11:32","modified_gmt":"2022-03-25T12:11:32","slug":"kapcsolat","status":"publish","type":"page","link":"https:\/\/www.csepelivaroskep.hu\/csaladokparkja\/kapcsolat\/","title":{"rendered":"Kapcsolat"},"content":{"rendered":"\t\t<div data-elementor-type=\"wp-post\" data-elementor-id=\"13\" class=\"elementor elementor-13\">\n\t\t\t\t\t\t<div class=\"elementor-inner\">\n\t\t\t\t<div class=\"elementor-section-wrap\">\n\t\t\t\t\t\t\t\t\t<section class=\"elementor-section elementor-top-section elementor-element elementor-element-26038108 elementor-section-boxed elementor-section-height-default elementor-section-height-default\" data-id=\"26038108\" data-element_type=\"section\">\n\t\t\t\t\t\t<div class=\"elementor-container elementor-column-gap-default\">\n\t\t\t\t\t\t\t<div class=\"elementor-row\">\n\t\t\t\t\t<div class=\"elementor-column elementor-col-100 elementor-top-column elementor-element elementor-element-516a12bb\" data-id=\"516a12bb\" data-element_type=\"column\">\n\t\t\t<div class=\"elementor-column-wrap elementor-element-populated\">\n\t\t\t\t\t\t\t<div class=\"elementor-widget-wrap\">\n\t\t\t\t\t\t<section class=\"elementor-section elementor-inner-section elementor-element elementor-element-4eda5a78 elementor-section-height-min-height elementor-section-boxed elementor-section-height-default\" data-id=\"4eda5a78\" data-element_type=\"section\">\n\t\t\t\t\t\t<div class=\"elementor-container elementor-column-gap-default\">\n\t\t\t\t\t\t\t<div class=\"elementor-row\">\n\t\t\t\t\t<div class=\"elementor-column elementor-col-33 elementor-inner-column elementor-element elementor-element-29d3f6a7\" data-id=\"29d3f6a7\" data-element_type=\"column\">\n\t\t\t<div class=\"elementor-column-wrap elementor-element-populated\">\n\t\t\t\t\t\t\t<div class=\"elementor-widget-wrap\">\n\t\t\t\t\t\t<div class=\"elementor-element elementor-element-37dcde04 elementor-widget elementor-widget-heading\" data-id=\"37dcde04\" data-element_type=\"widget\" data-widget_type=\"heading.default\">\n\t\t\t\t<div class=\"elementor-widget-container\">\n\t\t\t<h2 class=\"elementor-heading-title elementor-size-default\">El\u00e9rhet\u0151s\u00e9gek<\/h2>\t\t<\/div>\n\t\t\t\t<\/div>\n\t\t\t\t<div class=\"elementor-element elementor-element-1618ef6c elementor-widget elementor-widget-text-editor\" data-id=\"1618ef6c\" data-element_type=\"widget\" data-widget_type=\"text-editor.default\">\n\t\t\t\t<div class=\"elementor-widget-container\">\n\t\t\t\t\t\t\t\t<div class=\"elementor-text-editor elementor-clearfix\">\n\t\t\t\t<p><strong>R\u00e1k\u00f3czi Kert &#8211; Csal\u00e1dok Parkja<\/strong><br \/>1212 Budapest,<br \/>R\u00e1k\u00f3czi t\u00e9r 34.<\/p><p>Tel:\u00a0<a href=\"tel:+3612780711\">06-70-502-6888<\/a><\/p><p>Email:\u00a0<a href=\"mailto:info@rkcsaladokparkja.hu\">info@rkcsaladokparkja.hu<\/a><\/p>\t\t\t\t\t<\/div>\n\t\t\t\t\t\t<\/div>\n\t\t\t\t<\/div>\n\t\t\t\t\t\t<\/div>\n\t\t\t\t\t<\/div>\n\t\t<\/div>\n\t\t\t\t<div class=\"elementor-column elementor-col-66 elementor-inner-column elementor-element elementor-element-59b9778e\" data-id=\"59b9778e\" data-element_type=\"column\">\n\t\t\t<div class=\"elementor-column-wrap elementor-element-populated\">\n\t\t\t\t\t\t\t<div class=\"elementor-widget-wrap\">\n\t\t\t\t\t\t<div class=\"elementor-element elementor-element-f39156d elementor-widget elementor-widget-google_maps\" data-id=\"f39156d\" data-element_type=\"widget\" data-widget_type=\"google_maps.default\">\n\t\t\t\t<div class=\"elementor-widget-container\">\n\t\t\t\t\t<div class=\"elementor-custom-embed\">\n\t\t\t<iframe loading=\"lazy\"\n\t\t\t\t\tsrc=\"https:\/\/maps.google.com\/maps?q=Budapest%2C%20R%C3%A1k%C3%B3czi%20t%C3%A9r%2034&#038;t=m&#038;z=15&#038;output=embed&#038;iwloc=near\"\n\t\t\t\t\ttitle=\"Budapest, R\u00e1k\u00f3czi t\u00e9r 34\"\n\t\t\t\t\taria-label=\"Budapest, R\u00e1k\u00f3czi t\u00e9r 34\"\n\t\t\t><\/iframe>\n\t\t<\/div>\n\t\t\t\t<\/div>\n\t\t\t\t<\/div>\n\t\t\t\t<div class=\"elementor-element elementor-element-1f849f5 elementor-align-center elementor-widget elementor-widget-button\" data-id=\"1f849f5\" data-element_type=\"widget\" data-widget_type=\"button.default\">\n\t\t\t\t<div class=\"elementor-widget-container\">\n\t\t\t\t\t<div class=\"elementor-button-wrapper\">\n\t\t\t<a href=\"\/hirlevel-feliratkozas\" class=\"elementor-button-link elementor-button elementor-size-lg\" role=\"button\">\n\t\t\t\t\t\t<span class=\"elementor-button-content-wrapper\">\n\t\t\t\t\t\t<span class=\"elementor-button-text\">Feliratkoz\u00e1s a h\u00edrlev\u00e9lre<\/span>\n\t\t<\/span>\n\t\t\t\t\t<\/a>\n\t\t<\/div>\n\t\t\t\t<\/div>\n\t\t\t\t<\/div>\n\t\t\t\t\t\t<\/div>\n\t\t\t\t\t<\/div>\n\t\t<\/div>\n\t\t\t\t\t\t\t\t<\/div>\n\t\t\t\t\t<\/div>\n\t\t<\/section>\n\t\t\t\t\t\t<\/div>\n\t\t\t\t\t<\/div>\n\t\t<\/div>\n\t\t\t\t\t\t\t\t<\/div>\n\t\t\t\t\t<\/div>\n\t\t<\/section>\n\t\t\t\t<section class=\"elementor-section elementor-top-section elementor-element elementor-element-8749a35 elementor-section-boxed elementor-section-height-default elementor-section-height-default\" data-id=\"8749a35\" data-element_type=\"section\">\n\t\t\t\t\t\t<div class=\"elementor-container elementor-column-gap-default\">\n\t\t\t\t\t\t\t<div class=\"elementor-row\">\n\t\t\t\t\t<div class=\"elementor-column elementor-col-100 elementor-top-column elementor-element elementor-element-67be707\" data-id=\"67be707\" data-element_type=\"column\">\n\t\t\t<div class=\"elementor-column-wrap elementor-element-populated\">\n\t\t\t\t\t\t\t<div class=\"elementor-widget-wrap\">\n\t\t\t\t\t\t<div class=\"elementor-element elementor-element-77b550f elementor-widget elementor-widget-text-editor\" data-id=\"77b550f\" data-element_type=\"widget\" data-widget_type=\"text-editor.default\">\n\t\t\t\t<div class=\"elementor-widget-container\">\n\t\t\t\t\t\t\t\t<div class=\"elementor-text-editor elementor-clearfix\">\n\t\t\t\t<p>A park 25 000 n\u00e9gyzetm\u00e9teres ter\u00fclet\u00e9n az eg\u00e9sz csal\u00e1d\u00a0kikapcsol\u00f3dhat.\u00a0A kertben foci- \u00e9s kos\u00e1rp\u00e1ly\u00e1k, k\u00fclt\u00e9ri kondieszk\u00f6z\u00f6k,\u00a0<strong>fut\u00f3k\u00f6r<\/strong>, sakk- pingpongasztalok, \u00e9s egy nagyobb j\u00e1tsz\u00f3t\u00e9r is van. A park legl\u00e1tv\u00e1nyosabb eleme a j\u00e1tsz\u00f3t\u00e9ren fel\u00e9p\u00edtett\u00a0<strong>s\u00e1rpospataki v\u00e1r ihlette<\/strong>\u00a0hatalmas cs\u00faszd\u00e1s j\u00e1tsz\u00f3komplexum. Az er\u0151d a R\u00e1k\u00f3czi t\u00e9ren sem v\u00e9letlen, a R\u00e1k\u00f3cziak birtokainak egyik legfontosabb k\u00f6zpontja volt S\u00e1rospatak. A nemesi csal\u00e1d \u00e9s a kuruc-labanc hadakoz\u00e1sok kor\u00e1b\u00f3l, t\u00f6rt\u00e9net\u00e9r\u0151l n\u00e9h\u00e1ny \u00e9rdekesebb k\u00e9p \u00e9s t\u00f6rt\u00e9net is el van rejtve a v\u00e1rban a gyerekeknek. A v\u00e1r k\u00f6r\u00fcl k\u00fcl\u00f6nb\u00f6z\u0151 koroszt\u00e1ly sz\u00e1m\u00e1ra k\u00e9sz\u00fclt hint\u00e1k \u00e9s napvitorl\u00e1kkal v\u00e9dett homokoz\u00f3 is tal\u00e1lhat\u00f3. <br \/>A sz\u00ednes rekort\u00e1nnal burkolt, p\u00e1ly\u00e1n a picik fut\u00f3biciklivel, m\u0171anyag kismotorral, rollerrel, s\u0151t ak\u00e1r (14\u201dkerek\u0171vel) biciklizni is tanulhatnak.<\/p><p>A parkban <strong>ingyenes mosd\u00f3 k\u00fcl\u00f6n a gyermekek r\u00e9sz\u00e9re, ami pelenk\u00e1z\u00f3val felszerelt valamint <\/strong>k\u00e9t szabadt\u00e9ri pelenek\u00e1z\u00f3pad is tal\u00e1lhat\u00f3. A kertben t\u00f6bb iv\u00f3k\u00fat is van.<\/p><p>Sok nagyobb, \u00e1rny\u00e9kot ad\u00f3 fa alatt piknikezni is lehet, ha pedig valaki a <strong>bogr\u00e1csoz\u00f3s helyeket szeretn\u00e9 <\/strong>ig\u00e9nybe venni, akkor azt el\u0151zetes egyeztet\u00e9s (<a href=\"mailto:info@rkcsalokparkja.hu\">info@rkcsaladokparkja.hu<\/a>) ut\u00e1n megteheti.<\/p><p>A <strong>szabadt\u00e9ri k\u00e1v\u00e9z\u00f3ban<\/strong>\u00a0 k\u00fcl\u00f6nb\u00f6z\u0151 h\u0171s\u00edt\u0151 italokat \u00e9s k\u00f6nnyebb \u00e9teleket k\u00edn\u00e1lnak.<\/p><p>A teljes parkot magas ker\u00edt\u00e9s veszi k\u00f6rbe, kiemelt figyelmet ford\u00edtottunk a gyermekek biztons\u00e1g\u00e1ra, ez\u00e9rt a j\u00e1tsz\u00f3r\u00e9szt megk\u00f6zel\u00edteni csak a bels\u0151 parkol\u00f3 fel\u0151l lehet. A h\u00e1zirend betart\u00e1s\u00e1t park\u0151r\u00f6k fel\u00fcgyelik, <strong>\u00e9jszak\u00e1ra z\u00e1rva tartjuk.<\/strong> A parkban infopont \u00e9s ingyenes wifiszolg\u00e1ltat\u00e1s is m\u0171k\u00f6dik.<\/p>\t\t\t\t\t<\/div>\n\t\t\t\t\t\t<\/div>\n\t\t\t\t<\/div>\n\t\t\t\t\t\t<\/div>\n\t\t\t\t\t<\/div>\n\t\t<\/div>\n\t\t\t\t\t\t\t\t<\/div>\n\t\t\t\t\t<\/div>\n\t\t<\/section>\n\t\t\t\t\t\t\t\t\t<\/div>\n\t\t\t<\/div>\n\t\t\t\t\t<\/div>\n\t\t","protected":false},"excerpt":{"rendered":"<p>El\u00e9rhet\u0151s\u00e9gek R\u00e1k\u00f3czi Kert &#8211; Csal\u00e1dok Parkja 1212 Budapest, R\u00e1k\u00f3czi t\u00e9r 34. Tel:&nbsp;06-70-502-6888 Email:&nbsp;info@rkcsaladokparkja.hu Feliratkoz\u00e1s a h\u00edrlev\u00e9lre A park 25 000 n\u00e9gyzetm\u00e9teres ter\u00fclet\u00e9n az eg\u00e9sz csal\u00e1d&nbsp;kikapcsol\u00f3dhat.&nbsp;A kertben foci- \u00e9s kos\u00e1rp\u00e1ly\u00e1k, k\u00fclt\u00e9ri kondieszk\u00f6z\u00f6k,&nbsp;fut\u00f3k\u00f6r, sakk- pingpongasztalok, \u00e9s egy nagyobb j\u00e1tsz\u00f3t\u00e9r is van. A park legl\u00e1tv\u00e1nyosabb eleme a j\u00e1tsz\u00f3t\u00e9ren fel\u00e9p\u00edtett&nbsp;s\u00e1rpospataki v\u00e1r ihlette&nbsp;hatalmas cs\u00faszd\u00e1s j\u00e1tsz\u00f3komplexum. Az er\u0151d a R\u00e1k\u00f3czi t\u00e9ren [&hellip;]<\/p>\n","protected":false},"author":1,"featured_media":454,"parent":0,"menu_order":0,"comment_status":"closed","ping_status":"closed","template":"page-contact.php","meta":[],"acf":[],"_links":{"self":[{"href":"https:\/\/www.csepelivaroskep.hu\/csaladokparkja\/wp-json\/wp\/v2\/pages\/13"}],"collection":[{"href":"https:\/\/www.csepelivaroskep.hu\/csaladokparkja\/wp-json\/wp\/v2\/pages"}],"about":[{"href":"https:\/\/www.csepelivaroskep.hu\/csaladokparkja\/wp-json\/wp\/v2\/types\/page"}],"author":[{"embeddable":true,"href":"https:\/\/www.csepelivaroskep.hu\/csaladokparkja\/wp-json\/wp\/v2\/users\/1"}],"replies":[{"embeddable":true,"href":"https:\/\/www.csepelivaroskep.hu\/csaladokparkja\/wp-json\/wp\/v2\/comments?post=13"}],"version-history":[{"count":69,"href":"https:\/\/www.csepelivaroskep.hu\/csaladokparkja\/wp-json\/wp\/v2\/pages\/13\/revisions"}],"predecessor-version":[{"id":455,"href":"https:\/\/www.csepelivaroskep.hu\/csaladokparkja\/wp-json\/wp\/v2\/pages\/13\/revisions\/455"}],"wp:featuredmedia":[{"embeddable":true,"href":"https:\/\/www.csepelivaroskep.hu\/csaladokparkja\/wp-json\/wp\/v2\/media\/454"}],"wp:attachment":[{"href":"https:\/\/www.csepelivaroskep.hu\/csaladokparkja\/wp-json\/wp\/v2\/media?parent=13"}],"curies":[{"name":"wp","href":"https:\/\/api.w.org\/{rel}","templated":true}]}}