{"id":104,"date":"2018-06-05T11:26:53","date_gmt":"2018-06-05T11:26:53","guid":{"rendered":"http:\/\/www.csepelivaroskep.hu\/galeria\/?post_type=tribe_events&#038;p=104"},"modified":"2018-06-05T11:27:40","modified_gmt":"2018-06-05T11:27:40","slug":"bunda-janos-istvan","status":"publish","type":"tribe_events","link":"https:\/\/www.csepelivaroskep.hu\/galeria\/programok\/bunda-janos-istvan\/","title":{"rendered":"Bunda J\u00e1nos Istv\u00e1n"},"content":{"rendered":"<p>Tisztelettel megh\u00edvja \u00d6nt a Csepeli V\u00e1rosk\u00e9p Kft. (Csepel Gal\u00e9ria)\u00a0<strong>Bunda J\u00e1nos Istv\u00e1n fest\u0151m\u0171v\u00e9sz<\/strong>ki\u00e1ll\u00edt\u00e1s\u00e1nak megnyit\u00f3j\u00e1ra,<br \/>\n<strong>2016. m\u00e1rcius 31-\u00e9n 18 \u00f3r\u00e1ra<\/strong>.<\/p>\n<p>A ki\u00e1ll\u00edt\u00e1st megnyitja:\u00a0<strong>Feledy Bal\u00e1zs m\u0171v\u00e9szeti \u00edr\u00f3<\/strong><\/p>\n<p>A ki\u00e1ll\u00edt\u00e1s megtekinthet\u0151\u00a0<strong>2016. \u00e1prilis 22-ig,<\/strong>\u00a0h\u00e9tf\u0151t\u0151l cs\u00fct\u00f6rt\u00f6kig: 8-16 \u00f3ra k\u00f6z\u00f6tt, p\u00e9nteken el\u0151zetes bejelentkez\u00e9ssel<\/p>\n<p>C\u00edm: 1215 Budapest, Csete Bal\u00e1zs u. 15.<\/p>\n<p>Tel.: 278-0711<\/p>\n","protected":false},"excerpt":{"rendered":"<p>Fest\u0151m\u0171v\u00e9sz ki\u00e1ll\u00edt\u00e1s<\/p>\n","protected":false},"author":1,"featured_media":105,"comment_status":"closed","ping_status":"closed","template":"","meta":[],"tags":[4,5,7,6],"tribe_events_cat":[8],"acf":[],"_links":{"self":[{"href":"https:\/\/www.csepelivaroskep.hu\/galeria\/wp-json\/wp\/v2\/tribe_events\/104"}],"collection":[{"href":"https:\/\/www.csepelivaroskep.hu\/galeria\/wp-json\/wp\/v2\/tribe_events"}],"about":[{"href":"https:\/\/www.csepelivaroskep.hu\/galeria\/wp-json\/wp\/v2\/types\/tribe_events"}],"author":[{"embeddable":true,"href":"https:\/\/www.csepelivaroskep.hu\/galeria\/wp-json\/wp\/v2\/users\/1"}],"replies":[{"embeddable":true,"href":"https:\/\/www.csepelivaroskep.hu\/galeria\/wp-json\/wp\/v2\/comments?post=104"}],"version-history":[{"count":1,"href":"https:\/\/www.csepelivaroskep.hu\/galeria\/wp-json\/wp\/v2\/tribe_events\/104\/revisions"}],"predecessor-version":[{"id":106,"href":"https:\/\/www.csepelivaroskep.hu\/galeria\/wp-json\/wp\/v2\/tribe_events\/104\/revisions\/106"}],"wp:featuredmedia":[{"embeddable":true,"href":"https:\/\/www.csepelivaroskep.hu\/galeria\/wp-json\/wp\/v2\/media\/105"}],"wp:attachment":[{"href":"https:\/\/www.csepelivaroskep.hu\/galeria\/wp-json\/wp\/v2\/media?parent=104"}],"wp:term":[{"taxonomy":"post_tag","embeddable":true,"href":"https:\/\/www.csepelivaroskep.hu\/galeria\/wp-json\/wp\/v2\/tags?post=104"},{"taxonomy":"tribe_events_cat","embeddable":true,"href":"https:\/\/www.csepelivaroskep.hu\/galeria\/wp-json\/wp\/v2\/tribe_events_cat?post=104"}],"curies":[{"name":"wp","href":"https:\/\/api.w.org\/{rel}","templated":true}]}}

Bunda János István

<p>Tisztelettel meghívja Önt a Csepeli Városkép Kft. (Csepel Galéria) <strong>Bunda János István festőművész</strong>kiállításának megnyitójára,<br />
<strong>2016. március 31-én 18 órára</strong>.</p>
<p>A kiállítást megnyitja: <strong>Feledy Balázs művészeti író</strong></p>
<p>A kiállítás megtekinthető <strong>2016. április 22-ig,</strong> hétfőtől csütörtökig: 8-16 óra között, pénteken előzetes bejelentkezéssel</p>
<p>Cím: 1215 Budapest, Csete Balázs u. 15.</p>
<p>Tel.: 278-0711</p>

<p>Festőművész kiállítás</p>
