{"id":110,"date":"2018-06-05T11:32:12","date_gmt":"2018-06-05T11:32:12","guid":{"rendered":"http:\/\/www.csepelivaroskep.hu\/galeria\/?post_type=tribe_events&#038;p=110"},"modified":"2018-06-05T11:32:12","modified_gmt":"2018-06-05T11:32:12","slug":"anno-1959-1963","status":"publish","type":"tribe_events","link":"https:\/\/www.csepelivaroskep.hu\/galeria\/programok\/anno-1959-1963\/","title":{"rendered":"\u201cANNO 1959-1963\u201d"},"content":{"rendered":"<div>Tisztelettel megh\u00edvjuk \u00d6nt\u00a0<strong>2016. m\u00e1jus 26-\u00e1n 17 \u00f3r\u00e1ra<\/strong>\u00a0a Csepel Gal\u00e9ri\u00e1ba az \u201c<strong>ANNO 1959-1963<\/strong>\u201d oszt\u00e1ly ki\u00e1ll\u00edt\u00e1s\u00e1nak megnyit\u00f3j\u00e1ra.<\/div>\n<div><strong>A ki\u00e1ll\u00edt\u00e1st megnyitja:<\/strong>\u00a0Baky P\u00e9ter fest\u0151m\u0171v\u00e9sz<\/div>\n<div><\/div>\n<div>A ki\u00e1ll\u00edt\u00e1s megtekinthet\u0151 2016. j\u00fanius 24-ig, h\u00e9tf\u0151t\u0151l cs\u00fct\u00f6rt\u00f6kig 8-16 \u00f3ra k\u00f6z\u00f6tt, p\u00e9nteken el\u0151zetes bejelentkez\u00e9ssel.<br \/>\nC\u00edm: 1215 Budapest, Csete Bal\u00e1zs u. 15. Tel.: 278-0711<\/div>\n<div><\/div>\n<div>Megjelen\u00e9s\u00e9re sz\u00e1m\u00edtunk!<\/div>\n","protected":false},"excerpt":{"rendered":"<p>A ki\u00e1ll\u00edt\u00e1st megnyitja:\u00a0Baky P\u00e9ter fest\u0151m\u0171v\u00e9sz<\/p>\n","protected":false},"author":1,"featured_media":111,"comment_status":"closed","ping_status":"closed","template":"","meta":[],"tags":[4,5,7,6],"tribe_events_cat":[8],"acf":[],"_links":{"self":[{"href":"https:\/\/www.csepelivaroskep.hu\/galeria\/wp-json\/wp\/v2\/tribe_events\/110"}],"collection":[{"href":"https:\/\/www.csepelivaroskep.hu\/galeria\/wp-json\/wp\/v2\/tribe_events"}],"about":[{"href":"https:\/\/www.csepelivaroskep.hu\/galeria\/wp-json\/wp\/v2\/types\/tribe_events"}],"author":[{"embeddable":true,"href":"https:\/\/www.csepelivaroskep.hu\/galeria\/wp-json\/wp\/v2\/users\/1"}],"replies":[{"embeddable":true,"href":"https:\/\/www.csepelivaroskep.hu\/galeria\/wp-json\/wp\/v2\/comments?post=110"}],"version-history":[{"count":1,"href":"https:\/\/www.csepelivaroskep.hu\/galeria\/wp-json\/wp\/v2\/tribe_events\/110\/revisions"}],"predecessor-version":[{"id":112,"href":"https:\/\/www.csepelivaroskep.hu\/galeria\/wp-json\/wp\/v2\/tribe_events\/110\/revisions\/112"}],"wp:featuredmedia":[{"embeddable":true,"href":"https:\/\/www.csepelivaroskep.hu\/galeria\/wp-json\/wp\/v2\/media\/111"}],"wp:attachment":[{"href":"https:\/\/www.csepelivaroskep.hu\/galeria\/wp-json\/wp\/v2\/media?parent=110"}],"wp:term":[{"taxonomy":"post_tag","embeddable":true,"href":"https:\/\/www.csepelivaroskep.hu\/galeria\/wp-json\/wp\/v2\/tags?post=110"},{"taxonomy":"tribe_events_cat","embeddable":true,"href":"https:\/\/www.csepelivaroskep.hu\/galeria\/wp-json\/wp\/v2\/tribe_events_cat?post=110"}],"curies":[{"name":"wp","href":"https:\/\/api.w.org\/{rel}","templated":true}]}}

<div>Tisztelettel meghívjuk Önt <strong>2016. május 26-án 17 órára</strong> a Csepel Galériába az “<strong>ANNO 1959-1963</strong>” osztály kiállításának megnyitójára.</div>
<div><strong>A kiállítást megnyitja:</strong> Baky Péter festőművész</div>
<div></div>
<div>A kiállítás megtekinthető 2016. június 24-ig, hétfőtől csütörtökig 8-16 óra között, pénteken előzetes bejelentkezéssel.<br />
Cím: 1215 Budapest, Csete Balázs u. 15. Tel.: 278-0711</div>
<div></div>
<div>Megjelenésére számítunk!</div>

<p>A kiállítást megnyitja: Baky Péter festőművész</p>
