{"id":129,"date":"2018-06-05T11:56:15","date_gmt":"2018-06-05T11:56:15","guid":{"rendered":"http:\/\/www.csepelivaroskep.hu\/galeria\/?post_type=tribe_events&#038;p=129"},"modified":"2018-06-05T11:56:15","modified_gmt":"2018-06-05T11:56:15","slug":"nyiri-erzsebet-konyvbemutatoja","status":"publish","type":"tribe_events","link":"https:\/\/www.csepelivaroskep.hu\/galeria\/programok\/nyiri-erzsebet-konyvbemutatoja\/","title":{"rendered":"Ny\u00edri Erzs\u00e9bet k\u00f6nyvbemutat\u00f3ja"},"content":{"rendered":"<div>\n<div>A Csepel Gal\u00e9ria \u00e9s a Csepeli V\u00e1rosk\u00e9p Kft.<\/div>\n<div>szeretettel megh\u00edvja \u00d6nt,<\/div>\n<\/div>\n<div>\n<div><b>2017. m\u00e1rcius 27-\u00e9n 17 \u00f3r\u00e1ra,<\/b><\/div>\n<div><b>Ny\u00edri Erzs\u00e9bet<\/b><\/div>\n<div>csepeli k\u00f6lt\u0151n\u0151 k\u00f6tet\u00e9nek bemutat\u00f3j\u00e1ra.<\/div>\n<div>A k\u00f6tetet m\u00e9ltatja Mad\u00e1r J\u00e1nos, k\u00f6lt\u0151, kiad\u00f3.<\/div>\n<div>A besz\u00e9lget\u0151 partner: Baka Gy\u00f6rgyi, k\u00f6lt\u0151.<\/div>\n<\/div>\n<div>A verseket Arat\u00f3 R\u00e9ka tolm\u00e1csol\u00e1s\u00e1ban hallhatjuk.<\/div>\n<div>A m\u0171sorban k\u00f6zrem\u0171k\u00f6dnek a Fasang \u00c1rp\u00e1d Zenei Alapfok\u00fa M\u0171v\u00e9szeti Iskola n\u00f6vend\u00e9kei.<\/div>\n<div><\/div>\n<div>\n<div><b>C\u00edm:<\/b><\/div>\n<div>1215 Budapest, Csete Bal\u00e1zs utca 15., tel.: 06-1-278-0710<\/div>\n<div>(Megk\u00f6zel\u00edthet\u0151 a H7-es, csepeli H\u00c9V Szent Imre t\u00e9ri meg\u00e1ll\u00f3j\u00e1b\u00f3l.)<\/div>\n<\/div>\n","protected":false},"excerpt":{"rendered":"<p>K\u00f6nyvbemutat\u00f3<\/p>\n","protected":false},"author":1,"featured_media":130,"comment_status":"closed","ping_status":"closed","template":"","meta":[],"tags":[4,9],"tribe_events_cat":[8],"acf":[],"_links":{"self":[{"href":"https:\/\/www.csepelivaroskep.hu\/galeria\/wp-json\/wp\/v2\/tribe_events\/129"}],"collection":[{"href":"https:\/\/www.csepelivaroskep.hu\/galeria\/wp-json\/wp\/v2\/tribe_events"}],"about":[{"href":"https:\/\/www.csepelivaroskep.hu\/galeria\/wp-json\/wp\/v2\/types\/tribe_events"}],"author":[{"embeddable":true,"href":"https:\/\/www.csepelivaroskep.hu\/galeria\/wp-json\/wp\/v2\/users\/1"}],"replies":[{"embeddable":true,"href":"https:\/\/www.csepelivaroskep.hu\/galeria\/wp-json\/wp\/v2\/comments?post=129"}],"version-history":[{"count":1,"href":"https:\/\/www.csepelivaroskep.hu\/galeria\/wp-json\/wp\/v2\/tribe_events\/129\/revisions"}],"predecessor-version":[{"id":131,"href":"https:\/\/www.csepelivaroskep.hu\/galeria\/wp-json\/wp\/v2\/tribe_events\/129\/revisions\/131"}],"wp:featuredmedia":[{"embeddable":true,"href":"https:\/\/www.csepelivaroskep.hu\/galeria\/wp-json\/wp\/v2\/media\/130"}],"wp:attachment":[{"href":"https:\/\/www.csepelivaroskep.hu\/galeria\/wp-json\/wp\/v2\/media?parent=129"}],"wp:term":[{"taxonomy":"post_tag","embeddable":true,"href":"https:\/\/www.csepelivaroskep.hu\/galeria\/wp-json\/wp\/v2\/tags?post=129"},{"taxonomy":"tribe_events_cat","embeddable":true,"href":"https:\/\/www.csepelivaroskep.hu\/galeria\/wp-json\/wp\/v2\/tribe_events_cat?post=129"}],"curies":[{"name":"wp","href":"https:\/\/api.w.org\/{rel}","templated":true}]}}

Nyíri Erzsébet könyvbemutatója

<div>
<div>A Csepel Galéria és a Csepeli Városkép Kft.</div>
<div>szeretettel meghívja Önt,</div>
</div>
<div>
<div><b>2017. március 27-én 17 órára,</b></div>
<div><b>Nyíri Erzsébet</b></div>
<div>csepeli költőnő kötetének bemutatójára.</div>
<div>A kötetet méltatja Madár János, költő, kiadó.</div>
<div>A beszélgető partner: Baka Györgyi, költő.</div>
</div>
<div>A verseket Arató Réka tolmácsolásában hallhatjuk.</div>
<div>A műsorban közreműködnek a Fasang Árpád Zenei Alapfokú Művészeti Iskola növendékei.</div>
<div></div>
<div>
<div><b>Cím:</b></div>
<div>1215 Budapest, Csete Balázs utca 15., tel.: 06-1-278-0710</div>
<div>(Megközelíthető a H7-es, csepeli HÉV Szent Imre téri megállójából.)</div>
</div>

<p>Könyvbemutató</p>
