{"id":148,"date":"2018-06-05T12:08:07","date_gmt":"2018-06-05T12:08:07","guid":{"rendered":"http:\/\/www.csepelivaroskep.hu\/galeria\/?post_type=tribe_events&#038;p=148"},"modified":"2018-06-05T12:08:07","modified_gmt":"2018-06-05T12:08:07","slug":"gulyas-csalad-kiallitasa","status":"publish","type":"tribe_events","link":"https:\/\/www.csepelivaroskep.hu\/galeria\/programok\/gulyas-csalad-kiallitasa\/","title":{"rendered":"Guly\u00e1s csal\u00e1d ki\u00e1ll\u00edt\u00e1sa"},"content":{"rendered":"<p>A Csepel Gal\u00e9ria \u00e9s a Csepeli V\u00e1rosk\u00e9p Kft. tisztelettel megh\u00edvja \u00d6nt a Guly\u00e1s csal\u00e1d ki\u00e1ll\u00edt\u00e1s\u00e1nak megnyit\u00f3j\u00e1ra, 2017. okt\u00f3ber 12-\u00e9n 17.00 \u00f3r\u00e1ra.<\/p>\n<p>Ki\u00e1ll\u00edt\u00f3k:<br \/>\nGuly\u00e1s L\u00e1szl\u00f3 fest\u0151m\u0171v\u00e9sz<br \/>\nD\u00e9vain\u00e9 Guly\u00e1s Em\u0151ke \u00f6tv\u00f6sm\u0171v\u00e9sz<br \/>\nGuly\u00e1s Kinga fest\u0151m\u0171v\u00e9sz<\/p>\n<p>K\u00f6zrem\u0171k\u00f6dik: M\u00e9hes Krisztina \u00e9s M\u00e9hes Vikt\u00f3ria \u00e9nek\/git\u00e1r<\/p>\n<p>A ki\u00e1ll\u00edt\u00e1st megnyitja: Kirj\u00e1k Mikl\u00f3s fest\u0151m\u0171v\u00e9sz<br \/>\nA ki\u00e1ll\u00edt\u00e1s november 3-ig tekinthet\u0151 meg, h\u00e9tf\u0151t\u0151l cs\u00fct\u00f6rt\u00f6kig 8.00-16.00 \u00f3ra k\u00f6z\u00f6tt, p\u00e9nteken el\u0151zetes bejelentkez\u00e9ssel.<\/p>\n","protected":false},"excerpt":{"rendered":"<p>Guly\u00e1s L\u00e1szl\u00f3 fest\u0151m\u0171v\u00e9sz, D\u00e9vain\u00e9 Guly\u00e1s Em\u0151ke \u00f6tv\u00f6sm\u0171v\u00e9sz, Guly\u00e1s Kinga fest\u0151m\u0171v\u00e9sz<\/p>\n","protected":false},"author":1,"featured_media":149,"comment_status":"closed","ping_status":"closed","template":"","meta":[],"tags":[4,5,7,6],"tribe_events_cat":[8],"acf":[],"_links":{"self":[{"href":"https:\/\/www.csepelivaroskep.hu\/galeria\/wp-json\/wp\/v2\/tribe_events\/148"}],"collection":[{"href":"https:\/\/www.csepelivaroskep.hu\/galeria\/wp-json\/wp\/v2\/tribe_events"}],"about":[{"href":"https:\/\/www.csepelivaroskep.hu\/galeria\/wp-json\/wp\/v2\/types\/tribe_events"}],"author":[{"embeddable":true,"href":"https:\/\/www.csepelivaroskep.hu\/galeria\/wp-json\/wp\/v2\/users\/1"}],"replies":[{"embeddable":true,"href":"https:\/\/www.csepelivaroskep.hu\/galeria\/wp-json\/wp\/v2\/comments?post=148"}],"version-history":[{"count":1,"href":"https:\/\/www.csepelivaroskep.hu\/galeria\/wp-json\/wp\/v2\/tribe_events\/148\/revisions"}],"predecessor-version":[{"id":150,"href":"https:\/\/www.csepelivaroskep.hu\/galeria\/wp-json\/wp\/v2\/tribe_events\/148\/revisions\/150"}],"wp:featuredmedia":[{"embeddable":true,"href":"https:\/\/www.csepelivaroskep.hu\/galeria\/wp-json\/wp\/v2\/media\/149"}],"wp:attachment":[{"href":"https:\/\/www.csepelivaroskep.hu\/galeria\/wp-json\/wp\/v2\/media?parent=148"}],"wp:term":[{"taxonomy":"post_tag","embeddable":true,"href":"https:\/\/www.csepelivaroskep.hu\/galeria\/wp-json\/wp\/v2\/tags?post=148"},{"taxonomy":"tribe_events_cat","embeddable":true,"href":"https:\/\/www.csepelivaroskep.hu\/galeria\/wp-json\/wp\/v2\/tribe_events_cat?post=148"}],"curies":[{"name":"wp","href":"https:\/\/api.w.org\/{rel}","templated":true}]}}

Gulyás család kiállítása

<p>A Csepel Galéria és a Csepeli Városkép Kft. tisztelettel meghívja Önt a Gulyás család kiállításának megnyitójára, 2017. október 12-én 17.00 órára.</p>
<p>Kiállítók:<br />
Gulyás László festőművész<br />
Dévainé Gulyás Emőke ötvösművész<br />
Gulyás Kinga festőművész</p>
<p>Közreműködik: Méhes Krisztina és Méhes Viktória ének/gitár</p>
<p>A kiállítást megnyitja: Kirják Miklós festőművész<br />
A kiállítás november 3-ig tekinthető meg, hétfőtől csütörtökig 8.00-16.00 óra között, pénteken előzetes bejelentkezéssel.</p>

<p>Gulyás László festőművész, Dévainé Gulyás Emőke ötvösművész, Gulyás Kinga festőművész</p>
