{"id":151,"date":"2018-06-05T12:10:14","date_gmt":"2018-06-05T12:10:14","guid":{"rendered":"http:\/\/www.csepelivaroskep.hu\/galeria\/?post_type=tribe_events&#038;p=151"},"modified":"2018-06-05T12:10:14","modified_gmt":"2018-06-05T12:10:14","slug":"becskei-andor-es-gal-barbara-kiallitasa","status":"publish","type":"tribe_events","link":"https:\/\/www.csepelivaroskep.hu\/galeria\/programok\/becskei-andor-es-gal-barbara-kiallitasa\/","title":{"rendered":"Becskei Andor \u00e9s G\u00e1l Barbara ki\u00e1ll\u00edt\u00e1sa"},"content":{"rendered":"<p>A Csepel Gal\u00e9ria \u00e9s a Csepeli V\u00e1rosk\u00e9p Kft. tisztelettel megh\u00edvja \u00d6nt Becskei Andor szobr\u00e1szm\u0171v\u00e9sz \u00e9s G\u00e1l Barbara grafikusm\u0171v\u00e9sz ki\u00e1ll\u00edt\u00e1s\u00e1nak megnyit\u00f3j\u00e1ra, 2017. november 9-\u00e9n 17.00 \u00f3r\u00e1ra.<\/p>\n<p>A ki\u00e1ll\u00edt\u00e1st megnyitja: Gvardi\u00e1n Ferenc szobr\u00e1szm\u0171v\u00e9sz<br \/>\nA ki\u00e1ll\u00edt\u00e1s december 15-ig tekinthet\u0151 meg, h\u00e9tf\u0151t\u0151l cs\u00fct\u00f6rt\u00f6kig 8.00-16.00 \u00f3ra k\u00f6z\u00f6tt, p\u00e9nteken el\u0151zetes bejelentkez\u00e9ssel.<\/p>\n<p>C\u00edm: 1215 Budapest, Csete Bal\u00e1zs u<\/p>\n<p>&nbsp;<\/p>\n","protected":false},"excerpt":{"rendered":"<p>szobr\u00e1szm\u0171v\u00e9sz \u00e9s grafikusm\u0171v\u00e9sz ki\u00e1ll\u00edt\u00e1s<\/p>\n","protected":false},"author":1,"featured_media":152,"comment_status":"closed","ping_status":"closed","template":"","meta":[],"tags":[4,5,7,6],"tribe_events_cat":[8],"acf":[],"_links":{"self":[{"href":"https:\/\/www.csepelivaroskep.hu\/galeria\/wp-json\/wp\/v2\/tribe_events\/151"}],"collection":[{"href":"https:\/\/www.csepelivaroskep.hu\/galeria\/wp-json\/wp\/v2\/tribe_events"}],"about":[{"href":"https:\/\/www.csepelivaroskep.hu\/galeria\/wp-json\/wp\/v2\/types\/tribe_events"}],"author":[{"embeddable":true,"href":"https:\/\/www.csepelivaroskep.hu\/galeria\/wp-json\/wp\/v2\/users\/1"}],"replies":[{"embeddable":true,"href":"https:\/\/www.csepelivaroskep.hu\/galeria\/wp-json\/wp\/v2\/comments?post=151"}],"version-history":[{"count":1,"href":"https:\/\/www.csepelivaroskep.hu\/galeria\/wp-json\/wp\/v2\/tribe_events\/151\/revisions"}],"predecessor-version":[{"id":153,"href":"https:\/\/www.csepelivaroskep.hu\/galeria\/wp-json\/wp\/v2\/tribe_events\/151\/revisions\/153"}],"wp:featuredmedia":[{"embeddable":true,"href":"https:\/\/www.csepelivaroskep.hu\/galeria\/wp-json\/wp\/v2\/media\/152"}],"wp:attachment":[{"href":"https:\/\/www.csepelivaroskep.hu\/galeria\/wp-json\/wp\/v2\/media?parent=151"}],"wp:term":[{"taxonomy":"post_tag","embeddable":true,"href":"https:\/\/www.csepelivaroskep.hu\/galeria\/wp-json\/wp\/v2\/tags?post=151"},{"taxonomy":"tribe_events_cat","embeddable":true,"href":"https:\/\/www.csepelivaroskep.hu\/galeria\/wp-json\/wp\/v2\/tribe_events_cat?post=151"}],"curies":[{"name":"wp","href":"https:\/\/api.w.org\/{rel}","templated":true}]}}

Becskei Andor és Gál Barbara kiállítása

<p>A Csepel Galéria és a Csepeli Városkép Kft. tisztelettel meghívja Önt Becskei Andor szobrászművész és Gál Barbara grafikusművész kiállításának megnyitójára, 2017. november 9-én 17.00 órára.</p>
<p>A kiállítást megnyitja: Gvardián Ferenc szobrászművész<br />
A kiállítás december 15-ig tekinthető meg, hétfőtől csütörtökig 8.00-16.00 óra között, pénteken előzetes bejelentkezéssel.</p>
<p>Cím: 1215 Budapest, Csete Balázs u</p>
<p>&nbsp;</p>

<p>szobrászművész és grafikusművész kiállítás</p>
