{"id":154,"date":"2018-06-05T12:14:51","date_gmt":"2018-06-05T12:14:51","guid":{"rendered":"http:\/\/www.csepelivaroskep.hu\/galeria\/?post_type=tribe_events&#038;p=154"},"modified":"2018-06-05T12:14:51","modified_gmt":"2018-06-05T12:14:51","slug":"benyi-eszter-es-kovacs-peter-kiallitasa","status":"publish","type":"tribe_events","link":"https:\/\/www.csepelivaroskep.hu\/galeria\/programok\/benyi-eszter-es-kovacs-peter-kiallitasa\/","title":{"rendered":"B\u00e9nyi Eszter \u00e9s Kov\u00e1cs P\u00e9ter ki\u00e1ll\u00edt\u00e1sa"},"content":{"rendered":"<p>A Csepel Gal\u00e9ria \u00e9s a Csepeli V\u00e1rosk\u00e9p Kft. tisztelettel megh\u00edvja \u00d6nt B\u00e9nyi Eszter textilm\u0171v\u00e9sz \u00e9s Kov\u00e1cs P\u00e9ter Ferenczy No\u00e9mi-d\u00edjas textilm\u0171v\u00e9sz ki\u00e1ll\u00edt\u00e1s\u00e1nak<\/p>\n<p>megnyit\u00f3j\u00e1ra, 2018. janu\u00e1r 11-\u00e9n 17.00 \u00f3r\u00e1ra.<\/p>\n<p>A ki\u00e1ll\u00edt\u00e1st megnyitja: Andr\u00e1si Erika m\u0171v\u00e9szett\u00f6rt\u00e9n\u00e9sz<br \/>\nA ki\u00e1ll\u00edt\u00e1s febru\u00e1r 2-ig tekinthet\u0151 meg, h\u00e9tf\u0151t\u0151l cs\u00fct\u00f6rt\u00f6kig 8.00-16.00 \u00f3ra k\u00f6z\u00f6tt, p\u00e9nteken el\u0151zetes bejelentkez\u00e9ssel.<\/p>\n<p>C\u00edm: 1215 Budapest, Csete Bal\u00e1zs u. 15.<\/p>\n","protected":false},"excerpt":{"rendered":"<p> textilm\u0171v\u00e9sz ki\u00e1ll\u00edt\u00e1s<\/p>\n","protected":false},"author":1,"featured_media":155,"comment_status":"closed","ping_status":"closed","template":"","meta":[],"tags":[4,5,7,6],"tribe_events_cat":[8],"acf":[],"_links":{"self":[{"href":"https:\/\/www.csepelivaroskep.hu\/galeria\/wp-json\/wp\/v2\/tribe_events\/154"}],"collection":[{"href":"https:\/\/www.csepelivaroskep.hu\/galeria\/wp-json\/wp\/v2\/tribe_events"}],"about":[{"href":"https:\/\/www.csepelivaroskep.hu\/galeria\/wp-json\/wp\/v2\/types\/tribe_events"}],"author":[{"embeddable":true,"href":"https:\/\/www.csepelivaroskep.hu\/galeria\/wp-json\/wp\/v2\/users\/1"}],"replies":[{"embeddable":true,"href":"https:\/\/www.csepelivaroskep.hu\/galeria\/wp-json\/wp\/v2\/comments?post=154"}],"version-history":[{"count":1,"href":"https:\/\/www.csepelivaroskep.hu\/galeria\/wp-json\/wp\/v2\/tribe_events\/154\/revisions"}],"predecessor-version":[{"id":156,"href":"https:\/\/www.csepelivaroskep.hu\/galeria\/wp-json\/wp\/v2\/tribe_events\/154\/revisions\/156"}],"wp:featuredmedia":[{"embeddable":true,"href":"https:\/\/www.csepelivaroskep.hu\/galeria\/wp-json\/wp\/v2\/media\/155"}],"wp:attachment":[{"href":"https:\/\/www.csepelivaroskep.hu\/galeria\/wp-json\/wp\/v2\/media?parent=154"}],"wp:term":[{"taxonomy":"post_tag","embeddable":true,"href":"https:\/\/www.csepelivaroskep.hu\/galeria\/wp-json\/wp\/v2\/tags?post=154"},{"taxonomy":"tribe_events_cat","embeddable":true,"href":"https:\/\/www.csepelivaroskep.hu\/galeria\/wp-json\/wp\/v2\/tribe_events_cat?post=154"}],"curies":[{"name":"wp","href":"https:\/\/api.w.org\/{rel}","templated":true}]}}

Bényi Eszter és Kovács Péter kiállítása

<p>A Csepel Galéria és a Csepeli Városkép Kft. tisztelettel meghívja Önt Bényi Eszter textilművész és Kovács Péter Ferenczy Noémi-díjas textilművész kiállításának</p>
<p>megnyitójára, 2018. január 11-én 17.00 órára.</p>
<p>A kiállítást megnyitja: Andrási Erika művészettörténész<br />
A kiállítás február 2-ig tekinthető meg, hétfőtől csütörtökig 8.00-16.00 óra között, pénteken előzetes bejelentkezéssel.</p>
<p>Cím: 1215 Budapest, Csete Balázs u. 15.</p>

<p> textilművész kiállítás</p>
