{"id":158,"date":"2018-08-28T11:46:47","date_gmt":"2018-08-28T11:46:47","guid":{"rendered":"http:\/\/www.csepelivaroskep.hu\/galeria\/?post_type=tribe_events&#038;p=158"},"modified":"2018-09-20T12:51:42","modified_gmt":"2018-09-20T12:51:42","slug":"erdelyi-sandor-kiallitasa","status":"publish","type":"tribe_events","link":"https:\/\/www.csepelivaroskep.hu\/galeria\/programok\/erdelyi-sandor-kiallitasa\/","title":{"rendered":"Erd\u00e9lyi S\u00e1ndor ki\u00e1ll\u00edt\u00e1sa"},"content":{"rendered":"<p>A Csepel Gal\u00e9ria \u00e9s a Csepeli V\u00e1rosk\u00e9p Kft. szeretettel megh\u00edvja \u00d6nt<\/p>\n<p>Erd\u00e9lyi S\u00e1ndor fest\u0151m\u0171v\u00e9sz ki\u00e1ll\u00edt\u00e1s\u00e1ra<\/p>\n<p>2018. szeptember 6-\u00e1n 17 \u00f3r\u00e1ra<\/p>\n<p>A ki\u00e1ll\u00edt\u00e1st megnyitja: Kirj\u00e1k Mikl\u00f3s fest\u0151m\u0171v\u00e9sz<\/p>\n<p>K\u00f6zrem\u0171k\u00f6dnek: Szabadi Andrea \u00e9s dr. Mesk\u00f3 B\u00e1nk el\u0151ad\u00f3m\u0171v\u00e9szek<\/p>\n<p>A ki\u00e1ll\u00edt\u00e1s megtekinthet\u0151 2018. szeptember 28-ig h\u00e9tf\u0151t\u0151l cs\u00fct\u00f6rt\u00f6kig 8-16 \u00f3ra k\u00f6z\u00f6tt, p\u00e9nteken el\u0151zetes bejelentkez\u00e9ssel<\/p>\n<p><img loading=\"lazy\" class=\"alignnone size-medium wp-image-159\" src=\"http:\/\/www.csepelivaroskep.hu\/galeria\/wp-content\/uploads\/sites\/6\/2018\/08\/szept1-300x71.jpg\" alt=\"\" width=\"300\" height=\"71\" srcset=\"https:\/\/www.csepelivaroskep.hu\/galeria\/wp-content\/uploads\/sites\/6\/2018\/08\/szept1-300x71.jpg 300w, https:\/\/www.csepelivaroskep.hu\/galeria\/wp-content\/uploads\/sites\/6\/2018\/08\/szept1-768x182.jpg 768w, https:\/\/www.csepelivaroskep.hu\/galeria\/wp-content\/uploads\/sites\/6\/2018\/08\/szept1.jpg 960w\" sizes=\"(max-width: 300px) 100vw, 300px\" \/><\/p>\n<p><img loading=\"lazy\" class=\"alignnone size-medium wp-image-160\" src=\"http:\/\/www.csepelivaroskep.hu\/galeria\/wp-content\/uploads\/sites\/6\/2018\/08\/szept2-300x71.jpg\" alt=\"\" width=\"300\" height=\"71\" srcset=\"https:\/\/www.csepelivaroskep.hu\/galeria\/wp-content\/uploads\/sites\/6\/2018\/08\/szept2-300x71.jpg 300w, https:\/\/www.csepelivaroskep.hu\/galeria\/wp-content\/uploads\/sites\/6\/2018\/08\/szept2-768x182.jpg 768w, https:\/\/www.csepelivaroskep.hu\/galeria\/wp-content\/uploads\/sites\/6\/2018\/08\/szept2.jpg 960w\" sizes=\"(max-width: 300px) 100vw, 300px\" \/><\/p>\n<p>&nbsp;<\/p>\n<p><a href=\"http:\/\/www.csepelivaroskep.hu\/galeria\/2018\/09\/20\/erdelyi-sandor-kiallitasa-a-csepel-galeriaban\/\">Besz\u00e1mol\u00f3 a ki\u00e1ll\u00edt\u00e1sr\u00f3l<\/a><\/p>\n","protected":false},"excerpt":{"rendered":"<p>Fest\u0151m\u0171v\u00e9sz ki\u00e1ll\u00edt\u00e1smegnyit\u00f3<\/p>\n","protected":false},"author":1,"featured_media":160,"comment_status":"closed","ping_status":"closed","template":"","meta":[],"tags":[4,5,7,6],"tribe_events_cat":[8],"acf":[],"_links":{"self":[{"href":"https:\/\/www.csepelivaroskep.hu\/galeria\/wp-json\/wp\/v2\/tribe_events\/158"}],"collection":[{"href":"https:\/\/www.csepelivaroskep.hu\/galeria\/wp-json\/wp\/v2\/tribe_events"}],"about":[{"href":"https:\/\/www.csepelivaroskep.hu\/galeria\/wp-json\/wp\/v2\/types\/tribe_events"}],"author":[{"embeddable":true,"href":"https:\/\/www.csepelivaroskep.hu\/galeria\/wp-json\/wp\/v2\/users\/1"}],"replies":[{"embeddable":true,"href":"https:\/\/www.csepelivaroskep.hu\/galeria\/wp-json\/wp\/v2\/comments?post=158"}],"version-history":[{"count":2,"href":"https:\/\/www.csepelivaroskep.hu\/galeria\/wp-json\/wp\/v2\/tribe_events\/158\/revisions"}],"predecessor-version":[{"id":174,"href":"https:\/\/www.csepelivaroskep.hu\/galeria\/wp-json\/wp\/v2\/tribe_events\/158\/revisions\/174"}],"wp:featuredmedia":[{"embeddable":true,"href":"https:\/\/www.csepelivaroskep.hu\/galeria\/wp-json\/wp\/v2\/media\/160"}],"wp:attachment":[{"href":"https:\/\/www.csepelivaroskep.hu\/galeria\/wp-json\/wp\/v2\/media?parent=158"}],"wp:term":[{"taxonomy":"post_tag","embeddable":true,"href":"https:\/\/www.csepelivaroskep.hu\/galeria\/wp-json\/wp\/v2\/tags?post=158"},{"taxonomy":"tribe_events_cat","embeddable":true,"href":"https:\/\/www.csepelivaroskep.hu\/galeria\/wp-json\/wp\/v2\/tribe_events_cat?post=158"}],"curies":[{"name":"wp","href":"https:\/\/api.w.org\/{rel}","templated":true}]}}

Erdélyi Sándor kiállítása

<p>A Csepel Galéria és a Csepeli Városkép Kft. szeretettel meghívja Önt</p>
<p>Erdélyi Sándor festőművész kiállítására</p>
<p>2018. szeptember 6-án 17 órára</p>
<p>A kiállítást megnyitja: Kirják Miklós festőművész</p>
<p>Közreműködnek: Szabadi Andrea és dr. Meskó Bánk előadóművészek</p>
<p>A kiállítás megtekinthető 2018. szeptember 28-ig hétfőtől csütörtökig 8-16 óra között, pénteken előzetes bejelentkezéssel</p>
<p><img loading="lazy" class="alignnone size-medium wp-image-159" src="http://www.csepelivaroskep.hu/galeria/wp-content/uploads/sites/6/2018/08/szept1-300x71.jpg" alt="" width="300" height="71" srcset="https://www.csepelivaroskep.hu/galeria/wp-content/uploads/sites/6/2018/08/szept1-300x71.jpg 300w, https://www.csepelivaroskep.hu/galeria/wp-content/uploads/sites/6/2018/08/szept1-768x182.jpg 768w, https://www.csepelivaroskep.hu/galeria/wp-content/uploads/sites/6/2018/08/szept1.jpg 960w" sizes="(max-width: 300px) 100vw, 300px" /></p>
<p><img loading="lazy" class="alignnone size-medium wp-image-160" src="http://www.csepelivaroskep.hu/galeria/wp-content/uploads/sites/6/2018/08/szept2-300x71.jpg" alt="" width="300" height="71" srcset="https://www.csepelivaroskep.hu/galeria/wp-content/uploads/sites/6/2018/08/szept2-300x71.jpg 300w, https://www.csepelivaroskep.hu/galeria/wp-content/uploads/sites/6/2018/08/szept2-768x182.jpg 768w, https://www.csepelivaroskep.hu/galeria/wp-content/uploads/sites/6/2018/08/szept2.jpg 960w" sizes="(max-width: 300px) 100vw, 300px" /></p>
<p>&nbsp;</p>
<p><a href="http://www.csepelivaroskep.hu/galeria/2018/09/20/erdelyi-sandor-kiallitasa-a-csepel-galeriaban/">Beszámoló a kiállításról</a></p>

<p>Festőművész kiállításmegnyitó</p>
