{"id":227,"date":"2018-11-26T13:23:10","date_gmt":"2018-11-26T13:23:10","guid":{"rendered":"http:\/\/www.csepelivaroskep.hu\/galeria\/?post_type=tribe_events&#038;p=227"},"modified":"2018-11-26T13:30:56","modified_gmt":"2018-11-26T13:30:56","slug":"kozos-nevezo","status":"publish","type":"tribe_events","link":"https:\/\/www.csepelivaroskep.hu\/galeria\/programok\/kozos-nevezo\/","title":{"rendered":"K\u00f6z\u00f6s nevez\u0151"},"content":{"rendered":"<p>7 fiatal m\u0171v\u00e9sz ki\u00e1ll\u00edt\u00e1s\u00e1t tekinthetik meg az \u00e9rdekl\u0151d\u0151k.<br \/>\n&#8211; Czag\u00e1ny Ivett<br \/>\n&#8211; Cs\u00e1szi Ern\u0151<br \/>\n&#8211; Csuk\u00e1s Csenge<br \/>\n&#8211; Debreczeni Fanni<br \/>\n&#8211; Juh\u00e1sz Dominik<br \/>\n&#8211; Kecs\u0151 Krist\u00f3f<br \/>\n-Nagy D\u00e1niel<\/p>\n<p>A ki\u00e1ll\u00edt\u00e1st megnyitja: R\u00e9vi Norbert, szobr\u00e1szm\u0171v\u00e9sz<\/p>\n<p>&nbsp;<\/p>\n<p>&nbsp;<\/p>\n","protected":false},"excerpt":{"rendered":"<p>A ki\u00e1ll\u00edt\u00e1st megnyitja: R\u00e9vi Norbert, szobr\u00e1szm\u0171v\u00e9sz<\/p>\n","protected":false},"author":7,"featured_media":226,"comment_status":"open","ping_status":"closed","template":"","meta":[],"tags":[4,10,5,7,6,18],"tribe_events_cat":[],"acf":[],"_links":{"self":[{"href":"https:\/\/www.csepelivaroskep.hu\/galeria\/wp-json\/wp\/v2\/tribe_events\/227"}],"collection":[{"href":"https:\/\/www.csepelivaroskep.hu\/galeria\/wp-json\/wp\/v2\/tribe_events"}],"about":[{"href":"https:\/\/www.csepelivaroskep.hu\/galeria\/wp-json\/wp\/v2\/types\/tribe_events"}],"author":[{"embeddable":true,"href":"https:\/\/www.csepelivaroskep.hu\/galeria\/wp-json\/wp\/v2\/users\/7"}],"replies":[{"embeddable":true,"href":"https:\/\/www.csepelivaroskep.hu\/galeria\/wp-json\/wp\/v2\/comments?post=227"}],"version-history":[{"count":3,"href":"https:\/\/www.csepelivaroskep.hu\/galeria\/wp-json\/wp\/v2\/tribe_events\/227\/revisions"}],"predecessor-version":[{"id":230,"href":"https:\/\/www.csepelivaroskep.hu\/galeria\/wp-json\/wp\/v2\/tribe_events\/227\/revisions\/230"}],"wp:featuredmedia":[{"embeddable":true,"href":"https:\/\/www.csepelivaroskep.hu\/galeria\/wp-json\/wp\/v2\/media\/226"}],"wp:attachment":[{"href":"https:\/\/www.csepelivaroskep.hu\/galeria\/wp-json\/wp\/v2\/media?parent=227"}],"wp:term":[{"taxonomy":"post_tag","embeddable":true,"href":"https:\/\/www.csepelivaroskep.hu\/galeria\/wp-json\/wp\/v2\/tags?post=227"},{"taxonomy":"tribe_events_cat","embeddable":true,"href":"https:\/\/www.csepelivaroskep.hu\/galeria\/wp-json\/wp\/v2\/tribe_events_cat?post=227"}],"curies":[{"name":"wp","href":"https:\/\/api.w.org\/{rel}","templated":true}]}}

Közös nevező

<p>7 fiatal művész kiállítását tekinthetik meg az érdeklődők.<br />
&#8211; Czagány Ivett<br />
&#8211; Császi Ernő<br />
&#8211; Csukás Csenge<br />
&#8211; Debreczeni Fanni<br />
&#8211; Juhász Dominik<br />
&#8211; Kecső Kristóf<br />
-Nagy Dániel</p>
<p>A kiállítást megnyitja: Révi Norbert, szobrászművész</p>
<p>&nbsp;</p>
<p>&nbsp;</p>

<p>A kiállítást megnyitja: Révi Norbert, szobrászművész</p>
