{"id":270,"date":"2019-06-17T07:59:27","date_gmt":"2019-06-17T07:59:27","guid":{"rendered":"http:\/\/www.csepelivaroskep.hu\/galeria\/?post_type=tribe_events&#038;p=270"},"modified":"2019-06-17T07:59:27","modified_gmt":"2019-06-17T07:59:27","slug":"mikrokozmosz","status":"publish","type":"tribe_events","link":"https:\/\/www.csepelivaroskep.hu\/galeria\/programok\/mikrokozmosz\/","title":{"rendered":"Mikrokozmosz"},"content":{"rendered":"<p>A Csepel Gal\u00e9ria Bar\u00e1ti K\u00f6r Mikrokozmosz c\u00edm\u0171 ki\u00e1ll\u00edt\u00e1s\u00e1nak megnyit\u00f3ja j\u00fanius 27-\u00e9n 17 \u00f3rakor lesz.<img loading=\"lazy\" class=\"alignnone size-medium wp-image-269\" src=\"http:\/\/www.csepelivaroskep.hu\/galeria\/wp-content\/uploads\/sites\/6\/2019\/06\/megh\u00edv\u00f3-2-page0001-300x283.jpg\" alt=\"\" width=\"300\" height=\"283\" srcset=\"https:\/\/www.csepelivaroskep.hu\/galeria\/wp-content\/uploads\/sites\/6\/2019\/06\/megh\u00edv\u00f3-2-page0001-300x283.jpg 300w, https:\/\/www.csepelivaroskep.hu\/galeria\/wp-content\/uploads\/sites\/6\/2019\/06\/megh\u00edv\u00f3-2-page0001-768x724.jpg 768w, https:\/\/www.csepelivaroskep.hu\/galeria\/wp-content\/uploads\/sites\/6\/2019\/06\/megh\u00edv\u00f3-2-page0001.jpg 845w\" sizes=\"(max-width: 300px) 100vw, 300px\" \/><\/p>\n<p>A ki\u00e1ll\u00edt\u00e1s megtekinthet\u0151: augusztus 22-ig<br \/>\nA ki\u00e1ll\u00edt\u00e1st megnyitja: M\u00e1ger Judit, szerkeszt\u0151<\/p>\n","protected":false},"excerpt":{"rendered":"<p>A ki\u00e1ll\u00edt\u00e1s megtekinthet\u0151: augusztus 22-ig<br \/>\nA ki\u00e1ll\u00edt\u00e1st megnyitja: M\u00e1ger Judit, szerkeszt\u0151<\/p>\n","protected":false},"author":7,"featured_media":268,"comment_status":"open","ping_status":"closed","template":"","meta":[],"tags":[11,4,15,5,7,6,18],"tribe_events_cat":[8],"acf":[],"_links":{"self":[{"href":"https:\/\/www.csepelivaroskep.hu\/galeria\/wp-json\/wp\/v2\/tribe_events\/270"}],"collection":[{"href":"https:\/\/www.csepelivaroskep.hu\/galeria\/wp-json\/wp\/v2\/tribe_events"}],"about":[{"href":"https:\/\/www.csepelivaroskep.hu\/galeria\/wp-json\/wp\/v2\/types\/tribe_events"}],"author":[{"embeddable":true,"href":"https:\/\/www.csepelivaroskep.hu\/galeria\/wp-json\/wp\/v2\/users\/7"}],"replies":[{"embeddable":true,"href":"https:\/\/www.csepelivaroskep.hu\/galeria\/wp-json\/wp\/v2\/comments?post=270"}],"version-history":[{"count":1,"href":"https:\/\/www.csepelivaroskep.hu\/galeria\/wp-json\/wp\/v2\/tribe_events\/270\/revisions"}],"predecessor-version":[{"id":271,"href":"https:\/\/www.csepelivaroskep.hu\/galeria\/wp-json\/wp\/v2\/tribe_events\/270\/revisions\/271"}],"wp:featuredmedia":[{"embeddable":true,"href":"https:\/\/www.csepelivaroskep.hu\/galeria\/wp-json\/wp\/v2\/media\/268"}],"wp:attachment":[{"href":"https:\/\/www.csepelivaroskep.hu\/galeria\/wp-json\/wp\/v2\/media?parent=270"}],"wp:term":[{"taxonomy":"post_tag","embeddable":true,"href":"https:\/\/www.csepelivaroskep.hu\/galeria\/wp-json\/wp\/v2\/tags?post=270"},{"taxonomy":"tribe_events_cat","embeddable":true,"href":"https:\/\/www.csepelivaroskep.hu\/galeria\/wp-json\/wp\/v2\/tribe_events_cat?post=270"}],"curies":[{"name":"wp","href":"https:\/\/api.w.org\/{rel}","templated":true}]}}

<p>A Csepel Galéria Baráti Kör Mikrokozmosz című kiállításának megnyitója június 27-én 17 órakor lesz.<img loading="lazy" class="alignnone size-medium wp-image-269" src="http://www.csepelivaroskep.hu/galeria/wp-content/uploads/sites/6/2019/06/meghívó-2-page0001-300x283.jpg" alt="" width="300" height="283" srcset="https://www.csepelivaroskep.hu/galeria/wp-content/uploads/sites/6/2019/06/meghívó-2-page0001-300x283.jpg 300w, https://www.csepelivaroskep.hu/galeria/wp-content/uploads/sites/6/2019/06/meghívó-2-page0001-768x724.jpg 768w, https://www.csepelivaroskep.hu/galeria/wp-content/uploads/sites/6/2019/06/meghívó-2-page0001.jpg 845w" sizes="(max-width: 300px) 100vw, 300px" /></p>
<p>A kiállítás megtekinthető: augusztus 22-ig<br />
A kiállítást megnyitja: Máger Judit, szerkesztő</p>

<p>A kiállítás megtekinthető: augusztus 22-ig<br />
A kiállítást megnyitja: Máger Judit, szerkesztő</p>
