{"id":64,"date":"2018-05-28T18:34:31","date_gmt":"2018-05-28T18:34:31","guid":{"rendered":"http:\/\/www.csepelivaroskep.hu\/galeria\/?post_type=tribe_events&#038;p=64"},"modified":"2018-05-28T18:34:31","modified_gmt":"2018-05-28T18:34:31","slug":"emberek-angyalok","status":"publish","type":"tribe_events","link":"https:\/\/www.csepelivaroskep.hu\/galeria\/programok\/emberek-angyalok\/","title":{"rendered":"Emberek, angyalok"},"content":{"rendered":"<p>2015. m\u00e1rcius 26-\u00e1n, 17 \u00f3rakor ny\u00edlik meg Kiss M\u00e1rta ki\u00e1ll\u00edt\u00e1sa a Csepel Gal\u00e9ri\u00e1ban. Mindenkit szeretettel v\u00e1runk.<\/p>\n","protected":false},"excerpt":{"rendered":"<p>Kiss M\u00e1rta ki\u00e1ll\u00edt\u00e1sa<\/p>\n","protected":false},"author":1,"featured_media":65,"comment_status":"closed","ping_status":"closed","template":"","meta":[],"tags":[4,5,7,6],"tribe_events_cat":[],"acf":[],"_links":{"self":[{"href":"https:\/\/www.csepelivaroskep.hu\/galeria\/wp-json\/wp\/v2\/tribe_events\/64"}],"collection":[{"href":"https:\/\/www.csepelivaroskep.hu\/galeria\/wp-json\/wp\/v2\/tribe_events"}],"about":[{"href":"https:\/\/www.csepelivaroskep.hu\/galeria\/wp-json\/wp\/v2\/types\/tribe_events"}],"author":[{"embeddable":true,"href":"https:\/\/www.csepelivaroskep.hu\/galeria\/wp-json\/wp\/v2\/users\/1"}],"replies":[{"embeddable":true,"href":"https:\/\/www.csepelivaroskep.hu\/galeria\/wp-json\/wp\/v2\/comments?post=64"}],"version-history":[{"count":1,"href":"https:\/\/www.csepelivaroskep.hu\/galeria\/wp-json\/wp\/v2\/tribe_events\/64\/revisions"}],"predecessor-version":[{"id":66,"href":"https:\/\/www.csepelivaroskep.hu\/galeria\/wp-json\/wp\/v2\/tribe_events\/64\/revisions\/66"}],"wp:featuredmedia":[{"embeddable":true,"href":"https:\/\/www.csepelivaroskep.hu\/galeria\/wp-json\/wp\/v2\/media\/65"}],"wp:attachment":[{"href":"https:\/\/www.csepelivaroskep.hu\/galeria\/wp-json\/wp\/v2\/media?parent=64"}],"wp:term":[{"taxonomy":"post_tag","embeddable":true,"href":"https:\/\/www.csepelivaroskep.hu\/galeria\/wp-json\/wp\/v2\/tags?post=64"},{"taxonomy":"tribe_events_cat","embeddable":true,"href":"https:\/\/www.csepelivaroskep.hu\/galeria\/wp-json\/wp\/v2\/tribe_events_cat?post=64"}],"curies":[{"name":"wp","href":"https:\/\/api.w.org\/{rel}","templated":true}]}}

<p>2015. március 26-án, 17 órakor nyílik meg Kiss Márta kiállítása a Csepel Galériában. Mindenkit szeretettel várunk.</p>

<p>Kiss Márta kiállítása</p>
