{"id":95,"date":"2018-06-05T11:19:59","date_gmt":"2018-06-05T11:19:59","guid":{"rendered":"http:\/\/www.csepelivaroskep.hu\/galeria\/?post_type=tribe_events&#038;p=95"},"modified":"2018-06-05T11:19:59","modified_gmt":"2018-06-05T11:19:59","slug":"incze-mozes-kiallitasa","status":"publish","type":"tribe_events","link":"https:\/\/www.csepelivaroskep.hu\/galeria\/programok\/incze-mozes-kiallitasa\/","title":{"rendered":"Incze M\u00f3zes ki\u00e1ll\u00edt\u00e1sa"},"content":{"rendered":"<p>A Csepeli V\u00e1rosk\u00e9p Kft. (Csepel Gal\u00e9ria) tisztelettel megh\u00edvja \u00d6nt \u00e9s hozz\u00e1tartoz\u00f3it.<\/p>\n<p><strong>Incze M\u00f3zes fest\u0151m\u0171v\u00e9sz ki\u00e1ll\u00edt\u00e1s\u00e1nak megnyit\u00f3j\u00e1ra:<\/strong><\/p>\n<p>2015. okt\u00f3ber 29-\u00e9n, \u00a017 \u00f3rakor<\/p>\n<p><strong>A ki\u00e1ll\u00edt\u00e1st megnyitja:\u00a0<\/strong><br \/>\nP. Szab\u00f3 Ern\u0151 m\u0171v\u00e9szett\u00f6rt\u00e9n\u00e9sz,<br \/>\naz \u00daj M\u0171v\u00e9szet c. foly\u00f3irat vezet\u0151 szerkeszt\u0151je<\/p>\n<p><strong>A ki\u00e1ll\u00edt\u00e1s helye:\u00a0<\/strong><br \/>\nCsepel Gal\u00e9ria (c\u00edm: 1215 Budapest, Csete Bal\u00e1zs u. 15., tel.: 278-0711)<\/p>\n<p><strong>A ki\u00e1ll\u00edt\u00e1s megtekinthet\u0151:<\/strong><br \/>\n<strong>november 20-ig<\/strong><\/p>\n<p><strong>H\u00e9tf\u0151t\u0151l cs\u00fct\u00f6rt\u00f6kig: 9-16 \u00f3r\u00e1ig,<\/strong>\u00a0p\u00e9nteken el\u0151zetes bejelentkez\u00e9ssel.<\/p>\n","protected":false},"excerpt":{"rendered":"<p>Fest\u0151m\u0171v\u00e9sz ki\u00e1ll\u00edt\u00e1s<\/p>\n","protected":false},"author":1,"featured_media":96,"comment_status":"closed","ping_status":"closed","template":"","meta":[],"tags":[4,5,7,6],"tribe_events_cat":[],"acf":[],"_links":{"self":[{"href":"https:\/\/www.csepelivaroskep.hu\/galeria\/wp-json\/wp\/v2\/tribe_events\/95"}],"collection":[{"href":"https:\/\/www.csepelivaroskep.hu\/galeria\/wp-json\/wp\/v2\/tribe_events"}],"about":[{"href":"https:\/\/www.csepelivaroskep.hu\/galeria\/wp-json\/wp\/v2\/types\/tribe_events"}],"author":[{"embeddable":true,"href":"https:\/\/www.csepelivaroskep.hu\/galeria\/wp-json\/wp\/v2\/users\/1"}],"replies":[{"embeddable":true,"href":"https:\/\/www.csepelivaroskep.hu\/galeria\/wp-json\/wp\/v2\/comments?post=95"}],"version-history":[{"count":1,"href":"https:\/\/www.csepelivaroskep.hu\/galeria\/wp-json\/wp\/v2\/tribe_events\/95\/revisions"}],"predecessor-version":[{"id":97,"href":"https:\/\/www.csepelivaroskep.hu\/galeria\/wp-json\/wp\/v2\/tribe_events\/95\/revisions\/97"}],"wp:featuredmedia":[{"embeddable":true,"href":"https:\/\/www.csepelivaroskep.hu\/galeria\/wp-json\/wp\/v2\/media\/96"}],"wp:attachment":[{"href":"https:\/\/www.csepelivaroskep.hu\/galeria\/wp-json\/wp\/v2\/media?parent=95"}],"wp:term":[{"taxonomy":"post_tag","embeddable":true,"href":"https:\/\/www.csepelivaroskep.hu\/galeria\/wp-json\/wp\/v2\/tags?post=95"},{"taxonomy":"tribe_events_cat","embeddable":true,"href":"https:\/\/www.csepelivaroskep.hu\/galeria\/wp-json\/wp\/v2\/tribe_events_cat?post=95"}],"curies":[{"name":"wp","href":"https:\/\/api.w.org\/{rel}","templated":true}]}}

Incze Mózes kiállítása

<p>A Csepeli Városkép Kft. (Csepel Galéria) tisztelettel meghívja Önt és hozzátartozóit.</p>
<p><strong>Incze Mózes festőművész kiállításának megnyitójára:</strong></p>
<p>2015. október 29-én,  17 órakor</p>
<p><strong>A kiállítást megnyitja: </strong><br />
P. Szabó Ernő művészettörténész,<br />
az Új Művészet c. folyóirat vezető szerkesztője</p>
<p><strong>A kiállítás helye: </strong><br />
Csepel Galéria (cím: 1215 Budapest, Csete Balázs u. 15., tel.: 278-0711)</p>
<p><strong>A kiállítás megtekinthető:</strong><br />
<strong>november 20-ig</strong></p>
<p><strong>Hétfőtől csütörtökig: 9-16 óráig,</strong> pénteken előzetes bejelentkezéssel.</p>

<p>Festőművész kiállítás</p>
