{"id":98,"date":"2018-06-05T11:22:32","date_gmt":"2018-06-05T11:22:32","guid":{"rendered":"http:\/\/www.csepelivaroskep.hu\/galeria\/?post_type=tribe_events&#038;p=98"},"modified":"2018-06-05T11:22:32","modified_gmt":"2018-06-05T11:22:32","slug":"posa-karoly-festomuvesz","status":"publish","type":"tribe_events","link":"https:\/\/www.csepelivaroskep.hu\/galeria\/programok\/posa-karoly-festomuvesz\/","title":{"rendered":"P\u00f3sa K\u00e1roly fest\u0151m\u0171v\u00e9sz"},"content":{"rendered":"<p>A Csepeli V\u00e1rosk\u00e9p Kft. (Csepel Gal\u00e9ria) tisztelettel megh\u00edvja \u00d6nt<br \/>\n<strong>P\u00f3sa K\u00e1roly<\/strong><br \/>\nfest\u0151m\u0171v\u00e9sz (D\u00e9lvid\u00e9k, Magyarkanizsa)<br \/>\n<strong>ki\u00e1ll\u00edt\u00e1s\u00e1nak megnyit\u00f3j\u00e1ra.<\/strong><\/p>\n<p><strong>2016. janu\u00e1r 28-\u00e1n, 17 \u00f3r\u00e1ra<\/strong><\/p>\n<p>A ki\u00e1ll\u00edt\u00e1s v\u00e9dn\u00f6ke:<br \/>\n<strong>Borb\u00e9ly L\u00e9n\u00e1rd<\/strong>, Csepel polg\u00e1rmestere<br \/>\nA ki\u00e1ll\u00edt\u00e1st megnyitja:<br \/>\n<strong>Szentesi Z\u00f6ldi L\u00e1szl\u00f3<\/strong>\u00a0\u00fajs\u00e1g\u00edr\u00f3<br \/>\nK\u00f6zrem\u0171k\u00f6dik:<br \/>\n<strong>Martina M\u00fclhauser<\/strong>\u00a0git\u00e1rm\u0171v\u00e9sz-\u00e9nekes<br \/>\nA ki\u00e1ll\u00edt\u00e1s megtekinthet\u0151 2016. febru\u00e1r 19-ig,<br \/>\nh\u00e9tf\u0151t\u0151l cs\u00fct\u00f6rt\u00f6kig 8-16 \u00f3ra k\u00f6z\u00f6tt,p\u00e9nteken el\u0151zetes bejelentkez\u00e9ssel<br \/>\n1215 Budapest, Csete Bal\u00e1zs u. 15., telefon: 278-0711<\/p>\n","protected":false},"excerpt":{"rendered":"<p>Fest\u0151m\u0171v\u00e9sz ki\u00e1ll\u00edt\u00e1smegnyit\u00f3<\/p>\n","protected":false},"author":1,"featured_media":99,"comment_status":"closed","ping_status":"closed","template":"","meta":[],"tags":[4,5,7,6],"tribe_events_cat":[8],"acf":[],"_links":{"self":[{"href":"https:\/\/www.csepelivaroskep.hu\/galeria\/wp-json\/wp\/v2\/tribe_events\/98"}],"collection":[{"href":"https:\/\/www.csepelivaroskep.hu\/galeria\/wp-json\/wp\/v2\/tribe_events"}],"about":[{"href":"https:\/\/www.csepelivaroskep.hu\/galeria\/wp-json\/wp\/v2\/types\/tribe_events"}],"author":[{"embeddable":true,"href":"https:\/\/www.csepelivaroskep.hu\/galeria\/wp-json\/wp\/v2\/users\/1"}],"replies":[{"embeddable":true,"href":"https:\/\/www.csepelivaroskep.hu\/galeria\/wp-json\/wp\/v2\/comments?post=98"}],"version-history":[{"count":1,"href":"https:\/\/www.csepelivaroskep.hu\/galeria\/wp-json\/wp\/v2\/tribe_events\/98\/revisions"}],"predecessor-version":[{"id":100,"href":"https:\/\/www.csepelivaroskep.hu\/galeria\/wp-json\/wp\/v2\/tribe_events\/98\/revisions\/100"}],"wp:featuredmedia":[{"embeddable":true,"href":"https:\/\/www.csepelivaroskep.hu\/galeria\/wp-json\/wp\/v2\/media\/99"}],"wp:attachment":[{"href":"https:\/\/www.csepelivaroskep.hu\/galeria\/wp-json\/wp\/v2\/media?parent=98"}],"wp:term":[{"taxonomy":"post_tag","embeddable":true,"href":"https:\/\/www.csepelivaroskep.hu\/galeria\/wp-json\/wp\/v2\/tags?post=98"},{"taxonomy":"tribe_events_cat","embeddable":true,"href":"https:\/\/www.csepelivaroskep.hu\/galeria\/wp-json\/wp\/v2\/tribe_events_cat?post=98"}],"curies":[{"name":"wp","href":"https:\/\/api.w.org\/{rel}","templated":true}]}}

Pósa Károly festőművész

<p>A Csepeli Városkép Kft. (Csepel Galéria) tisztelettel meghívja Önt<br />
<strong>Pósa Károly</strong><br />
festőművész (Délvidék, Magyarkanizsa)<br />
<strong>kiállításának megnyitójára.</strong></p>
<p><strong>2016. január 28-án, 17 órára</strong></p>
<p>A kiállítás védnöke:<br />
<strong>Borbély Lénárd</strong>, Csepel polgármestere<br />
A kiállítást megnyitja:<br />
<strong>Szentesi Zöldi László</strong> újságíró<br />
Közreműködik:<br />
<strong>Martina Mülhauser</strong> gitárművész-énekes<br />
A kiállítás megtekinthető 2016. február 19-ig,<br />
hétfőtől csütörtökig 8-16 óra között,pénteken előzetes bejelentkezéssel<br />
1215 Budapest, Csete Balázs u. 15., telefon: 278-0711</p>

<p>Festőművész kiállításmegnyitó</p>
