{"id":27,"date":"2018-10-07T00:00:56","date_gmt":"2018-10-07T00:00:56","guid":{"rendered":"http:\/\/www.csepelivaroskep.hu\/hirmondo\/?page_id=27"},"modified":"2018-10-11T09:13:06","modified_gmt":"2018-10-11T09:13:06","slug":"sport-es-szabadido","status":"publish","type":"page","link":"https:\/\/www.csepelivaroskep.hu\/hirmondo\/szabadido\/sport-es-szabadido\/","title":{"rendered":"Sport \u00e9s szabadid\u0151"},"content":{"rendered":"<p>Sikeresen szerepeltek a kontinensbajnoks\u00e1gon a csepeli b\u00fav\u00e1rok<\/p>\n<p>Nagyszer\u0171 eredm\u00e9nnyel z\u00e1rta a Csepel Barakuda B\u00fav\u00e1r SE az augusztus 25. \u00e9s szeptember 2. k\u00f6z\u00f6tt Gy\u00e9k\u00e9nyesen megrendezett Feln\u0151tt \u00e9s Junior T\u00e1j\u00e9koz\u00f3d\u00e1si B\u00fav\u00e1r\u00fasz\u00f3 Eur\u00f3pa- bajnoks\u00e1got. A csepeli sportklubot W\u00e1gner Zs\u00f3fia, Sz\u00e1sz Tam\u00e1s, V\u00e1rszegi Vendel, M\u00e1jer Zs\u00f3fia \u00e9s Hofmeister Al\u00edz k\u00e9pviselte az egyhetes kontinensviadalon. \u00a0A versenyen 12 orsz\u00e1g junior \u00e9s feln\u0151tt versenyz\u0151i \u00e1lltak rajthoz. A magyar csapat egyik legeredm\u00e9nyesebb sportol\u00f3ja Sz\u00e1sz Tam\u00e1s lett, aki junior koroszt\u00e1lyban h\u00e1romszor l\u00e9phetett a dobog\u00f3 legfels\u0151 fok\u00e1ra. Csillag, 5 b\u00f3ja \u00e9s szlalom sz\u00e1mban Eur\u00f3pa-bajnok lett,\u00a0 a paralel versenyben pedig ez\u00fcst\u00e9rmet szerzett. Ez ut\u00f3bbi sz\u00e1mban V\u00e1rszegi Vendel harmadik helyezett lett, szlalomban pedig egy ez\u00fcst\u00e9remmel gazdagodott. A v\u00e1logatott csoportos versenysz\u00e1mokban is sikeresen szerepelt. M\u00edg a W\u00e1gner Zs\u00f3fia \u00e9s Hath\u00e1zi Katalin p\u00e1ros Eur\u00f3pa-bajnok lett monk gyakorlatban, addig a n\u0151i csapat (W\u00e1gner Zs\u00f3fia, Hath\u00e1zi Katalin, Hoffmeister Al\u00edz, Berekm\u00e9ri D\u00f3ra) csoportos tev\u00e9kenys\u00e9g versenysz\u00e1mban t\u00e9rhetett haza bronz\u00e9remmel. \u00a0A dobog\u00f3s eredm\u00e9nyek mellett sz\u00e1mos pontszerz\u0151 hely is sz\u00fcletett. A versenyszezon az Eb-vel lez\u00e1rult, de j\u00f6v\u0151re \u00fajabb megm\u00e9rettet\u00e9sek v\u00e1rnak a csapatra. 2019. j\u00fanius\u00e1ban ism\u00e9t megrendezik a Csepel Kup\u00e1t, majd Als\u00f3n\u00e9medin a Vil\u00e1gkupa futamot, de nem maradhat el a Gy\u00e9k\u00e9nyesen szervezett orsz\u00e1gos bajnoks\u00e1g sem. A ny\u00e1r v\u00e9g\u00e9n pedig egy \u00fajabb Eur\u00f3pa-bajnoks\u00e1gon bizony\u00edthatnak a csepeli versenyz\u0151k.<\/p>\n<p><img loading=\"lazy\" class=\"alignnone size-medium wp-image-785\" src=\"http:\/\/www.csepelivaroskep.hu\/hirmondo\/wp-content\/uploads\/sites\/7\/2018\/10\/40322355_267578194065879_1464116190421975040_n-225x300.jpg\" alt=\"\" width=\"225\" height=\"300\" srcset=\"https:\/\/www.csepelivaroskep.hu\/hirmondo\/wp-content\/uploads\/sites\/7\/2018\/10\/40322355_267578194065879_1464116190421975040_n-225x300.jpg 225w, https:\/\/www.csepelivaroskep.hu\/hirmondo\/wp-content\/uploads\/sites\/7\/2018\/10\/40322355_267578194065879_1464116190421975040_n.jpg 768w\" sizes=\"(max-width: 225px) 100vw, 225px\" \/><\/p>\n","protected":false},"excerpt":{"rendered":"<p>Sikeresen szerepeltek a kontinensbajnoks\u00e1gon a csepeli b\u00fav\u00e1rok Nagyszer\u0171 eredm\u00e9nnyel z\u00e1rta a Csepel Barakuda B\u00fav\u00e1r SE az augusztus 25. \u00e9s szeptember 2. k\u00f6z\u00f6tt Gy\u00e9k\u00e9nyesen megrendezett Feln\u0151tt \u00e9s Junior T\u00e1j\u00e9koz\u00f3d\u00e1si B\u00fav\u00e1r\u00fasz\u00f3 Eur\u00f3pa- bajnoks\u00e1got. A csepeli sportklubot W\u00e1gner Zs\u00f3fia, Sz\u00e1sz Tam\u00e1s, V\u00e1rszegi Vendel, M\u00e1jer Zs\u00f3fia \u00e9s Hofmeister Al\u00edz k\u00e9pviselte az egyhetes kontinensviadalon. \u00a0A versenyen 12 orsz\u00e1g junior \u00e9s [&hellip;]<\/p>\n","protected":false},"author":1,"featured_media":551,"parent":21,"menu_order":7,"comment_status":"closed","ping_status":"closed","template":"page-cikkek.php","meta":[],"acf":[],"_links":{"self":[{"href":"https:\/\/www.csepelivaroskep.hu\/hirmondo\/wp-json\/wp\/v2\/pages\/27"}],"collection":[{"href":"https:\/\/www.csepelivaroskep.hu\/hirmondo\/wp-json\/wp\/v2\/pages"}],"about":[{"href":"https:\/\/www.csepelivaroskep.hu\/hirmondo\/wp-json\/wp\/v2\/types\/page"}],"author":[{"embeddable":true,"href":"https:\/\/www.csepelivaroskep.hu\/hirmondo\/wp-json\/wp\/v2\/users\/1"}],"replies":[{"embeddable":true,"href":"https:\/\/www.csepelivaroskep.hu\/hirmondo\/wp-json\/wp\/v2\/comments?post=27"}],"version-history":[{"count":6,"href":"https:\/\/www.csepelivaroskep.hu\/hirmondo\/wp-json\/wp\/v2\/pages\/27\/revisions"}],"predecessor-version":[{"id":789,"href":"https:\/\/www.csepelivaroskep.hu\/hirmondo\/wp-json\/wp\/v2\/pages\/27\/revisions\/789"}],"up":[{"embeddable":true,"href":"https:\/\/www.csepelivaroskep.hu\/hirmondo\/wp-json\/wp\/v2\/pages\/21"}],"wp:featuredmedia":[{"embeddable":true,"href":"https:\/\/www.csepelivaroskep.hu\/hirmondo\/wp-json\/wp\/v2\/media\/551"}],"wp:attachment":[{"href":"https:\/\/www.csepelivaroskep.hu\/hirmondo\/wp-json\/wp\/v2\/media?parent=27"}],"curies":[{"name":"wp","href":"https:\/\/api.w.org\/{rel}","templated":true}]}}

Sport és szabadidő

<p>Sikeresen szerepeltek a kontinensbajnokságon a csepeli búvárok</p>
<p>Nagyszerű eredménnyel zárta a Csepel Barakuda Búvár SE az augusztus 25. és szeptember 2. között Gyékényesen megrendezett Felnőtt és Junior Tájékozódási Búvárúszó Európa- bajnokságot. A csepeli sportklubot Wágner Zsófia, Szász Tamás, Várszegi Vendel, Májer Zsófia és Hofmeister Alíz képviselte az egyhetes kontinensviadalon.  A versenyen 12 ország junior és felnőtt versenyzői álltak rajthoz. A magyar csapat egyik legeredményesebb sportolója Szász Tamás lett, aki junior korosztályban háromszor léphetett a dobogó legfelső fokára. Csillag, 5 bója és szlalom számban Európa-bajnok lett,  a paralel versenyben pedig ezüstérmet szerzett. Ez utóbbi számban Várszegi Vendel harmadik helyezett lett, szlalomban pedig egy ezüstéremmel gazdagodott. A válogatott csoportos versenyszámokban is sikeresen szerepelt. Míg a Wágner Zsófia és Hatházi Katalin páros Európa-bajnok lett monk gyakorlatban, addig a női csapat (Wágner Zsófia, Hatházi Katalin, Hoffmeister Alíz, Berekméri Dóra) csoportos tevékenység versenyszámban térhetett haza bronzéremmel.  A dobogós eredmények mellett számos pontszerző hely is született. A versenyszezon az Eb-vel lezárult, de jövőre újabb megmérettetések várnak a csapatra. 2019. júniusában ismét megrendezik a Csepel Kupát, majd Alsónémedin a Világkupa futamot, de nem maradhat el a Gyékényesen szervezett országos bajnokság sem. A nyár végén pedig egy újabb Európa-bajnokságon bizonyíthatnak a csepeli versenyzők.</p>
<p><img loading="lazy" class="alignnone size-medium wp-image-785" src="http://www.csepelivaroskep.hu/hirmondo/wp-content/uploads/sites/7/2018/10/40322355_267578194065879_1464116190421975040_n-225x300.jpg" alt="" width="225" height="300" srcset="https://www.csepelivaroskep.hu/hirmondo/wp-content/uploads/sites/7/2018/10/40322355_267578194065879_1464116190421975040_n-225x300.jpg 225w, https://www.csepelivaroskep.hu/hirmondo/wp-content/uploads/sites/7/2018/10/40322355_267578194065879_1464116190421975040_n.jpg 768w" sizes="(max-width: 225px) 100vw, 225px" /></p>

<p>Sikeresen szerepeltek a kontinensbajnokságon a csepeli búvárok Nagyszerű eredménnyel zárta a Csepel Barakuda Búvár SE az augusztus 25. és szeptember 2. között Gyékényesen megrendezett Felnőtt és Junior Tájékozódási Búvárúszó Európa- bajnokságot. A csepeli sportklubot Wágner Zsófia, Szász Tamás, Várszegi Vendel, Májer Zsófia és Hofmeister Alíz képviselte az egyhetes kontinensviadalon.  A versenyen 12 ország junior és [&hellip;]</p>
