{"id":10,"date":"2018-02-11T14:02:11","date_gmt":"2018-02-11T14:02:11","guid":{"rendered":"http:\/\/www.csepelivaroskep.hu\/kiralyerdo\/informacio\/"},"modified":"2023-10-18T17:53:14","modified_gmt":"2023-10-18T17:53:14","slug":"informacio","status":"publish","type":"page","link":"https:\/\/www.csepelivaroskep.hu\/kiralyerdei\/informacio\/","title":{"rendered":"R\u00f3lunk"},"content":{"rendered":"\t\t<div data-elementor-type=\"wp-post\" data-elementor-id=\"10\" class=\"elementor elementor-10\">\n\t\t\t\t\t\t<div class=\"elementor-inner\">\n\t\t\t\t<div class=\"elementor-section-wrap\">\n\t\t\t\t\t\t\t\t\t<section class=\"elementor-section elementor-top-section elementor-element elementor-element-3a08395d elementor-section-boxed elementor-section-height-default elementor-section-height-default\" data-id=\"3a08395d\" data-element_type=\"section\">\n\t\t\t\t\t\t<div class=\"elementor-container elementor-column-gap-default\">\n\t\t\t\t\t\t\t<div class=\"elementor-row\">\n\t\t\t\t\t<div class=\"elementor-column elementor-col-100 elementor-top-column elementor-element elementor-element-29fc6378\" data-id=\"29fc6378\" data-element_type=\"column\">\n\t\t\t<div class=\"elementor-column-wrap elementor-element-populated\">\n\t\t\t\t\t\t\t<div class=\"elementor-widget-wrap\">\n\t\t\t\t\t\t<div class=\"elementor-element elementor-element-3f652482 elementor-widget elementor-widget-text-editor\" data-id=\"3f652482\" data-element_type=\"widget\" data-widget_type=\"text-editor.default\">\n\t\t\t\t<div class=\"elementor-widget-container\">\n\t\t\t\t\t\t\t\t<div class=\"elementor-text-editor elementor-clearfix\">\n\t\t\t\t<p><strong>A Kir\u00e1lyerdei M\u0171vel\u0151d\u00e9si H\u00e1z t\u00f6rt\u00e9nete di\u00f3h\u00e9jban<\/strong><\/p>\n<p>Az int\u00e9zm\u00e9ny <strong>1975. m\u00e1jus 1-\u00e9n<\/strong> nyitotta meg kapuit a l\u00e1togat\u00f3k el\u0151tt Rideg S\u00e1ndor M\u0171vel\u0151d\u00e9si \u00e9s Ifj\u00fas\u00e1gi H\u00e1z n\u00e9ven. Az \u00e9p\u00fclet \u2013 a szorgos t\u00e1rsadalmi munk\u00e1nak k\u00f6sz\u00f6nhet\u0151en \u2013 egy \u00e9v alatt elk\u00e9sz\u00fclt, tervez\u0151je Csizmadia N\u00e1ndorn\u00e9, \u00e9p\u00edt\u00e9svezet\u0151je Tuska Andr\u00e1s volt.<\/p>\n<p>A nyit\u00e1ssal j\u00e1r\u00f3, kezdeti neh\u00e9zs\u00e9gek ut\u00e1n B\u00e1lint Lehel, a ker\u00fclet m\u0171vel\u0151d\u00e9si l\u00e9tes\u00edtm\u00e9nyeinek akkori igazgat\u00f3ja \u00e9s munkat\u00e1rsai hamarosan sz\u00ednes programokkal v\u00e1rt\u00e1k a l\u00e1togat\u00f3kat: rendszeresek voltak a ki\u00e1ll\u00edt\u00e1sok, el\u0151ad\u00f3i estek \u00e9s nagyobb rendezv\u00e9nyek. Kezdetek \u00f3ta m\u0171k\u00f6dik az \u00e9p\u00fcletben a F\u0151v\u00e1rosi Szab\u00f3 Ervin K\u00f6nyvt\u00e1r fi\u00f3kk\u00f6nyvt\u00e1ra, a nyugd\u00edjas klub, valamint a perzsasz\u0151nyegsz\u00f6v\u0151- \u00e9s a k\u00e9zimunkaszakk\u00f6r is. A Nyitott h\u00e1z elnevez\u00e9s\u0171 k\u00eds\u00e9rletsorozat f\u0151v\u00e1rosi helysz\u00ednek\u00e9nt sokan itt ismerkedhettek meg \u2013 munkaasztall\u00e1 nyithat\u00f3 kont\u00e9nerek \u00e9s anim\u00e1torok seg\u00edts\u00e9g\u00e9vel \u2013 t\u00f6bb szakm\u00e1val, de volt j\u00e1t\u00e9k \u00e9s zenei szekci\u00f3 is. A fiatalok k\u00f6r\u00e9ben \u00f3ri\u00e1si sikert aratott a Kir\u00e1lyerdei Rock Disco Klub. A sz\u00ednh\u00e1zterem egyben mozi is volt (a F\u00d6MO \u00fczemeltet\u00e9s\u00e9ben), az 1990-es \u00e9vekt\u0151l azonban m\u00e1r nem mutatkozott ig\u00e9ny a vet\u00edt\u00e9sekre.<\/p>\n<p><strong>1993-ban<\/strong> az int\u00e9zm\u00e9ny nev\u00e9t Kir\u00e1lyerdei M\u0171vel\u0151d\u00e9si H\u00e1zra v\u00e1ltoztatt\u00e1k, \u00edgy a k\u00f6rny\u00e9kbeliek m\u00e9g ink\u00e1bb maguk\u00e9nak \u00e9rezt\u00e9k. A h\u00e1z f\u0151 c\u00e9lja els\u0151sorban a kir\u00e1lyerdei lakosok sz\u00f3rakoz\u00e1si \u00e9s m\u0171vel\u0151d\u00e9si ig\u00e9nyeinek szolg\u00e1lata volt, ugyanakkor a sz\u00ednvonalas programok Csepel minden r\u00e9sz\u00e9b\u0151l, s\u0151t m\u00e1s ker\u00fcletekb\u0151l is vonzott\u00e1k a l\u00e1togat\u00f3kat.<\/p>\n<p><strong>1993 \u00e9s 2007 k\u00f6z\u00f6tt<\/strong> az int\u00e9zm\u00e9ny m\u00e1sodik f\u00e9nykor\u00e1t \u00e9lte; ebben az id\u0151szakban Bosny\u00e1k P\u00e9ter vezette a m\u0171vel\u0151d\u00e9si h\u00e1zat. Egym\u00e1st k\u00f6vett\u00e9k a telt h\u00e1zas el\u0151ad\u00e1sok, m\u0171sorok, b\u00e1lok, nagy rendezv\u00e9nyek, ki\u00e1ll\u00edt\u00e1sok. Az \u00f3vod\u00e1s \u00e9s iskol\u00e1s gyerekek nemcsak \u00e9v k\u00f6zben, hanem a ny\u00e1ri sz\u00fcnetek idej\u00e9n is visszat\u00e9r\u0151 l\u00e1togat\u00f3k voltak: a Sz\u00fcnid\u00f6d\u0151 programsorozathoz csatlakozva nyaranta t\u00f6bb sz\u00e1zan vettek r\u00e9szt a tartalmas programokon. A havi rendszeress\u00e9ggel szervezett csal\u00e1di matin\u00e9k (meseel\u0151ad\u00e1sok, koncertek) az\u00f3ta hagyom\u00e1nny\u00e1 v\u00e1ltak.<\/p>\n<p><strong>2005-ben<\/strong> itt kapott helyet a Csepeli Helyt\u00f6rt\u00e9neti Gy\u0171jtem\u00e9ny, amely 2014-t\u0151l teljesen meg\u00fajult form\u00e1ban v\u00e1rja a l\u00e1togat\u00f3kat, di\u00e1kcsoportokat.<\/p>\n<p><strong>2012 \u00f3ta<\/strong> a Csepeli V\u00e1rosk\u00e9p Kft. keretein bel\u00fcl m\u0171k\u00f6dik az int\u00e9zm\u00e9ny. Programjai a r\u00e9gi \u00e9rt\u00e9keket megtartva, ugyanakkor a v\u00e1ltoz\u00f3 k\u00f6zm\u0171vel\u0151d\u00e9si ig\u00e9nyekhez alkalmazkodva ker\u00fclnek \u00f6ssze\u00e1ll\u00edt\u00e1sra. Jelenleg is v\u00e1ltozatos m\u0171sorok, tematikus nagy rendezv\u00e9nyek, t\u00f6bb mint harmincf\u00e9le mozg\u00e1sos \u00e9s relax\u00e1ci\u00f3s tanfolyam, k\u00fcl\u00f6nf\u00e9le szakk\u00f6r\u00f6k v\u00e1rj\u00e1k az \u00e9rdekl\u0151d\u0151ket.<\/p>\n<p>Az elm\u00falt t\u00f6bb mint 40 \u00e9v hagyom\u00e1nyait k\u00f6vetve tov\u00e1bbra is a k\u00f6z\u00f6ss\u00e9gteremt\u00e9st, az \u00e9rt\u00e9kek \u00e1pol\u00e1s\u00e1t, kult\u00far\u00e1nk \u00e1t\u00f6r\u00f6k\u00edt\u00e9s\u00e9t \u00e9s hiteles k\u00f6zvet\u00edt\u00e9s\u00e9t tartjuk legfontosabb feladatunknak.<\/p>\n<p>Szeretettel v\u00e1rjuk kedves l\u00e1togat\u00f3inkat!<\/p>\t\t\t\t\t<\/div>\n\t\t\t\t\t\t<\/div>\n\t\t\t\t<\/div>\n\t\t\t\t\t\t<\/div>\n\t\t\t\t\t<\/div>\n\t\t<\/div>\n\t\t\t\t\t\t\t\t<\/div>\n\t\t\t\t\t<\/div>\n\t\t<\/section>\n\t\t\t\t\t\t\t\t\t<\/div>\n\t\t\t<\/div>\n\t\t\t\t\t<\/div>\n\t\t","protected":false},"excerpt":{"rendered":"<p>A Kir\u00e1lyerdei M\u0171vel\u0151d\u00e9si H\u00e1z t\u00f6rt\u00e9nete di\u00f3h\u00e9jban Az int\u00e9zm\u00e9ny 1975. m\u00e1jus 1-\u00e9n nyitotta meg kapuit a l\u00e1togat\u00f3k el\u0151tt Rideg S\u00e1ndor M\u0171vel\u0151d\u00e9si \u00e9s Ifj\u00fas\u00e1gi H\u00e1z n\u00e9ven. Az \u00e9p\u00fclet \u2013 a szorgos t\u00e1rsadalmi munk\u00e1nak k\u00f6sz\u00f6nhet\u0151en \u2013 egy \u00e9v alatt elk\u00e9sz\u00fclt, tervez\u0151je Csizmadia N\u00e1ndorn\u00e9, \u00e9p\u00edt\u00e9svezet\u0151je Tuska Andr\u00e1s volt. A nyit\u00e1ssal j\u00e1r\u00f3, kezdeti neh\u00e9zs\u00e9gek ut\u00e1n B\u00e1lint Lehel, a ker\u00fclet m\u0171vel\u0151d\u00e9si [&hellip;]<\/p>\n","protected":false},"author":1,"featured_media":184,"parent":0,"menu_order":0,"comment_status":"closed","ping_status":"closed","template":"","meta":[],"acf":[],"_links":{"self":[{"href":"https:\/\/www.csepelivaroskep.hu\/kiralyerdei\/wp-json\/wp\/v2\/pages\/10"}],"collection":[{"href":"https:\/\/www.csepelivaroskep.hu\/kiralyerdei\/wp-json\/wp\/v2\/pages"}],"about":[{"href":"https:\/\/www.csepelivaroskep.hu\/kiralyerdei\/wp-json\/wp\/v2\/types\/page"}],"author":[{"embeddable":true,"href":"https:\/\/www.csepelivaroskep.hu\/kiralyerdei\/wp-json\/wp\/v2\/users\/1"}],"replies":[{"embeddable":true,"href":"https:\/\/www.csepelivaroskep.hu\/kiralyerdei\/wp-json\/wp\/v2\/comments?post=10"}],"version-history":[{"count":10,"href":"https:\/\/www.csepelivaroskep.hu\/kiralyerdei\/wp-json\/wp\/v2\/pages\/10\/revisions"}],"predecessor-version":[{"id":2540,"href":"https:\/\/www.csepelivaroskep.hu\/kiralyerdei\/wp-json\/wp\/v2\/pages\/10\/revisions\/2540"}],"wp:featuredmedia":[{"embeddable":true,"href":"https:\/\/www.csepelivaroskep.hu\/kiralyerdei\/wp-json\/wp\/v2\/media\/184"}],"wp:attachment":[{"href":"https:\/\/www.csepelivaroskep.hu\/kiralyerdei\/wp-json\/wp\/v2\/media?parent=10"}],"curies":[{"name":"wp","href":"https:\/\/api.w.org\/{rel}","templated":true}]}}

Rólunk

<div data-elementor-type="wp-post" data-elementor-id="10" class="elementor elementor-10">
						<div class="elementor-inner">
				<div class="elementor-section-wrap">
									<section class="elementor-section elementor-top-section elementor-element elementor-element-3a08395d elementor-section-boxed elementor-section-height-default elementor-section-height-default" data-id="3a08395d" data-element_type="section">
						<div class="elementor-container elementor-column-gap-default">
							<div class="elementor-row">
					<div class="elementor-column elementor-col-100 elementor-top-column elementor-element elementor-element-29fc6378" data-id="29fc6378" data-element_type="column">
			<div class="elementor-column-wrap elementor-element-populated">
							<div class="elementor-widget-wrap">
						<div class="elementor-element elementor-element-3f652482 elementor-widget elementor-widget-text-editor" data-id="3f652482" data-element_type="widget" data-widget_type="text-editor.default">
				<div class="elementor-widget-container">
								<div class="elementor-text-editor elementor-clearfix">
				<p><strong>A Királyerdei Művelődési Ház története dióhéjban</strong></p>
<p>Az intézmény <strong>1975. május 1-én</strong> nyitotta meg kapuit a látogatók előtt Rideg Sándor Művelődési és Ifjúsági Ház néven. Az épület – a szorgos társadalmi munkának köszönhetően – egy év alatt elkészült, tervezője Csizmadia Nándorné, építésvezetője Tuska András volt.</p>
<p>A nyitással járó, kezdeti nehézségek után Bálint Lehel, a kerület művelődési létesítményeinek akkori igazgatója és munkatársai hamarosan színes programokkal várták a látogatókat: rendszeresek voltak a kiállítások, előadói estek és nagyobb rendezvények. Kezdetek óta működik az épületben a Fővárosi Szabó Ervin Könyvtár fiókkönyvtára, a nyugdíjas klub, valamint a perzsaszőnyegszövő- és a kézimunkaszakkör is. A Nyitott ház elnevezésű kísérletsorozat fővárosi helyszíneként sokan itt ismerkedhettek meg – munkaasztallá nyitható konténerek és animátorok segítségével – több szakmával, de volt játék és zenei szekció is. A fiatalok körében óriási sikert aratott a Királyerdei Rock Disco Klub. A színházterem egyben mozi is volt (a FÖMO üzemeltetésében), az 1990-es évektől azonban már nem mutatkozott igény a vetítésekre.</p>
<p><strong>1993-ban</strong> az intézmény nevét Királyerdei Művelődési Házra változtatták, így a környékbeliek még inkább magukénak érezték. A ház fő célja elsősorban a királyerdei lakosok szórakozási és művelődési igényeinek szolgálata volt, ugyanakkor a színvonalas programok Csepel minden részéből, sőt más kerületekből is vonzották a látogatókat.</p>
<p><strong>1993 és 2007 között</strong> az intézmény második fénykorát élte; ebben az időszakban Bosnyák Péter vezette a művelődési házat. Egymást követték a telt házas előadások, műsorok, bálok, nagy rendezvények, kiállítások. Az óvodás és iskolás gyerekek nemcsak év közben, hanem a nyári szünetek idején is visszatérő látogatók voltak: a Szünidödő programsorozathoz csatlakozva nyaranta több százan vettek részt a tartalmas programokon. A havi rendszerességgel szervezett családi matinék (meseelőadások, koncertek) azóta hagyománnyá váltak.</p>
<p><strong>2005-ben</strong> itt kapott helyet a Csepeli Helytörténeti Gyűjtemény, amely 2014-től teljesen megújult formában várja a látogatókat, diákcsoportokat.</p>
<p><strong>2012 óta</strong> a Csepeli Városkép Kft. keretein belül működik az intézmény. Programjai a régi értékeket megtartva, ugyanakkor a változó közművelődési igényekhez alkalmazkodva kerülnek összeállításra. Jelenleg is változatos műsorok, tematikus nagy rendezvények, több mint harmincféle mozgásos és relaxációs tanfolyam, különféle szakkörök várják az érdeklődőket.</p>
<p>Az elmúlt több mint 40 év hagyományait követve továbbra is a közösségteremtést, az értékek ápolását, kultúránk átörökítését és hiteles közvetítését tartjuk legfontosabb feladatunknak.</p>
<p>Szeretettel várjuk kedves látogatóinkat!</p>					</div>
						</div>
				</div>
						</div>
					</div>
		</div>
								</div>
					</div>
		</section>
									</div>
			</div>
					</div>

<p>A Királyerdei Művelődési Ház története dióhéjban Az intézmény 1975. május 1-én nyitotta meg kapuit a látogatók előtt Rideg Sándor Művelődési és Ifjúsági Ház néven. Az épület – a szorgos társadalmi munkának köszönhetően – egy év alatt elkészült, tervezője Csizmadia Nándorné, építésvezetője Tuska András volt. A nyitással járó, kezdeti nehézségek után Bálint Lehel, a kerület művelődési [&hellip;]</p>
