{"id":16,"date":"2018-02-11T14:00:30","date_gmt":"2018-02-11T14:00:30","guid":{"rendered":"http:\/\/www.csepelivaroskep.hu\/kiralyerdo\/kapcsolat\/"},"modified":"2025-01-03T15:47:58","modified_gmt":"2025-01-03T15:47:58","slug":"kapcsolat","status":"publish","type":"page","link":"https:\/\/www.csepelivaroskep.hu\/kiralyerdei\/kapcsolat\/","title":{"rendered":"Kapcsolat"},"content":{"rendered":"\t\t<div data-elementor-type=\"wp-post\" data-elementor-id=\"16\" class=\"elementor elementor-16\">\n\t\t\t\t\t\t<div class=\"elementor-inner\">\n\t\t\t\t<div class=\"elementor-section-wrap\">\n\t\t\t\t\t\t\t\t\t<section class=\"elementor-section elementor-top-section elementor-element elementor-element-4bd6f3a0 elementor-section-boxed elementor-section-height-default elementor-section-height-default\" data-id=\"4bd6f3a0\" data-element_type=\"section\">\n\t\t\t\t\t\t<div class=\"elementor-container elementor-column-gap-default\">\n\t\t\t\t\t\t\t<div class=\"elementor-row\">\n\t\t\t\t\t<div class=\"elementor-column elementor-col-100 elementor-top-column elementor-element elementor-element-73e4ddaf\" data-id=\"73e4ddaf\" data-element_type=\"column\">\n\t\t\t<div class=\"elementor-column-wrap elementor-element-populated\">\n\t\t\t\t\t\t\t<div class=\"elementor-widget-wrap\">\n\t\t\t\t\t\t<section class=\"elementor-section elementor-inner-section elementor-element elementor-element-4688d0ec elementor-section-height-min-height elementor-section-boxed elementor-section-height-default\" data-id=\"4688d0ec\" data-element_type=\"section\">\n\t\t\t\t\t\t<div class=\"elementor-container elementor-column-gap-default\">\n\t\t\t\t\t\t\t<div class=\"elementor-row\">\n\t\t\t\t\t<div class=\"elementor-column elementor-col-33 elementor-inner-column elementor-element elementor-element-2dc50a66\" data-id=\"2dc50a66\" data-element_type=\"column\">\n\t\t\t<div class=\"elementor-column-wrap elementor-element-populated\">\n\t\t\t\t\t\t\t<div class=\"elementor-widget-wrap\">\n\t\t\t\t\t\t<div class=\"elementor-element elementor-element-8e04b88 elementor-widget elementor-widget-heading\" data-id=\"8e04b88\" data-element_type=\"widget\" data-widget_type=\"heading.default\">\n\t\t\t\t<div class=\"elementor-widget-container\">\n\t\t\t<h2 class=\"elementor-heading-title elementor-size-default\">El\u00e9rhet\u0151s\u00e9gek<\/h2>\t\t<\/div>\n\t\t\t\t<\/div>\n\t\t\t\t<div class=\"elementor-element elementor-element-336f7d96 elementor-widget elementor-widget-text-editor\" data-id=\"336f7d96\" data-element_type=\"widget\" data-widget_type=\"text-editor.default\">\n\t\t\t\t<div class=\"elementor-widget-container\">\n\t\t\t\t\t\t\t\t<div class=\"elementor-text-editor elementor-clearfix\">\n\t\t\t\t<p>Kir\u00e1lyerdei M\u0171vel\u0151d\u00e9si H\u00e1z<br \/>1213 Budapest,<br \/>Szent Istv\u00e1n \u00fat 230.<\/p><p>Tel: <a href=\"tel:+3612780711\">+36 1 278-2747<\/a>\u00a0<\/p><p>Email: <a href=\"mailto:kiralyerdeimuvhaz@csepelivaroskep.hu\">kiralyerdeimuvhaz@csepelivaroskep.hu<\/a><\/p>\t\t\t\t\t<\/div>\n\t\t\t\t\t\t<\/div>\n\t\t\t\t<\/div>\n\t\t\t\t<div class=\"elementor-element elementor-element-f717be2 elementor-widget elementor-widget-wp-widget-fbw_id\" data-id=\"f717be2\" data-element_type=\"widget\" data-widget_type=\"wp-widget-fbw_id.default\">\n\t\t\t\t<div class=\"elementor-widget-container\">\n\t\t\t<h5>K\u00f6vessen minket Facebookon<\/h5>        <div class=\"fb-widget-container\" style=\"position: relative; min-height: 300px;\">\n            <div class=\"fb_loader\" style=\"text-align: center !important;\">\n                <img src=\"https:\/\/www.csepelivaroskep.hu\/kiralyerdei\/wp-content\/plugins\/facebook-pagelike-widget\/assets\/images\/loader.gif\" alt=\"Loading...\" \/>\n            <\/div>\n\n            <div id=\"fb-root\"><\/div>\n            <div class=\"fb-page\"\n                data-href=\"https:\/\/www.facebook.com\/kiralyerdeimuvhaz\/\"\n                data-width=\"300\"\n                data-height=\"300\"\n                data-small-header=\"false\"\n                data-adapt-container-width=\"true\"\n                data-hide-cover=\"false\"\n                data-show-facepile=\"false\"\n                data-tabs=\"timeline\"\n                data-lazy=\"false\"\n                data-xfbml-parse-ignore=\"false\">\n            <\/div>\n        <\/div>\n        \t\t<\/div>\n\t\t\t\t<\/div>\n\t\t\t\t\t\t<\/div>\n\t\t\t\t\t<\/div>\n\t\t<\/div>\n\t\t\t\t<div class=\"elementor-column elementor-col-66 elementor-inner-column elementor-element elementor-element-193bfb70\" data-id=\"193bfb70\" data-element_type=\"column\">\n\t\t\t<div class=\"elementor-column-wrap elementor-element-populated\">\n\t\t\t\t\t\t\t<div class=\"elementor-widget-wrap\">\n\t\t\t\t\t\t<div class=\"elementor-element elementor-element-4f108691 elementor-widget elementor-widget-google_maps\" data-id=\"4f108691\" data-element_type=\"widget\" data-widget_type=\"google_maps.default\">\n\t\t\t\t<div class=\"elementor-widget-container\">\n\t\t\t\t\t<div class=\"elementor-custom-embed\">\n\t\t\t<iframe loading=\"lazy\"\n\t\t\t\t\tsrc=\"https:\/\/maps.google.com\/maps?q=Budapest%2C%20Szent%20Istv%C3%A1n%20%C3%BAt%20230.&#038;t=m&#038;z=15&#038;output=embed&#038;iwloc=near\"\n\t\t\t\t\ttitle=\"Budapest, Szent Istv\u00e1n \u00fat 230.\"\n\t\t\t\t\taria-label=\"Budapest, Szent Istv\u00e1n \u00fat 230.\"\n\t\t\t><\/iframe>\n\t\t<\/div>\n\t\t\t\t<\/div>\n\t\t\t\t<\/div>\n\t\t\t\t<div class=\"elementor-element elementor-element-5992fc5 elementor-button-warning elementor-align-center elementor-widget elementor-widget-button\" data-id=\"5992fc5\" data-element_type=\"widget\" data-widget_type=\"button.default\">\n\t\t\t\t<div class=\"elementor-widget-container\">\n\t\t\t\t\t<div class=\"elementor-button-wrapper\">\n\t\t\t<a href=\"\/hirlevel-feliratkozas\" class=\"elementor-button-link elementor-button elementor-size-lg\" role=\"button\">\n\t\t\t\t\t\t<span class=\"elementor-button-content-wrapper\">\n\t\t\t\t\t\t<span class=\"elementor-button-text\">Feliratkoz\u00e1s a h\u00edrlev\u00e9lre<\/span>\n\t\t<\/span>\n\t\t\t\t\t<\/a>\n\t\t<\/div>\n\t\t\t\t<\/div>\n\t\t\t\t<\/div>\n\t\t\t\t\t\t<\/div>\n\t\t\t\t\t<\/div>\n\t\t<\/div>\n\t\t\t\t\t\t\t\t<\/div>\n\t\t\t\t\t<\/div>\n\t\t<\/section>\n\t\t\t\t\t\t<\/div>\n\t\t\t\t\t<\/div>\n\t\t<\/div>\n\t\t\t\t\t\t\t\t<\/div>\n\t\t\t\t\t<\/div>\n\t\t<\/section>\n\t\t\t\t<section class=\"elementor-section elementor-top-section elementor-element elementor-element-b0b944b elementor-section-boxed elementor-section-height-default elementor-section-height-default\" data-id=\"b0b944b\" data-element_type=\"section\">\n\t\t\t\t\t\t<div class=\"elementor-container elementor-column-gap-default\">\n\t\t\t\t\t\t\t<div class=\"elementor-row\">\n\t\t\t\t\t<div class=\"elementor-column elementor-col-100 elementor-top-column elementor-element elementor-element-8263d2e\" data-id=\"8263d2e\" data-element_type=\"column\">\n\t\t\t<div class=\"elementor-column-wrap elementor-element-populated\">\n\t\t\t\t\t\t\t<div class=\"elementor-widget-wrap\">\n\t\t\t\t\t\t<div class=\"elementor-element elementor-element-19706c6 elementor-widget elementor-widget-heading\" data-id=\"19706c6\" data-element_type=\"widget\" data-widget_type=\"heading.default\">\n\t\t\t\t<div class=\"elementor-widget-container\">\n\t\t\t<h2 class=\"elementor-heading-title elementor-size-small\"><a href=\"https:\/\/csepel.hu\/#\/news\/adatkezelesi-tajekoztato-a-fenykep-es-videofelvetelek-keszitesehez-valamint-kozzetetelehez-kapcsolodo-szemelyes-adatok-kezeleserol\" target=\"_blank\">T\u00e1j\u00e9koztat\u00f3:<br><br>Budapest XXI. Ker\u00fclet Csepel \u00d6nkorm\u00e1nyzata ez\u00faton t\u00e1j\u00e9koztatja az \u00e9rintetteket, hogy a nyilv\u00e1nos rendezv\u00e9nyek, programok, illetve b\u00e1rmely, az int\u00e9zm\u00e9nyben meghirdetett esem\u00e9ny sor\u00e1n f\u00e9nyk\u00e9p \u00e9s videofelv\u00e9telek k\u00e9sz\u00fclhetnek, melyek az \u00d6nkorm\u00e1nyzat \u00e9s szervei \u00fajs\u00e1gj\u00e1ban, honlapj\u00e1n, k\u00f6z\u00f6ss\u00e9gi m\u00e9dia fel\u00fcletein \u00e9s h\u00edrleveleiben k\u00f6zz\u00e9t\u00e9telre ker\u00fclhetnek a ker\u00fcleti lakosok t\u00e1j\u00e9koztat\u00e1sa c\u00e9lj\u00e1b\u00f3l. \nA f\u00e9nyk\u00e9p \u00e9s videofelv\u00e9telek k\u00e9sz\u00edt\u00e9s\u00e9vel \u00e9s k\u00f6zz\u00e9t\u00e9tel\u00e9vel kapcsolatos r\u00e9szletes t\u00e1j\u00e9koztat\u00f3, valamint az adatkezel\u00e9ssel kapcsolatos jogainak r\u00e9szletes le\u00edr\u00e1sa el\u00e9rhet\u0151 a k\u00f6vetkez\u0151 linken:<br><br>\nhttps:\/\/csepel.hu\/#\/news\/adatkezelesi-tajekoztato-a-fenykep-es-videofelvetelek-keszitesehez-valamint-kozzetetelehez-kapcsolodo-szemelyes-adatok-kezeleserol<br>\n<br>illetve az al\u00e1bbi QR k\u00f3d seg\u00edts\u00e9g\u00e9vel<br><br>\n\n<\/a><\/h2>\t\t<\/div>\n\t\t\t\t<\/div>\n\t\t\t\t<div class=\"elementor-element elementor-element-bf7af8b elementor-widget elementor-widget-image\" data-id=\"bf7af8b\" data-element_type=\"widget\" data-widget_type=\"image.default\">\n\t\t\t\t<div class=\"elementor-widget-container\">\n\t\t\t\t\t\t\t\t<div class=\"elementor-image\">\n\t\t\t\t\t\t\t\t\t\t\t\t<img width=\"173\" height=\"169\" src=\"https:\/\/www.csepelivaroskep.hu\/kiralyerdei\/wp-content\/uploads\/sites\/3\/2023\/09\/qr.jpg\" class=\"attachment-large size-large wp-image-2498\" alt=\"\" loading=\"lazy\" \/>\t\t\t\t\t\t\t\t\t\t\t\t\t\t<\/div>\n\t\t\t\t\t\t<\/div>\n\t\t\t\t<\/div>\n\t\t\t\t\t\t<\/div>\n\t\t\t\t\t<\/div>\n\t\t<\/div>\n\t\t\t\t\t\t\t\t<\/div>\n\t\t\t\t\t<\/div>\n\t\t<\/section>\n\t\t\t\t\t\t\t\t\t<\/div>\n\t\t\t<\/div>\n\t\t\t\t\t<\/div>\n\t\t","protected":false},"excerpt":{"rendered":"<p>El\u00e9rhet\u0151s\u00e9gek Kir\u00e1lyerdei M\u0171vel\u0151d\u00e9si H\u00e1z1213 Budapest,Szent Istv\u00e1n \u00fat 230. Tel: +36 1 278-2747\u00a0 Email: kiralyerdeimuvhaz@csepelivaroskep.hu Feliratkoz\u00e1s a h\u00edrlev\u00e9lre T\u00e1j\u00e9koztat\u00f3: Budapest XXI. Ker\u00fclet Csepel \u00d6nkorm\u00e1nyzata ez\u00faton t\u00e1j\u00e9koztatja az \u00e9rintetteket, hogy a nyilv\u00e1nos rendezv\u00e9nyek, programok, illetve b\u00e1rmely, az int\u00e9zm\u00e9nyben meghirdetett esem\u00e9ny sor\u00e1n f\u00e9nyk\u00e9p \u00e9s videofelv\u00e9telek k\u00e9sz\u00fclhetnek, melyek az \u00d6nkorm\u00e1nyzat \u00e9s szervei \u00fajs\u00e1gj\u00e1ban, honlapj\u00e1n, k\u00f6z\u00f6ss\u00e9gi m\u00e9dia fel\u00fcletein \u00e9s h\u00edrleveleiben [&hellip;]<\/p>\n","protected":false},"author":1,"featured_media":44,"parent":0,"menu_order":0,"comment_status":"closed","ping_status":"closed","template":"page-contact.php","meta":[],"acf":[],"_links":{"self":[{"href":"https:\/\/www.csepelivaroskep.hu\/kiralyerdei\/wp-json\/wp\/v2\/pages\/16"}],"collection":[{"href":"https:\/\/www.csepelivaroskep.hu\/kiralyerdei\/wp-json\/wp\/v2\/pages"}],"about":[{"href":"https:\/\/www.csepelivaroskep.hu\/kiralyerdei\/wp-json\/wp\/v2\/types\/page"}],"author":[{"embeddable":true,"href":"https:\/\/www.csepelivaroskep.hu\/kiralyerdei\/wp-json\/wp\/v2\/users\/1"}],"replies":[{"embeddable":true,"href":"https:\/\/www.csepelivaroskep.hu\/kiralyerdei\/wp-json\/wp\/v2\/comments?post=16"}],"version-history":[{"count":105,"href":"https:\/\/www.csepelivaroskep.hu\/kiralyerdei\/wp-json\/wp\/v2\/pages\/16\/revisions"}],"predecessor-version":[{"id":3046,"href":"https:\/\/www.csepelivaroskep.hu\/kiralyerdei\/wp-json\/wp\/v2\/pages\/16\/revisions\/3046"}],"wp:featuredmedia":[{"embeddable":true,"href":"https:\/\/www.csepelivaroskep.hu\/kiralyerdei\/wp-json\/wp\/v2\/media\/44"}],"wp:attachment":[{"href":"https:\/\/www.csepelivaroskep.hu\/kiralyerdei\/wp-json\/wp\/v2\/media?parent=16"}],"curies":[{"name":"wp","href":"https:\/\/api.w.org\/{rel}","templated":true}]}}