{"id":3497,"date":"2026-04-28T12:51:45","date_gmt":"2026-04-28T12:51:45","guid":{"rendered":"http:\/\/www.csepelivaroskep.hu\/kiralyerdei\/?post_type=tribe_events&#038;p=3497"},"modified":"2026-04-28T12:51:45","modified_gmt":"2026-04-28T12:51:45","slug":"1956-os-csepeli-buszkesegpont-es-csepel-1944-kiallitasok-nyitva-2026-06-20-16-00-22-00","status":"publish","type":"tribe_events","link":"https:\/\/www.csepelivaroskep.hu\/kiralyerdei\/programok\/1956-os-csepeli-buszkesegpont-es-csepel-1944-kiallitasok-nyitva-2026-06-20-16-00-22-00\/","title":{"rendered":"1956-os Csepeli B\u00fcszkes\u00e9gpont \u00e9s Csepel 1944 ki\u00e1ll\u00edt\u00e1sok &#8211; nyitva: 2026.06.20. 16.00-22.00"},"content":{"rendered":"<p>Nyitva: <strong>2026.06.20.<\/strong> (szombat) <strong>16.00-22.00<\/strong><\/p>\n<p>Vezet\u00e9sek 17.00 \u00e9s 19.00 \u00f3rakor indulnak, a ki\u00e1ll\u00edt\u00e1sok vezet\u00e9s n\u00e9lk\u00fcl is megtekinthet\u0151ek!<\/p>\n<p>A nyitvatart\u00e1si id\u0151 alatt a M\u00fazeumok \u00c9jszak\u00e1ja karszalagok megv\u00e1s\u00e1rolhat\u00f3ak a helysz\u00ednen!<\/p>\n<p>Tov\u00e1bbi inform\u00e1ci\u00f3: 278-2747; kiralyerdeimuvhaz@csepelivaroskep.hu<\/p>\n","protected":false},"excerpt":{"rendered":"<p>A bel\u00e9p\u00e9s d\u00edjtalan!<\/p>\n","protected":false},"author":4,"featured_media":3496,"comment_status":"closed","ping_status":"closed","template":"","meta":[],"tags":[],"tribe_events_cat":[],"acf":[],"_links":{"self":[{"href":"https:\/\/www.csepelivaroskep.hu\/kiralyerdei\/wp-json\/wp\/v2\/tribe_events\/3497"}],"collection":[{"href":"https:\/\/www.csepelivaroskep.hu\/kiralyerdei\/wp-json\/wp\/v2\/tribe_events"}],"about":[{"href":"https:\/\/www.csepelivaroskep.hu\/kiralyerdei\/wp-json\/wp\/v2\/types\/tribe_events"}],"author":[{"embeddable":true,"href":"https:\/\/www.csepelivaroskep.hu\/kiralyerdei\/wp-json\/wp\/v2\/users\/4"}],"replies":[{"embeddable":true,"href":"https:\/\/www.csepelivaroskep.hu\/kiralyerdei\/wp-json\/wp\/v2\/comments?post=3497"}],"version-history":[{"count":1,"href":"https:\/\/www.csepelivaroskep.hu\/kiralyerdei\/wp-json\/wp\/v2\/tribe_events\/3497\/revisions"}],"predecessor-version":[{"id":3498,"href":"https:\/\/www.csepelivaroskep.hu\/kiralyerdei\/wp-json\/wp\/v2\/tribe_events\/3497\/revisions\/3498"}],"wp:featuredmedia":[{"embeddable":true,"href":"https:\/\/www.csepelivaroskep.hu\/kiralyerdei\/wp-json\/wp\/v2\/media\/3496"}],"wp:attachment":[{"href":"https:\/\/www.csepelivaroskep.hu\/kiralyerdei\/wp-json\/wp\/v2\/media?parent=3497"}],"wp:term":[{"taxonomy":"post_tag","embeddable":true,"href":"https:\/\/www.csepelivaroskep.hu\/kiralyerdei\/wp-json\/wp\/v2\/tags?post=3497"},{"taxonomy":"tribe_events_cat","embeddable":true,"href":"https:\/\/www.csepelivaroskep.hu\/kiralyerdei\/wp-json\/wp\/v2\/tribe_events_cat?post=3497"}],"curies":[{"name":"wp","href":"https:\/\/api.w.org\/{rel}","templated":true}]}}

1956-os Csepeli Büszkeségpont és Csepel 1944 kiállítások &#8211; nyitva: 2026.06.20. 16.00-22.00

<p>Nyitva: <strong>2026.06.20.</strong> (szombat) <strong>16.00-22.00</strong></p>
<p>Vezetések 17.00 és 19.00 órakor indulnak, a kiállítások vezetés nélkül is megtekinthetőek!</p>
<p>A nyitvatartási idő alatt a Múzeumok Éjszakája karszalagok megvásárolhatóak a helyszínen!</p>
<p>További információ: 278-2747; kiralyerdeimuvhaz@csepelivaroskep.hu</p>

<p>A belépés díjtalan!</p>
