{"id":14,"date":"2018-02-14T14:46:46","date_gmt":"2018-02-14T14:46:46","guid":{"rendered":"http:\/\/www.csepelivaroskep.hu\/nyugdijashaz\/?page_id=14"},"modified":"2018-05-28T17:23:16","modified_gmt":"2018-05-28T17:23:16","slug":"informacio","status":"publish","type":"page","link":"https:\/\/www.csepelivaroskep.hu\/nyugdijashaz\/informacio\/","title":{"rendered":"R\u00f3lunk"},"content":{"rendered":"<p>Csepelen a <strong>Kossuth Lajos utca 115<\/strong>.sz.alatt tal\u00e1lhat\u00f3 egy \u00e9p\u00fclet, amely az elm\u00falt \u00e9vtizedek sor\u00e1n sz\u00e1mos tev\u00e9kenys\u00e9gnek adott otthont, \u00e9s m\u00e1ra a csepeli nyugd\u00edjasok szabadidej\u00e9nek kellemes \u00e9s hasznos elt\u00f6lt\u00e9s\u00e9t szolg\u00e1lja, rem\u00e9lj\u00fck v\u00e9gleg.<\/p>\n<p>A h\u00e1zat a F\u0151v\u00e1rosi \u00d6nkorm\u00e1nyzat a nyolcvanas \u00e9vekben \u00e9p\u00edtette a csepeli nyugd\u00edjasok r\u00e9sz\u00e9re, szoci\u00e1lis ell\u00e1t\u00e1s c\u00e9lj\u00e1b\u00f3l, majd a rendszerv\u00e1lt\u00e1ssal az MDF kapta meg haszn\u00e1latra. A p\u00e1rt megsz\u0171n\u00e9s\u00e9vel, az \u00e9p\u00fcletet v\u00e1llalkoz\u00f3knak adt\u00e1k ki gazdas\u00e1gi tev\u00e9kenys\u00e9g folytat\u00e1s\u00e1ra, akik vend\u00e9gl\u00e1t\u00f3 ipari egys\u00e9gk\u00e9nt \u00fczemeltett\u00e9k. A v\u00e1llalkoz\u00f3k nem tal\u00e1lt\u00e1k benne meg a sz\u00e1m\u00edt\u00e1sukat \u00e9s leamortiz\u00e1lva elhagyt\u00e1k az \u00e9p\u00fcletet.<\/p>\n<p>2014-ben Csepeli \u00d6nkorm\u00e1nyzata, N\u00e9meth Szil\u00e1rd Istv\u00e1n orsz\u00e1ggy\u0171l\u00e9si k\u00e9pvisel\u0151, Csepel polg\u00e1rmestere ir\u00e1ny\u00edt\u00e1s\u00e1val \u00faj c\u00e9lok megval\u00f3s\u00edt\u00e1s\u00e1ba kezdett. 76,5 M Ft r\u00e1ford\u00edt\u00e1ssal teljesen fel\u00faj\u00edtott\u00e1k a h\u00e1zat, amely \u00edgy m\u00e1r alkalmass\u00e1 v\u00e1lt egy eur\u00f3pai szint\u0171 k\u00f6z\u00f6ss\u00e9gi c\u00e9lok kiszolg\u00e1l\u00e1s\u00e1ra alkalmas \u00e9p\u00fclett\u00e9.\u00a0 A bels\u0151 \u00e9p\u00edt\u00e9szeti munk\u00e1k <strong>L\u00e1ng Judit tervez\u0151<\/strong> ir\u00e1ny\u00edt\u00e1s\u00e1val \u00e9s tervei alapj\u00e1n k\u00e9sz\u00fcltek. Az \u00e9p\u00fcletet <strong>2014. okt\u00f3ber 1-\u00e9n, az Id\u0151sek Vil\u00e1gnapj\u00e1n adt\u00e1k \u00e1t<\/strong> a csepeli nyugd\u00edjasok r\u00e9sz\u00e9re. N\u00e9meth Szil\u00e1rd Istv\u00e1n a h\u00e1z megnyit\u00f3 \u00fcnneps\u00e9g\u00e9n k\u00f6sz\u00f6nt\u00f6tte a csepeli nyugd\u00edjasokat, rem\u00e9ny\u00e9t fejezte ki, hogy a fel\u00faj\u00edtott nyugd\u00edjas k\u00f6z\u00f6ss\u00e9gi h\u00e1z megfelel\u0151 hely lesz sok fajta program megrendez\u00e9s\u00e9re. Elmondta: b\u00edzik benne, hogy az id\u0151sebb koroszt\u00e1ly itt j\u00f3l fogja mag\u00e1t \u00e9rezni megk\u00f6sz\u00f6nte \u00e1ldozatos munk\u00e1jukat \u00e9s k\u00edv\u00e1nt j\u00f3 eg\u00e9szs\u00e9get \u00e9s sok boldog \u00e9vet.<\/p>\n<p>A Nyugd\u00edjas K\u00f6z\u00f6ss\u00e9gi H\u00e1z programjait <strong>\u00e9vente 20-22 ezren l\u00e1togatj\u00e1k<\/strong>. A programokra jelentkez\u0151knek regisztr\u00e1lniuk kell, mert a h\u00e1z csak meghat\u00e1rozott l\u00e9tsz\u00e1m befogad\u00e1s\u00e1ra alkalmas. A h\u00e1z vezet\u00e9se igyekszik \u00fagy \u00f6ssze\u00e1ll\u00edtani a rendszeres programokat, hogy minden jelentkez\u0151nek lehet\u0151s\u00e9ge legyen r\u00e9szt venni rajta.<\/p>\n<p>A <strong>programok<\/strong> \u00f6ssze\u00e1ll\u00edt\u00e1s\u00e1n\u00e1l igyekeznek minden ig\u00e9nyt kiel\u00e9g\u00edteni. A rendszeres programokban megtal\u00e1lhat\u00f3 az eg\u00e9szs\u00e9gmeg\u0151rz\u0151 programok, k\u00edm\u00e9l\u0151 torna, eg\u00e9szs\u00e9gmeg\u0151rz\u0151 ismeretterjeszt\u0151 el\u0151ad\u00e1sok (gy\u00f3gymassz\u00e1zs, l\u00e1bmassz\u00e1zs, hast\u00e1nc), a szellemi frissess\u00e9g meg\u0151rz\u00e9s\u00e9t szolg\u00e1l\u00f3 programok (angol nyelv tanul\u00e1sa, kv\u00edz j\u00e1t\u00e9kok, sakk, k\u00e1rtyaj\u00e1t\u00e9kok, t\u00e1rsasj\u00e1t\u00e9kok), ismeretterjeszt\u0151 programok (\u00fati besz\u00e1mol\u00f3k), sz\u00f3rakoztat\u00f3 programok (k\u00f6nny\u0171 \u00e9s komolyzenei koncertek, t\u00e1ncos d\u00e9lut\u00e1nok).\u00a0 Jogi tan\u00e1csad\u00e1ssal is seg\u00edtik az arra r\u00e1szorul\u00f3kat.<\/p>\n<p>Sz\u00e1mos b\u00fcszkes\u00e9ggel rendelkezik a h\u00e1z. <strong>K\u00f3rus<\/strong> alakult, melyet a csepeli rendezv\u00e9nyekre is sz\u00edvesen h\u00edvj\u00e1k meg \u00e9nekelni. \u00c9vente megrendezik a <strong>csepeli nyugd\u00edjasok t\u00e1ncverseny\u00e9<\/strong>t.\u00a0 A versenyt a k\u00f6z\u00f6ns\u00e9g nagy sz\u00e1ma miatt a Kir\u00e1lyerdei M\u0171vel\u0151d\u00e9s H\u00e1z sz\u00ednh\u00e1zterm\u00e9ben tartj\u00e1k. <strong>Orsz\u00e1gos sakk el\u0151d\u00f6nt\u0151<\/strong>ket szerveznek. Minden \u00e9vben az Orsz\u00e1gos Senior Sakkbajnoks\u00e1gon els\u0151 h\u00e1rom helyezett k\u00f6z\u00f6tt csepeli j\u00e1t\u00e9kos is helyez\u00e9st \u00e9r el. <strong>Snapszer verseny<\/strong>eket is rendeznek.<\/p>\n<p>Minden \u00e9vben \u00fcnnepi m\u0171sorral eml\u00e9keznek meg a Csepeli Nyugd\u00edjas K\u00f6z\u00f6ss\u00e9gi H\u00e1z \u00e1tad\u00e1s\u00e1nak \u00e9vfordul\u00f3j\u00e1r\u00f3l. Az \u00e9rdekl\u0151d\u0151k nagy sz\u00e1ma miatt ezt a m\u0171sort is a Kir\u00e1lyerdei M\u0171vel\u0151d\u00e9si H\u00e1zban rendezik meg.<\/p>\n<p>V\u00e9g\u00fcl k\u00f6sz\u00f6netet kell mondani a Csepeli \u00d6nkorm\u00e1nyzat vezet\u00e9s\u00e9nek, akik nagy szeretettel, seg\u00edt\u0151k\u00e9szs\u00e9ggel, \u00e9s t\u00e1mogat\u00e1ssal figyelik a K\u00f6z\u00f6ss\u00e9gi H\u00e1z m\u0171k\u00f6d\u00e9s\u00e9t.<\/p>\n","protected":false},"excerpt":{"rendered":"<p>Csepelen a Kossuth Lajos utca 115.sz.alatt tal\u00e1lhat\u00f3 egy \u00e9p\u00fclet, amely az elm\u00falt \u00e9vtizedek sor\u00e1n sz\u00e1mos tev\u00e9kenys\u00e9gnek adott otthont, \u00e9s m\u00e1ra a csepeli nyugd\u00edjasok szabadidej\u00e9nek kellemes \u00e9s hasznos elt\u00f6lt\u00e9s\u00e9t szolg\u00e1lja, rem\u00e9lj\u00fck v\u00e9gleg. A h\u00e1zat a F\u0151v\u00e1rosi \u00d6nkorm\u00e1nyzat a nyolcvanas \u00e9vekben \u00e9p\u00edtette a csepeli nyugd\u00edjasok r\u00e9sz\u00e9re, szoci\u00e1lis ell\u00e1t\u00e1s c\u00e9lj\u00e1b\u00f3l, majd a rendszerv\u00e1lt\u00e1ssal az MDF kapta meg haszn\u00e1latra. [&hellip;]<\/p>\n","protected":false},"author":1,"featured_media":57,"parent":0,"menu_order":0,"comment_status":"closed","ping_status":"closed","template":"","meta":[],"acf":[],"_links":{"self":[{"href":"https:\/\/www.csepelivaroskep.hu\/nyugdijashaz\/wp-json\/wp\/v2\/pages\/14"}],"collection":[{"href":"https:\/\/www.csepelivaroskep.hu\/nyugdijashaz\/wp-json\/wp\/v2\/pages"}],"about":[{"href":"https:\/\/www.csepelivaroskep.hu\/nyugdijashaz\/wp-json\/wp\/v2\/types\/page"}],"author":[{"embeddable":true,"href":"https:\/\/www.csepelivaroskep.hu\/nyugdijashaz\/wp-json\/wp\/v2\/users\/1"}],"replies":[{"embeddable":true,"href":"https:\/\/www.csepelivaroskep.hu\/nyugdijashaz\/wp-json\/wp\/v2\/comments?post=14"}],"version-history":[{"count":2,"href":"https:\/\/www.csepelivaroskep.hu\/nyugdijashaz\/wp-json\/wp\/v2\/pages\/14\/revisions"}],"predecessor-version":[{"id":59,"href":"https:\/\/www.csepelivaroskep.hu\/nyugdijashaz\/wp-json\/wp\/v2\/pages\/14\/revisions\/59"}],"wp:featuredmedia":[{"embeddable":true,"href":"https:\/\/www.csepelivaroskep.hu\/nyugdijashaz\/wp-json\/wp\/v2\/media\/57"}],"wp:attachment":[{"href":"https:\/\/www.csepelivaroskep.hu\/nyugdijashaz\/wp-json\/wp\/v2\/media?parent=14"}],"curies":[{"name":"wp","href":"https:\/\/api.w.org\/{rel}","templated":true}]}}