{"id":449,"date":"2022-02-02T12:26:20","date_gmt":"2022-02-02T12:26:20","guid":{"rendered":"http:\/\/www.csepelivaroskep.hu\/nyugdijashaz\/?post_type=tribe_events&#038;p=449"},"modified":"2022-02-02T12:26:20","modified_gmt":"2022-02-02T12:26:20","slug":"turisztika-seta-a-budai-hegyekben","status":"publish","type":"tribe_events","link":"https:\/\/www.csepelivaroskep.hu\/nyugdijashaz\/programok\/turisztika-seta-a-budai-hegyekben\/","title":{"rendered":"Turisztika &#8211; S\u00e9ta a Budai-hegyekben"},"content":{"rendered":"<p>Tal\u00e1lkoz\u00f3 a Nyugd\u00edjas K\u00f6z\u00f6ss\u00e9gi H\u00e1z el\u0151tt reggel 9 \u00f3rakor.<\/p>\n<p>T\u00faravezet\u0151: Kincs Lajos<\/p>\n","protected":false},"excerpt":{"rendered":"<p>Tal\u00e1lkoz\u00f3 a Nyugd\u00edjas K\u00f6z\u00f6ss\u00e9gi H\u00e1z el\u0151tt reggel 9 \u00f3rakor. T\u00faravezet\u0151: Kincs Lajos<\/p>\n","protected":false},"author":6,"featured_media":0,"comment_status":"open","ping_status":"closed","template":"","meta":[],"tags":[],"tribe_events_cat":[3],"acf":[],"_links":{"self":[{"href":"https:\/\/www.csepelivaroskep.hu\/nyugdijashaz\/wp-json\/wp\/v2\/tribe_events\/449"}],"collection":[{"href":"https:\/\/www.csepelivaroskep.hu\/nyugdijashaz\/wp-json\/wp\/v2\/tribe_events"}],"about":[{"href":"https:\/\/www.csepelivaroskep.hu\/nyugdijashaz\/wp-json\/wp\/v2\/types\/tribe_events"}],"author":[{"embeddable":true,"href":"https:\/\/www.csepelivaroskep.hu\/nyugdijashaz\/wp-json\/wp\/v2\/users\/6"}],"replies":[{"embeddable":true,"href":"https:\/\/www.csepelivaroskep.hu\/nyugdijashaz\/wp-json\/wp\/v2\/comments?post=449"}],"version-history":[{"count":1,"href":"https:\/\/www.csepelivaroskep.hu\/nyugdijashaz\/wp-json\/wp\/v2\/tribe_events\/449\/revisions"}],"predecessor-version":[{"id":450,"href":"https:\/\/www.csepelivaroskep.hu\/nyugdijashaz\/wp-json\/wp\/v2\/tribe_events\/449\/revisions\/450"}],"wp:attachment":[{"href":"https:\/\/www.csepelivaroskep.hu\/nyugdijashaz\/wp-json\/wp\/v2\/media?parent=449"}],"wp:term":[{"taxonomy":"post_tag","embeddable":true,"href":"https:\/\/www.csepelivaroskep.hu\/nyugdijashaz\/wp-json\/wp\/v2\/tags?post=449"},{"taxonomy":"tribe_events_cat","embeddable":true,"href":"https:\/\/www.csepelivaroskep.hu\/nyugdijashaz\/wp-json\/wp\/v2\/tribe_events_cat?post=449"}],"curies":[{"name":"wp","href":"https:\/\/api.w.org\/{rel}","templated":true}]}}

Turisztika &#8211; Séta a Budai-hegyekben

<p>Találkozó a Nyugdíjas Közösségi Ház előtt reggel 9 órakor.</p>
<p>Túravezető: Kincs Lajos</p>

<p>Találkozó a Nyugdíjas Közösségi Ház előtt reggel 9 órakor. Túravezető: Kincs Lajos</p>
