{"id":509,"date":"2022-04-29T10:40:44","date_gmt":"2022-04-29T10:40:44","guid":{"rendered":"http:\/\/www.csepelivaroskep.hu\/nyugdijashaz\/?post_type=tribe_events&#038;p=509"},"modified":"2022-04-29T10:40:44","modified_gmt":"2022-04-29T10:40:44","slug":"liszt-ferenc-a-magyar-zene-ustokose-3-resz","status":"publish","type":"tribe_events","link":"https:\/\/www.csepelivaroskep.hu\/nyugdijashaz\/programok\/liszt-ferenc-a-magyar-zene-ustokose-3-resz\/","title":{"rendered":"Liszt Ferenc, a magyar zene \u00fcst\u00f6k\u00f6se. 3 r\u00e9sz"},"content":{"rendered":"<p>El\u0151ad\u00f3: P. Kozma Anik\u00f3 zenetan\u00e1r<\/p>\n","protected":false},"excerpt":{"rendered":"<p>El\u0151ad\u00f3: P. Kozma Anik\u00f3 zenetan\u00e1r<\/p>\n","protected":false},"author":6,"featured_media":0,"comment_status":"open","ping_status":"closed","template":"","meta":[],"tags":[],"tribe_events_cat":[7,14],"acf":[],"_links":{"self":[{"href":"https:\/\/www.csepelivaroskep.hu\/nyugdijashaz\/wp-json\/wp\/v2\/tribe_events\/509"}],"collection":[{"href":"https:\/\/www.csepelivaroskep.hu\/nyugdijashaz\/wp-json\/wp\/v2\/tribe_events"}],"about":[{"href":"https:\/\/www.csepelivaroskep.hu\/nyugdijashaz\/wp-json\/wp\/v2\/types\/tribe_events"}],"author":[{"embeddable":true,"href":"https:\/\/www.csepelivaroskep.hu\/nyugdijashaz\/wp-json\/wp\/v2\/users\/6"}],"replies":[{"embeddable":true,"href":"https:\/\/www.csepelivaroskep.hu\/nyugdijashaz\/wp-json\/wp\/v2\/comments?post=509"}],"version-history":[{"count":1,"href":"https:\/\/www.csepelivaroskep.hu\/nyugdijashaz\/wp-json\/wp\/v2\/tribe_events\/509\/revisions"}],"predecessor-version":[{"id":510,"href":"https:\/\/www.csepelivaroskep.hu\/nyugdijashaz\/wp-json\/wp\/v2\/tribe_events\/509\/revisions\/510"}],"wp:attachment":[{"href":"https:\/\/www.csepelivaroskep.hu\/nyugdijashaz\/wp-json\/wp\/v2\/media?parent=509"}],"wp:term":[{"taxonomy":"post_tag","embeddable":true,"href":"https:\/\/www.csepelivaroskep.hu\/nyugdijashaz\/wp-json\/wp\/v2\/tags?post=509"},{"taxonomy":"tribe_events_cat","embeddable":true,"href":"https:\/\/www.csepelivaroskep.hu\/nyugdijashaz\/wp-json\/wp\/v2\/tribe_events_cat?post=509"}],"curies":[{"name":"wp","href":"https:\/\/api.w.org\/{rel}","templated":true}]}}

Liszt Ferenc, a magyar zene üstököse. 3 rész

<p>Előadó: P. Kozma Anikó zenetanár</p>
