{"id":546,"date":"2022-08-24T11:34:47","date_gmt":"2022-08-24T11:34:47","guid":{"rendered":"http:\/\/www.csepelivaroskep.hu\/nyugdijashaz\/?post_type=tribe_events&#038;p=546"},"modified":"2022-08-24T11:34:47","modified_gmt":"2022-08-24T11:34:47","slug":"a-salzburgi-geniusz-wolfgang-amadeus-mozart-1-resz-az-angyali-csodagyerek","status":"publish","type":"tribe_events","link":"https:\/\/www.csepelivaroskep.hu\/nyugdijashaz\/programok\/a-salzburgi-geniusz-wolfgang-amadeus-mozart-1-resz-az-angyali-csodagyerek\/","title":{"rendered":"A salzburgi g\u00e9niusz, Wolfgang Amadeus Mozart. 1. r\u00e9sz: Az angyali csodagyerek."},"content":{"rendered":"<p>El\u0151ad\u00f3: Kozma Anik\u00f3 zenetan\u00e1r<\/p>\n","protected":false},"excerpt":{"rendered":"<p>El\u0151ad\u00f3: Kozma Anik\u00f3 zenetan\u00e1r<\/p>\n","protected":false},"author":6,"featured_media":0,"comment_status":"open","ping_status":"closed","template":"","meta":[],"tags":[],"tribe_events_cat":[7,14],"acf":[],"_links":{"self":[{"href":"https:\/\/www.csepelivaroskep.hu\/nyugdijashaz\/wp-json\/wp\/v2\/tribe_events\/546"}],"collection":[{"href":"https:\/\/www.csepelivaroskep.hu\/nyugdijashaz\/wp-json\/wp\/v2\/tribe_events"}],"about":[{"href":"https:\/\/www.csepelivaroskep.hu\/nyugdijashaz\/wp-json\/wp\/v2\/types\/tribe_events"}],"author":[{"embeddable":true,"href":"https:\/\/www.csepelivaroskep.hu\/nyugdijashaz\/wp-json\/wp\/v2\/users\/6"}],"replies":[{"embeddable":true,"href":"https:\/\/www.csepelivaroskep.hu\/nyugdijashaz\/wp-json\/wp\/v2\/comments?post=546"}],"version-history":[{"count":1,"href":"https:\/\/www.csepelivaroskep.hu\/nyugdijashaz\/wp-json\/wp\/v2\/tribe_events\/546\/revisions"}],"predecessor-version":[{"id":547,"href":"https:\/\/www.csepelivaroskep.hu\/nyugdijashaz\/wp-json\/wp\/v2\/tribe_events\/546\/revisions\/547"}],"wp:attachment":[{"href":"https:\/\/www.csepelivaroskep.hu\/nyugdijashaz\/wp-json\/wp\/v2\/media?parent=546"}],"wp:term":[{"taxonomy":"post_tag","embeddable":true,"href":"https:\/\/www.csepelivaroskep.hu\/nyugdijashaz\/wp-json\/wp\/v2\/tags?post=546"},{"taxonomy":"tribe_events_cat","embeddable":true,"href":"https:\/\/www.csepelivaroskep.hu\/nyugdijashaz\/wp-json\/wp\/v2\/tribe_events_cat?post=546"}],"curies":[{"name":"wp","href":"https:\/\/api.w.org\/{rel}","templated":true}]}}

A salzburgi géniusz, Wolfgang Amadeus Mozart. 1. rész: Az angyali csodagyerek.

<p>Előadó: Kozma Anikó zenetanár</p>
