{"id":588,"date":"2022-11-02T14:11:40","date_gmt":"2022-11-02T14:11:40","guid":{"rendered":"http:\/\/www.csepelivaroskep.hu\/nyugdijashaz\/?post_type=tribe_events&#038;p=588"},"modified":"2022-11-02T14:13:36","modified_gmt":"2022-11-02T14:13:36","slug":"a-salzburgi-geniusz-wolfgang-amadeus-mozart-3-resz","status":"publish","type":"tribe_events","link":"https:\/\/www.csepelivaroskep.hu\/nyugdijashaz\/programok\/a-salzburgi-geniusz-wolfgang-amadeus-mozart-3-resz\/","title":{"rendered":"A salzburgi g\u00e9niusz, Wolfgang Amadeus Mozart 3. r\u00e9sz"},"content":{"rendered":"<p>El\u0151ad\u00f3: Kozma Anik\u00f3 zenetan\u00e1r<\/p>\n","protected":false},"excerpt":{"rendered":"<p>El\u0151ad\u00f3: Kozma Anik\u00f3 zenetan\u00e1r<\/p>\n","protected":false},"author":6,"featured_media":0,"comment_status":"open","ping_status":"closed","template":"","meta":[],"tags":[],"tribe_events_cat":[7,14],"acf":[],"_links":{"self":[{"href":"https:\/\/www.csepelivaroskep.hu\/nyugdijashaz\/wp-json\/wp\/v2\/tribe_events\/588"}],"collection":[{"href":"https:\/\/www.csepelivaroskep.hu\/nyugdijashaz\/wp-json\/wp\/v2\/tribe_events"}],"about":[{"href":"https:\/\/www.csepelivaroskep.hu\/nyugdijashaz\/wp-json\/wp\/v2\/types\/tribe_events"}],"author":[{"embeddable":true,"href":"https:\/\/www.csepelivaroskep.hu\/nyugdijashaz\/wp-json\/wp\/v2\/users\/6"}],"replies":[{"embeddable":true,"href":"https:\/\/www.csepelivaroskep.hu\/nyugdijashaz\/wp-json\/wp\/v2\/comments?post=588"}],"version-history":[{"count":2,"href":"https:\/\/www.csepelivaroskep.hu\/nyugdijashaz\/wp-json\/wp\/v2\/tribe_events\/588\/revisions"}],"predecessor-version":[{"id":590,"href":"https:\/\/www.csepelivaroskep.hu\/nyugdijashaz\/wp-json\/wp\/v2\/tribe_events\/588\/revisions\/590"}],"wp:attachment":[{"href":"https:\/\/www.csepelivaroskep.hu\/nyugdijashaz\/wp-json\/wp\/v2\/media?parent=588"}],"wp:term":[{"taxonomy":"post_tag","embeddable":true,"href":"https:\/\/www.csepelivaroskep.hu\/nyugdijashaz\/wp-json\/wp\/v2\/tags?post=588"},{"taxonomy":"tribe_events_cat","embeddable":true,"href":"https:\/\/www.csepelivaroskep.hu\/nyugdijashaz\/wp-json\/wp\/v2\/tribe_events_cat?post=588"}],"curies":[{"name":"wp","href":"https:\/\/api.w.org\/{rel}","templated":true}]}}

A salzburgi géniusz, Wolfgang Amadeus Mozart 3. rész

<p>Előadó: Kozma Anikó zenetanár</p>
