{"id":668,"date":"2023-02-21T12:45:09","date_gmt":"2023-02-21T12:45:09","guid":{"rendered":"http:\/\/www.csepelivaroskep.hu\/nyugdijashaz\/?post_type=tribe_events&#038;p=668"},"modified":"2023-03-02T14:11:31","modified_gmt":"2023-03-02T14:11:31","slug":"varazslatos-klasszikus-zene-22","status":"publish","type":"tribe_events","link":"https:\/\/www.csepelivaroskep.hu\/nyugdijashaz\/programok\/varazslatos-klasszikus-zene-22\/","title":{"rendered":"Var\u00e1zslatos klasszikus zene"},"content":{"rendered":"<p>El\u0151ad\u00f3k: P\u00e1lln\u00e9 Pados R\u00e9ka (heged\u0171), P\u00e1ll Zolt\u00e1n (git\u00e1r)<\/p>\n","protected":false},"excerpt":{"rendered":"<p>El\u0151ad\u00f3k: P\u00e1lln\u00e9 Pados R\u00e9ka (heged\u0171), P\u00e1ll Zolt\u00e1n (git\u00e1r)<\/p>\n","protected":false},"author":6,"featured_media":0,"comment_status":"open","ping_status":"closed","template":"","meta":[],"tags":[],"tribe_events_cat":[7,14],"acf":[],"_links":{"self":[{"href":"https:\/\/www.csepelivaroskep.hu\/nyugdijashaz\/wp-json\/wp\/v2\/tribe_events\/668"}],"collection":[{"href":"https:\/\/www.csepelivaroskep.hu\/nyugdijashaz\/wp-json\/wp\/v2\/tribe_events"}],"about":[{"href":"https:\/\/www.csepelivaroskep.hu\/nyugdijashaz\/wp-json\/wp\/v2\/types\/tribe_events"}],"author":[{"embeddable":true,"href":"https:\/\/www.csepelivaroskep.hu\/nyugdijashaz\/wp-json\/wp\/v2\/users\/6"}],"replies":[{"embeddable":true,"href":"https:\/\/www.csepelivaroskep.hu\/nyugdijashaz\/wp-json\/wp\/v2\/comments?post=668"}],"version-history":[{"count":3,"href":"https:\/\/www.csepelivaroskep.hu\/nyugdijashaz\/wp-json\/wp\/v2\/tribe_events\/668\/revisions"}],"predecessor-version":[{"id":676,"href":"https:\/\/www.csepelivaroskep.hu\/nyugdijashaz\/wp-json\/wp\/v2\/tribe_events\/668\/revisions\/676"}],"wp:attachment":[{"href":"https:\/\/www.csepelivaroskep.hu\/nyugdijashaz\/wp-json\/wp\/v2\/media?parent=668"}],"wp:term":[{"taxonomy":"post_tag","embeddable":true,"href":"https:\/\/www.csepelivaroskep.hu\/nyugdijashaz\/wp-json\/wp\/v2\/tags?post=668"},{"taxonomy":"tribe_events_cat","embeddable":true,"href":"https:\/\/www.csepelivaroskep.hu\/nyugdijashaz\/wp-json\/wp\/v2\/tribe_events_cat?post=668"}],"curies":[{"name":"wp","href":"https:\/\/api.w.org\/{rel}","templated":true}]}}

Varázslatos klasszikus zene

<p>Előadók: Pállné Pados Réka (hegedű), Páll Zoltán (gitár)</p>
