{"id":680,"date":"2023-03-22T11:25:28","date_gmt":"2023-03-22T11:25:28","guid":{"rendered":"http:\/\/www.csepelivaroskep.hu\/nyugdijashaz\/?post_type=tribe_events&#038;p=680"},"modified":"2023-03-22T11:25:28","modified_gmt":"2023-03-22T11:25:28","slug":"klasszikus-szivbe-zart-romantikus-lelek-johannes-brahms","status":"publish","type":"tribe_events","link":"https:\/\/www.csepelivaroskep.hu\/nyugdijashaz\/programok\/klasszikus-szivbe-zart-romantikus-lelek-johannes-brahms\/","title":{"rendered":"Klasszikus sz\u00edvbe z\u00e1rt romantikus l\u00e9lek. Johannes Brahms"},"content":{"rendered":"<p>El\u0151ad\u00f3: Poszt\u00f3sn\u00e9 Kozma Anik\u00f3 m\u0171v\u00e9sztan\u00e1r<\/p>\n","protected":false},"excerpt":{"rendered":"<p>El\u0151ad\u00f3: Poszt\u00f3sn\u00e9 Kozma Anik\u00f3 m\u0171v\u00e9sztan\u00e1r<\/p>\n","protected":false},"author":6,"featured_media":0,"comment_status":"open","ping_status":"closed","template":"","meta":[],"tags":[],"tribe_events_cat":[7,14],"acf":[],"_links":{"self":[{"href":"https:\/\/www.csepelivaroskep.hu\/nyugdijashaz\/wp-json\/wp\/v2\/tribe_events\/680"}],"collection":[{"href":"https:\/\/www.csepelivaroskep.hu\/nyugdijashaz\/wp-json\/wp\/v2\/tribe_events"}],"about":[{"href":"https:\/\/www.csepelivaroskep.hu\/nyugdijashaz\/wp-json\/wp\/v2\/types\/tribe_events"}],"author":[{"embeddable":true,"href":"https:\/\/www.csepelivaroskep.hu\/nyugdijashaz\/wp-json\/wp\/v2\/users\/6"}],"replies":[{"embeddable":true,"href":"https:\/\/www.csepelivaroskep.hu\/nyugdijashaz\/wp-json\/wp\/v2\/comments?post=680"}],"version-history":[{"count":1,"href":"https:\/\/www.csepelivaroskep.hu\/nyugdijashaz\/wp-json\/wp\/v2\/tribe_events\/680\/revisions"}],"predecessor-version":[{"id":681,"href":"https:\/\/www.csepelivaroskep.hu\/nyugdijashaz\/wp-json\/wp\/v2\/tribe_events\/680\/revisions\/681"}],"wp:attachment":[{"href":"https:\/\/www.csepelivaroskep.hu\/nyugdijashaz\/wp-json\/wp\/v2\/media?parent=680"}],"wp:term":[{"taxonomy":"post_tag","embeddable":true,"href":"https:\/\/www.csepelivaroskep.hu\/nyugdijashaz\/wp-json\/wp\/v2\/tags?post=680"},{"taxonomy":"tribe_events_cat","embeddable":true,"href":"https:\/\/www.csepelivaroskep.hu\/nyugdijashaz\/wp-json\/wp\/v2\/tribe_events_cat?post=680"}],"curies":[{"name":"wp","href":"https:\/\/api.w.org\/{rel}","templated":true}]}}

Klasszikus szívbe zárt romantikus lélek. Johannes Brahms

<p>Előadó: Posztósné Kozma Anikó művésztanár</p>
