{"id":738,"date":"2023-08-29T12:26:43","date_gmt":"2023-08-29T12:26:43","guid":{"rendered":"http:\/\/www.csepelivaroskep.hu\/nyugdijashaz\/?post_type=tribe_events&#038;p=738"},"modified":"2023-08-29T12:26:43","modified_gmt":"2023-08-29T12:26:43","slug":"edouard-manet-az-uj-modern-festomuveszet-elso-vezeregyenisege","status":"publish","type":"tribe_events","link":"https:\/\/www.csepelivaroskep.hu\/nyugdijashaz\/programok\/edouard-manet-az-uj-modern-festomuveszet-elso-vezeregyenisege\/","title":{"rendered":"Edouard Manet, az \u00faj, modern fest\u0151m\u0171v\u00e9szet els\u0151 vez\u00e9regy\u00e9nis\u00e9ge"},"content":{"rendered":"<p>El\u0151ad\u00f3: K\u00e1llay Endre g\u00e9p\u00e9szm\u00e9rn\u00f6k, k\u00f6lt\u0151<\/p>\n","protected":false},"excerpt":{"rendered":"<p>El\u0151ad\u00f3: K\u00e1llay Endre g\u00e9p\u00e9szm\u00e9rn\u00f6k, k\u00f6lt\u0151<\/p>\n","protected":false},"author":6,"featured_media":0,"comment_status":"open","ping_status":"closed","template":"","meta":[],"tags":[],"tribe_events_cat":[7,18],"acf":[],"_links":{"self":[{"href":"https:\/\/www.csepelivaroskep.hu\/nyugdijashaz\/wp-json\/wp\/v2\/tribe_events\/738"}],"collection":[{"href":"https:\/\/www.csepelivaroskep.hu\/nyugdijashaz\/wp-json\/wp\/v2\/tribe_events"}],"about":[{"href":"https:\/\/www.csepelivaroskep.hu\/nyugdijashaz\/wp-json\/wp\/v2\/types\/tribe_events"}],"author":[{"embeddable":true,"href":"https:\/\/www.csepelivaroskep.hu\/nyugdijashaz\/wp-json\/wp\/v2\/users\/6"}],"replies":[{"embeddable":true,"href":"https:\/\/www.csepelivaroskep.hu\/nyugdijashaz\/wp-json\/wp\/v2\/comments?post=738"}],"version-history":[{"count":1,"href":"https:\/\/www.csepelivaroskep.hu\/nyugdijashaz\/wp-json\/wp\/v2\/tribe_events\/738\/revisions"}],"predecessor-version":[{"id":739,"href":"https:\/\/www.csepelivaroskep.hu\/nyugdijashaz\/wp-json\/wp\/v2\/tribe_events\/738\/revisions\/739"}],"wp:attachment":[{"href":"https:\/\/www.csepelivaroskep.hu\/nyugdijashaz\/wp-json\/wp\/v2\/media?parent=738"}],"wp:term":[{"taxonomy":"post_tag","embeddable":true,"href":"https:\/\/www.csepelivaroskep.hu\/nyugdijashaz\/wp-json\/wp\/v2\/tags?post=738"},{"taxonomy":"tribe_events_cat","embeddable":true,"href":"https:\/\/www.csepelivaroskep.hu\/nyugdijashaz\/wp-json\/wp\/v2\/tribe_events_cat?post=738"}],"curies":[{"name":"wp","href":"https:\/\/api.w.org\/{rel}","templated":true}]}}

Edouard Manet, az új, modern festőművészet első vezéregyénisége

<p>Előadó: Kállay Endre gépészmérnök, költő</p>
