{"id":748,"date":"2023-08-29T12:54:50","date_gmt":"2023-08-29T12:54:50","guid":{"rendered":"http:\/\/www.csepelivaroskep.hu\/nyugdijashaz\/?post_type=tribe_events&#038;p=748"},"modified":"2023-08-29T12:57:07","modified_gmt":"2023-08-29T12:57:07","slug":"iszlam-muveszet-alapjai-hiva-buhara-szamarkand","status":"publish","type":"tribe_events","link":"https:\/\/www.csepelivaroskep.hu\/nyugdijashaz\/programok\/iszlam-muveszet-alapjai-hiva-buhara-szamarkand\/","title":{"rendered":"Iszl\u00e1m m\u0171v\u00e9szet alapjai. H\u00edva, Buhara, Szamarkand"},"content":{"rendered":"<p>El\u0151ad\u00f3: Szab\u00f3 L\u00e1szl\u00f3 aranydiplom\u00e1s \u00e9p\u00edt\u00e9szm\u00e9rn\u00f6k<\/p>\n","protected":false},"excerpt":{"rendered":"<p>El\u0151ad\u00f3: Szab\u00f3 L\u00e1szl\u00f3 aranydiplom\u00e1s \u00e9p\u00edt\u00e9szm\u00e9rn\u00f6k<\/p>\n","protected":false},"author":6,"featured_media":0,"comment_status":"open","ping_status":"closed","template":"","meta":[],"tags":[],"tribe_events_cat":[7,17],"acf":[],"_links":{"self":[{"href":"https:\/\/www.csepelivaroskep.hu\/nyugdijashaz\/wp-json\/wp\/v2\/tribe_events\/748"}],"collection":[{"href":"https:\/\/www.csepelivaroskep.hu\/nyugdijashaz\/wp-json\/wp\/v2\/tribe_events"}],"about":[{"href":"https:\/\/www.csepelivaroskep.hu\/nyugdijashaz\/wp-json\/wp\/v2\/types\/tribe_events"}],"author":[{"embeddable":true,"href":"https:\/\/www.csepelivaroskep.hu\/nyugdijashaz\/wp-json\/wp\/v2\/users\/6"}],"replies":[{"embeddable":true,"href":"https:\/\/www.csepelivaroskep.hu\/nyugdijashaz\/wp-json\/wp\/v2\/comments?post=748"}],"version-history":[{"count":3,"href":"https:\/\/www.csepelivaroskep.hu\/nyugdijashaz\/wp-json\/wp\/v2\/tribe_events\/748\/revisions"}],"predecessor-version":[{"id":751,"href":"https:\/\/www.csepelivaroskep.hu\/nyugdijashaz\/wp-json\/wp\/v2\/tribe_events\/748\/revisions\/751"}],"wp:attachment":[{"href":"https:\/\/www.csepelivaroskep.hu\/nyugdijashaz\/wp-json\/wp\/v2\/media?parent=748"}],"wp:term":[{"taxonomy":"post_tag","embeddable":true,"href":"https:\/\/www.csepelivaroskep.hu\/nyugdijashaz\/wp-json\/wp\/v2\/tags?post=748"},{"taxonomy":"tribe_events_cat","embeddable":true,"href":"https:\/\/www.csepelivaroskep.hu\/nyugdijashaz\/wp-json\/wp\/v2\/tribe_events_cat?post=748"}],"curies":[{"name":"wp","href":"https:\/\/api.w.org\/{rel}","templated":true}]}}

Iszlám művészet alapjai. Híva, Buhara, Szamarkand

<p>Előadó: Szabó László aranydiplomás építészmérnök</p>
