{"id":772,"date":"2023-11-02T12:12:23","date_gmt":"2023-11-02T12:12:23","guid":{"rendered":"http:\/\/www.csepelivaroskep.hu\/nyugdijashaz\/?post_type=tribe_events&#038;p=772"},"modified":"2023-11-02T12:12:23","modified_gmt":"2023-11-02T12:12:23","slug":"nagy-lajos-irodalmi-tarsasag-bemutatkozasa","status":"publish","type":"tribe_events","link":"https:\/\/www.csepelivaroskep.hu\/nyugdijashaz\/programok\/nagy-lajos-irodalmi-tarsasag-bemutatkozasa\/","title":{"rendered":"Nagy Lajos Irodalmi T\u00e1rsas\u00e1g bemutatkoz\u00e1sa"},"content":{"rendered":"<p>Tal\u00e1lkoz\u00e1s mai magyar k\u00f6lt\u0151kkel \u00e9s \u00edr\u00f3kkal.<\/p>\n<p>A m\u0171sort szervezi: K\u00e1llay Endre g\u00e9p\u00e9szm\u00e9rn\u00f6k, k\u00f6lt\u0151<\/p>\n<p>&nbsp;<\/p>\n","protected":false},"excerpt":{"rendered":"<p>Tal\u00e1lkoz\u00e1s mai magyar k\u00f6lt\u0151kkel \u00e9s \u00edr\u00f3kkal. A m\u0171sort szervezi: K\u00e1llay Endre g\u00e9p\u00e9szm\u00e9rn\u00f6k, k\u00f6lt\u0151 &nbsp;<\/p>\n","protected":false},"author":6,"featured_media":0,"comment_status":"open","ping_status":"closed","template":"","meta":[],"tags":[],"tribe_events_cat":[7,14],"acf":[],"_links":{"self":[{"href":"https:\/\/www.csepelivaroskep.hu\/nyugdijashaz\/wp-json\/wp\/v2\/tribe_events\/772"}],"collection":[{"href":"https:\/\/www.csepelivaroskep.hu\/nyugdijashaz\/wp-json\/wp\/v2\/tribe_events"}],"about":[{"href":"https:\/\/www.csepelivaroskep.hu\/nyugdijashaz\/wp-json\/wp\/v2\/types\/tribe_events"}],"author":[{"embeddable":true,"href":"https:\/\/www.csepelivaroskep.hu\/nyugdijashaz\/wp-json\/wp\/v2\/users\/6"}],"replies":[{"embeddable":true,"href":"https:\/\/www.csepelivaroskep.hu\/nyugdijashaz\/wp-json\/wp\/v2\/comments?post=772"}],"version-history":[{"count":1,"href":"https:\/\/www.csepelivaroskep.hu\/nyugdijashaz\/wp-json\/wp\/v2\/tribe_events\/772\/revisions"}],"predecessor-version":[{"id":773,"href":"https:\/\/www.csepelivaroskep.hu\/nyugdijashaz\/wp-json\/wp\/v2\/tribe_events\/772\/revisions\/773"}],"wp:attachment":[{"href":"https:\/\/www.csepelivaroskep.hu\/nyugdijashaz\/wp-json\/wp\/v2\/media?parent=772"}],"wp:term":[{"taxonomy":"post_tag","embeddable":true,"href":"https:\/\/www.csepelivaroskep.hu\/nyugdijashaz\/wp-json\/wp\/v2\/tags?post=772"},{"taxonomy":"tribe_events_cat","embeddable":true,"href":"https:\/\/www.csepelivaroskep.hu\/nyugdijashaz\/wp-json\/wp\/v2\/tribe_events_cat?post=772"}],"curies":[{"name":"wp","href":"https:\/\/api.w.org\/{rel}","templated":true}]}}

Nagy Lajos Irodalmi Társaság bemutatkozása

<p>Találkozás mai magyar költőkkel és írókkal.</p>
<p>A műsort szervezi: Kállay Endre gépészmérnök, költő</p>
<p>&nbsp;</p>

<p>Találkozás mai magyar költőkkel és írókkal. A műsort szervezi: Kállay Endre gépészmérnök, költő &nbsp;</p>
