{"id":774,"date":"2023-11-02T12:23:25","date_gmt":"2023-11-02T12:23:25","guid":{"rendered":"http:\/\/www.csepelivaroskep.hu\/nyugdijashaz\/?post_type=tribe_events&#038;p=774"},"modified":"2023-11-02T12:23:25","modified_gmt":"2023-11-02T12:23:25","slug":"giuseppe-verdi-a-nagy-olasz-zeneszerzo-1-resz","status":"publish","type":"tribe_events","link":"https:\/\/www.csepelivaroskep.hu\/nyugdijashaz\/programok\/giuseppe-verdi-a-nagy-olasz-zeneszerzo-1-resz\/","title":{"rendered":"Giuseppe Verdi a nagy olasz zeneszerz\u0151 1. r\u00e9sz"},"content":{"rendered":"<p>El\u0151ad\u00f3: P. Kozma Anik\u00f3 a Csepeli Fasang \u00c1rp\u00e1d AMI igazgat\u00f3ja<\/p>\n","protected":false},"excerpt":{"rendered":"<p>El\u0151ad\u00f3: P. Kozma Anik\u00f3 a Csepeli Fasang \u00c1rp\u00e1d AMI igazgat\u00f3ja<\/p>\n","protected":false},"author":6,"featured_media":0,"comment_status":"open","ping_status":"closed","template":"","meta":[],"tags":[],"tribe_events_cat":[7,14],"acf":[],"_links":{"self":[{"href":"https:\/\/www.csepelivaroskep.hu\/nyugdijashaz\/wp-json\/wp\/v2\/tribe_events\/774"}],"collection":[{"href":"https:\/\/www.csepelivaroskep.hu\/nyugdijashaz\/wp-json\/wp\/v2\/tribe_events"}],"about":[{"href":"https:\/\/www.csepelivaroskep.hu\/nyugdijashaz\/wp-json\/wp\/v2\/types\/tribe_events"}],"author":[{"embeddable":true,"href":"https:\/\/www.csepelivaroskep.hu\/nyugdijashaz\/wp-json\/wp\/v2\/users\/6"}],"replies":[{"embeddable":true,"href":"https:\/\/www.csepelivaroskep.hu\/nyugdijashaz\/wp-json\/wp\/v2\/comments?post=774"}],"version-history":[{"count":1,"href":"https:\/\/www.csepelivaroskep.hu\/nyugdijashaz\/wp-json\/wp\/v2\/tribe_events\/774\/revisions"}],"predecessor-version":[{"id":775,"href":"https:\/\/www.csepelivaroskep.hu\/nyugdijashaz\/wp-json\/wp\/v2\/tribe_events\/774\/revisions\/775"}],"wp:attachment":[{"href":"https:\/\/www.csepelivaroskep.hu\/nyugdijashaz\/wp-json\/wp\/v2\/media?parent=774"}],"wp:term":[{"taxonomy":"post_tag","embeddable":true,"href":"https:\/\/www.csepelivaroskep.hu\/nyugdijashaz\/wp-json\/wp\/v2\/tags?post=774"},{"taxonomy":"tribe_events_cat","embeddable":true,"href":"https:\/\/www.csepelivaroskep.hu\/nyugdijashaz\/wp-json\/wp\/v2\/tribe_events_cat?post=774"}],"curies":[{"name":"wp","href":"https:\/\/api.w.org\/{rel}","templated":true}]}}

Giuseppe Verdi a nagy olasz zeneszerző 1. rész

<p>Előadó: P. Kozma Anikó a Csepeli Fasang Árpád AMI igazgatója</p>
