{"id":792,"date":"2024-01-12T12:08:21","date_gmt":"2024-01-12T12:08:21","guid":{"rendered":"http:\/\/www.csepelivaroskep.hu\/nyugdijashaz\/?post_type=tribe_events&#038;p=792"},"modified":"2024-01-12T12:09:47","modified_gmt":"2024-01-12T12:09:47","slug":"a-zenetortenelem-klasszikusai-giuseppe-verdi-a-nagy-olasz-zeneszerzo-2-resz","status":"publish","type":"tribe_events","link":"https:\/\/www.csepelivaroskep.hu\/nyugdijashaz\/programok\/a-zenetortenelem-klasszikusai-giuseppe-verdi-a-nagy-olasz-zeneszerzo-2-resz\/","title":{"rendered":"A zenet\u00f6rt\u00e9nelem klasszikusai. Giuseppe Verdi a nagy olasz zeneszerz\u0151 2. r\u00e9sz"},"content":{"rendered":"<p>El\u0151ad\u00f3: P. Kozma Anik\u00f3, a Csepeli Fasang \u00c1rp\u00e1d AMI igazgat\u00f3ja<\/p>\n","protected":false},"excerpt":{"rendered":"<p>El\u0151ad\u00f3: P. Kozma Anik\u00f3, a Csepeli Fasang \u00c1rp\u00e1d AMI igazgat\u00f3ja<\/p>\n","protected":false},"author":6,"featured_media":0,"comment_status":"open","ping_status":"closed","template":"","meta":[],"tags":[],"tribe_events_cat":[7,18,14],"acf":[],"_links":{"self":[{"href":"https:\/\/www.csepelivaroskep.hu\/nyugdijashaz\/wp-json\/wp\/v2\/tribe_events\/792"}],"collection":[{"href":"https:\/\/www.csepelivaroskep.hu\/nyugdijashaz\/wp-json\/wp\/v2\/tribe_events"}],"about":[{"href":"https:\/\/www.csepelivaroskep.hu\/nyugdijashaz\/wp-json\/wp\/v2\/types\/tribe_events"}],"author":[{"embeddable":true,"href":"https:\/\/www.csepelivaroskep.hu\/nyugdijashaz\/wp-json\/wp\/v2\/users\/6"}],"replies":[{"embeddable":true,"href":"https:\/\/www.csepelivaroskep.hu\/nyugdijashaz\/wp-json\/wp\/v2\/comments?post=792"}],"version-history":[{"count":1,"href":"https:\/\/www.csepelivaroskep.hu\/nyugdijashaz\/wp-json\/wp\/v2\/tribe_events\/792\/revisions"}],"predecessor-version":[{"id":793,"href":"https:\/\/www.csepelivaroskep.hu\/nyugdijashaz\/wp-json\/wp\/v2\/tribe_events\/792\/revisions\/793"}],"wp:attachment":[{"href":"https:\/\/www.csepelivaroskep.hu\/nyugdijashaz\/wp-json\/wp\/v2\/media?parent=792"}],"wp:term":[{"taxonomy":"post_tag","embeddable":true,"href":"https:\/\/www.csepelivaroskep.hu\/nyugdijashaz\/wp-json\/wp\/v2\/tags?post=792"},{"taxonomy":"tribe_events_cat","embeddable":true,"href":"https:\/\/www.csepelivaroskep.hu\/nyugdijashaz\/wp-json\/wp\/v2\/tribe_events_cat?post=792"}],"curies":[{"name":"wp","href":"https:\/\/api.w.org\/{rel}","templated":true}]}}

A zenetörténelem klasszikusai. Giuseppe Verdi a nagy olasz zeneszerző 2. rész

<p>Előadó: P. Kozma Anikó, a Csepeli Fasang Árpád AMI igazgatója</p>
