{"id":811,"date":"2024-02-06T13:41:19","date_gmt":"2024-02-06T13:41:19","guid":{"rendered":"http:\/\/www.csepelivaroskep.hu\/nyugdijashaz\/?post_type=tribe_events&#038;p=811"},"modified":"2024-02-06T13:41:19","modified_gmt":"2024-02-06T13:41:19","slug":"el-greco-a-spanyolla-lett-gorog-festo","status":"publish","type":"tribe_events","link":"https:\/\/www.csepelivaroskep.hu\/nyugdijashaz\/programok\/el-greco-a-spanyolla-lett-gorog-festo\/","title":{"rendered":"El Greco, a spanyoll\u00e1 lett g\u00f6r\u00f6g fest\u0151"},"content":{"rendered":"<p>El\u0151ad\u00f3: K\u00e1llay Endre g\u00e9p\u00e9szm\u00e9rn\u00f6k, k\u00f6lt\u0151<\/p>\n","protected":false},"excerpt":{"rendered":"<p>El\u0151ad\u00f3: K\u00e1llay Endre g\u00e9p\u00e9szm\u00e9rn\u00f6k, k\u00f6lt\u0151<\/p>\n","protected":false},"author":6,"featured_media":0,"comment_status":"open","ping_status":"closed","template":"","meta":[],"tags":[],"tribe_events_cat":[7,18,14],"acf":[],"_links":{"self":[{"href":"https:\/\/www.csepelivaroskep.hu\/nyugdijashaz\/wp-json\/wp\/v2\/tribe_events\/811"}],"collection":[{"href":"https:\/\/www.csepelivaroskep.hu\/nyugdijashaz\/wp-json\/wp\/v2\/tribe_events"}],"about":[{"href":"https:\/\/www.csepelivaroskep.hu\/nyugdijashaz\/wp-json\/wp\/v2\/types\/tribe_events"}],"author":[{"embeddable":true,"href":"https:\/\/www.csepelivaroskep.hu\/nyugdijashaz\/wp-json\/wp\/v2\/users\/6"}],"replies":[{"embeddable":true,"href":"https:\/\/www.csepelivaroskep.hu\/nyugdijashaz\/wp-json\/wp\/v2\/comments?post=811"}],"version-history":[{"count":1,"href":"https:\/\/www.csepelivaroskep.hu\/nyugdijashaz\/wp-json\/wp\/v2\/tribe_events\/811\/revisions"}],"predecessor-version":[{"id":812,"href":"https:\/\/www.csepelivaroskep.hu\/nyugdijashaz\/wp-json\/wp\/v2\/tribe_events\/811\/revisions\/812"}],"wp:attachment":[{"href":"https:\/\/www.csepelivaroskep.hu\/nyugdijashaz\/wp-json\/wp\/v2\/media?parent=811"}],"wp:term":[{"taxonomy":"post_tag","embeddable":true,"href":"https:\/\/www.csepelivaroskep.hu\/nyugdijashaz\/wp-json\/wp\/v2\/tags?post=811"},{"taxonomy":"tribe_events_cat","embeddable":true,"href":"https:\/\/www.csepelivaroskep.hu\/nyugdijashaz\/wp-json\/wp\/v2\/tribe_events_cat?post=811"}],"curies":[{"name":"wp","href":"https:\/\/api.w.org\/{rel}","templated":true}]}}

El Greco, a spanyollá lett görög festő

<p>Előadó: Kállay Endre gépészmérnök, költő</p>
