{"id":830,"date":"2024-04-05T12:35:30","date_gmt":"2024-04-05T12:35:30","guid":{"rendered":"http:\/\/www.csepelivaroskep.hu\/nyugdijashaz\/?post_type=tribe_events&#038;p=830"},"modified":"2024-04-05T12:35:30","modified_gmt":"2024-04-05T12:35:30","slug":"szasz-endre-a-magyar-festeszet-fenegyereke","status":"publish","type":"tribe_events","link":"https:\/\/www.csepelivaroskep.hu\/nyugdijashaz\/programok\/szasz-endre-a-magyar-festeszet-fenegyereke\/","title":{"rendered":"Sz\u00e1sz Endre, a magyar fest\u00e9szet fenegyereke"},"content":{"rendered":"<p>El\u0151ad\u00f3: K\u00e1llay Endre g\u00e9p\u00e9szm\u00e9rn\u00f6k, k\u00f6lt\u0151<\/p>\n","protected":false},"excerpt":{"rendered":"<p>El\u0151ad\u00f3: K\u00e1llay Endre g\u00e9p\u00e9szm\u00e9rn\u00f6k, k\u00f6lt\u0151<\/p>\n","protected":false},"author":6,"featured_media":0,"comment_status":"open","ping_status":"closed","template":"","meta":[],"tags":[],"tribe_events_cat":[7,14],"acf":[],"_links":{"self":[{"href":"https:\/\/www.csepelivaroskep.hu\/nyugdijashaz\/wp-json\/wp\/v2\/tribe_events\/830"}],"collection":[{"href":"https:\/\/www.csepelivaroskep.hu\/nyugdijashaz\/wp-json\/wp\/v2\/tribe_events"}],"about":[{"href":"https:\/\/www.csepelivaroskep.hu\/nyugdijashaz\/wp-json\/wp\/v2\/types\/tribe_events"}],"author":[{"embeddable":true,"href":"https:\/\/www.csepelivaroskep.hu\/nyugdijashaz\/wp-json\/wp\/v2\/users\/6"}],"replies":[{"embeddable":true,"href":"https:\/\/www.csepelivaroskep.hu\/nyugdijashaz\/wp-json\/wp\/v2\/comments?post=830"}],"version-history":[{"count":1,"href":"https:\/\/www.csepelivaroskep.hu\/nyugdijashaz\/wp-json\/wp\/v2\/tribe_events\/830\/revisions"}],"predecessor-version":[{"id":831,"href":"https:\/\/www.csepelivaroskep.hu\/nyugdijashaz\/wp-json\/wp\/v2\/tribe_events\/830\/revisions\/831"}],"wp:attachment":[{"href":"https:\/\/www.csepelivaroskep.hu\/nyugdijashaz\/wp-json\/wp\/v2\/media?parent=830"}],"wp:term":[{"taxonomy":"post_tag","embeddable":true,"href":"https:\/\/www.csepelivaroskep.hu\/nyugdijashaz\/wp-json\/wp\/v2\/tags?post=830"},{"taxonomy":"tribe_events_cat","embeddable":true,"href":"https:\/\/www.csepelivaroskep.hu\/nyugdijashaz\/wp-json\/wp\/v2\/tribe_events_cat?post=830"}],"curies":[{"name":"wp","href":"https:\/\/api.w.org\/{rel}","templated":true}]}}

Szász Endre, a magyar festészet fenegyereke

<p>Előadó: Kállay Endre gépészmérnök, költő</p>
