{"id":834,"date":"2024-04-05T12:45:26","date_gmt":"2024-04-05T12:45:26","guid":{"rendered":"http:\/\/www.csepelivaroskep.hu\/nyugdijashaz\/?post_type=tribe_events&#038;p=834"},"modified":"2024-04-05T12:45:26","modified_gmt":"2024-04-05T12:45:26","slug":"az-egykori-nemet-romai-birodalom-ekkove-csehorszag","status":"publish","type":"tribe_events","link":"https:\/\/www.csepelivaroskep.hu\/nyugdijashaz\/programok\/az-egykori-nemet-romai-birodalom-ekkove-csehorszag\/","title":{"rendered":"Az egykori N\u00e9met-r\u00f3mai Birodalom \u00e9kk\u00f6ve: Csehorsz\u00e1g"},"content":{"rendered":"<p>El\u0151ad\u00f3: Szab\u00f3 L\u00e1szl\u00f3 aranydiplom\u00e1s \u00e9p\u00edt\u00e9szm\u00e9rn\u00f6k<\/p>\n","protected":false},"excerpt":{"rendered":"<p>El\u0151ad\u00f3: Szab\u00f3 L\u00e1szl\u00f3 aranydiplom\u00e1s \u00e9p\u00edt\u00e9szm\u00e9rn\u00f6k<\/p>\n","protected":false},"author":6,"featured_media":0,"comment_status":"open","ping_status":"closed","template":"","meta":[],"tags":[],"tribe_events_cat":[7,17],"acf":[],"_links":{"self":[{"href":"https:\/\/www.csepelivaroskep.hu\/nyugdijashaz\/wp-json\/wp\/v2\/tribe_events\/834"}],"collection":[{"href":"https:\/\/www.csepelivaroskep.hu\/nyugdijashaz\/wp-json\/wp\/v2\/tribe_events"}],"about":[{"href":"https:\/\/www.csepelivaroskep.hu\/nyugdijashaz\/wp-json\/wp\/v2\/types\/tribe_events"}],"author":[{"embeddable":true,"href":"https:\/\/www.csepelivaroskep.hu\/nyugdijashaz\/wp-json\/wp\/v2\/users\/6"}],"replies":[{"embeddable":true,"href":"https:\/\/www.csepelivaroskep.hu\/nyugdijashaz\/wp-json\/wp\/v2\/comments?post=834"}],"version-history":[{"count":1,"href":"https:\/\/www.csepelivaroskep.hu\/nyugdijashaz\/wp-json\/wp\/v2\/tribe_events\/834\/revisions"}],"predecessor-version":[{"id":835,"href":"https:\/\/www.csepelivaroskep.hu\/nyugdijashaz\/wp-json\/wp\/v2\/tribe_events\/834\/revisions\/835"}],"wp:attachment":[{"href":"https:\/\/www.csepelivaroskep.hu\/nyugdijashaz\/wp-json\/wp\/v2\/media?parent=834"}],"wp:term":[{"taxonomy":"post_tag","embeddable":true,"href":"https:\/\/www.csepelivaroskep.hu\/nyugdijashaz\/wp-json\/wp\/v2\/tags?post=834"},{"taxonomy":"tribe_events_cat","embeddable":true,"href":"https:\/\/www.csepelivaroskep.hu\/nyugdijashaz\/wp-json\/wp\/v2\/tribe_events_cat?post=834"}],"curies":[{"name":"wp","href":"https:\/\/api.w.org\/{rel}","templated":true}]}}

Az egykori Német-római Birodalom ékköve: Csehország

<p>Előadó: Szabó László aranydiplomás építészmérnök</p>
