{"id":839,"date":"2024-05-09T14:13:22","date_gmt":"2024-05-09T14:13:22","guid":{"rendered":"http:\/\/www.csepelivaroskep.hu\/nyugdijashaz\/?post_type=tribe_events&#038;p=839"},"modified":"2024-05-09T14:26:30","modified_gmt":"2024-05-09T14:26:30","slug":"nagy-laszlo-kossuth-dijas-magyar-kolto-mufordito-grafikus","status":"publish","type":"tribe_events","link":"https:\/\/www.csepelivaroskep.hu\/nyugdijashaz\/programok\/nagy-laszlo-kossuth-dijas-magyar-kolto-mufordito-grafikus\/","title":{"rendered":"&#8220;Nagy L\u00e1szl\u00f3 Kossuth-d\u00edjas magyar k\u00f6lt\u0151, m\u0171ford\u00edt\u00f3, grafikus&#8221;"},"content":{"rendered":"<p>El\u0151ad\u00f3: K\u00e1llay Endre g\u00e9p\u00e9szm\u00e9rn\u00f6k, k\u00f6lt\u0151. K\u00f6zrem\u0171k\u00f6dik: K\u00e1llay Endr\u00e9n\u00e9, Petzn\u00e9 Krecsm\u00e1ry Erzs\u00e9bet<\/p>\n","protected":false},"excerpt":{"rendered":"<p>El\u0151ad\u00f3: K\u00e1llay Endre g\u00e9p\u00e9szm\u00e9rn\u00f6k, k\u00f6lt\u0151. K\u00f6zrem\u0171k\u00f6dik: K\u00e1llay Endr\u00e9n\u00e9, Petzn\u00e9 Krecsm\u00e1ry Erzs\u00e9bet<\/p>\n","protected":false},"author":6,"featured_media":0,"comment_status":"open","ping_status":"closed","template":"","meta":[],"tags":[],"tribe_events_cat":[7,18,14],"acf":[],"_links":{"self":[{"href":"https:\/\/www.csepelivaroskep.hu\/nyugdijashaz\/wp-json\/wp\/v2\/tribe_events\/839"}],"collection":[{"href":"https:\/\/www.csepelivaroskep.hu\/nyugdijashaz\/wp-json\/wp\/v2\/tribe_events"}],"about":[{"href":"https:\/\/www.csepelivaroskep.hu\/nyugdijashaz\/wp-json\/wp\/v2\/types\/tribe_events"}],"author":[{"embeddable":true,"href":"https:\/\/www.csepelivaroskep.hu\/nyugdijashaz\/wp-json\/wp\/v2\/users\/6"}],"replies":[{"embeddable":true,"href":"https:\/\/www.csepelivaroskep.hu\/nyugdijashaz\/wp-json\/wp\/v2\/comments?post=839"}],"version-history":[{"count":1,"href":"https:\/\/www.csepelivaroskep.hu\/nyugdijashaz\/wp-json\/wp\/v2\/tribe_events\/839\/revisions"}],"predecessor-version":[{"id":840,"href":"https:\/\/www.csepelivaroskep.hu\/nyugdijashaz\/wp-json\/wp\/v2\/tribe_events\/839\/revisions\/840"}],"wp:attachment":[{"href":"https:\/\/www.csepelivaroskep.hu\/nyugdijashaz\/wp-json\/wp\/v2\/media?parent=839"}],"wp:term":[{"taxonomy":"post_tag","embeddable":true,"href":"https:\/\/www.csepelivaroskep.hu\/nyugdijashaz\/wp-json\/wp\/v2\/tags?post=839"},{"taxonomy":"tribe_events_cat","embeddable":true,"href":"https:\/\/www.csepelivaroskep.hu\/nyugdijashaz\/wp-json\/wp\/v2\/tribe_events_cat?post=839"}],"curies":[{"name":"wp","href":"https:\/\/api.w.org\/{rel}","templated":true}]}}

&#8220;Nagy László Kossuth-díjas magyar költő, műfordító, grafikus&#8221;

<p>Előadó: Kállay Endre gépészmérnök, költő. Közreműködik: Kállay Endréné, Petzné Krecsmáry Erzsébet</p>
