{"id":864,"date":"2024-09-13T14:52:49","date_gmt":"2024-09-13T14:52:49","guid":{"rendered":"http:\/\/www.csepelivaroskep.hu\/nyugdijashaz\/?post_type=tribe_events&#038;p=864"},"modified":"2024-09-13T14:52:49","modified_gmt":"2024-09-13T14:52:49","slug":"franz-joseph-haydn-a-vonosnegyes-atyja","status":"publish","type":"tribe_events","link":"https:\/\/www.csepelivaroskep.hu\/nyugdijashaz\/programok\/franz-joseph-haydn-a-vonosnegyes-atyja\/","title":{"rendered":"Franz Joseph Haydn a von\u00f3sn\u00e9gyes atyja"},"content":{"rendered":"<p>El\u0151ad\u00f3: P. Kozma Anik\u00f3 a Csepeli Fasang \u00c1rp\u00e1d AMI igazgat\u00f3ja<\/p>\n<p>&nbsp;<\/p>\n","protected":false},"excerpt":{"rendered":"<p>El\u0151ad\u00f3: P. Kozma Anik\u00f3 a Csepeli Fasang \u00c1rp\u00e1d AMI igazgat\u00f3ja &nbsp;<\/p>\n","protected":false},"author":6,"featured_media":0,"comment_status":"open","ping_status":"closed","template":"","meta":[],"tags":[],"tribe_events_cat":[7,18,14],"acf":[],"_links":{"self":[{"href":"https:\/\/www.csepelivaroskep.hu\/nyugdijashaz\/wp-json\/wp\/v2\/tribe_events\/864"}],"collection":[{"href":"https:\/\/www.csepelivaroskep.hu\/nyugdijashaz\/wp-json\/wp\/v2\/tribe_events"}],"about":[{"href":"https:\/\/www.csepelivaroskep.hu\/nyugdijashaz\/wp-json\/wp\/v2\/types\/tribe_events"}],"author":[{"embeddable":true,"href":"https:\/\/www.csepelivaroskep.hu\/nyugdijashaz\/wp-json\/wp\/v2\/users\/6"}],"replies":[{"embeddable":true,"href":"https:\/\/www.csepelivaroskep.hu\/nyugdijashaz\/wp-json\/wp\/v2\/comments?post=864"}],"version-history":[{"count":1,"href":"https:\/\/www.csepelivaroskep.hu\/nyugdijashaz\/wp-json\/wp\/v2\/tribe_events\/864\/revisions"}],"predecessor-version":[{"id":865,"href":"https:\/\/www.csepelivaroskep.hu\/nyugdijashaz\/wp-json\/wp\/v2\/tribe_events\/864\/revisions\/865"}],"wp:attachment":[{"href":"https:\/\/www.csepelivaroskep.hu\/nyugdijashaz\/wp-json\/wp\/v2\/media?parent=864"}],"wp:term":[{"taxonomy":"post_tag","embeddable":true,"href":"https:\/\/www.csepelivaroskep.hu\/nyugdijashaz\/wp-json\/wp\/v2\/tags?post=864"},{"taxonomy":"tribe_events_cat","embeddable":true,"href":"https:\/\/www.csepelivaroskep.hu\/nyugdijashaz\/wp-json\/wp\/v2\/tribe_events_cat?post=864"}],"curies":[{"name":"wp","href":"https:\/\/api.w.org\/{rel}","templated":true}]}}

Franz Joseph Haydn a vonósnégyes atyja

<p>Előadó: P. Kozma Anikó a Csepeli Fasang Árpád AMI igazgatója</p>
<p>&nbsp;</p>

<p>Előadó: P. Kozma Anikó a Csepeli Fasang Árpád AMI igazgatója &nbsp;</p>
