{"id":87,"date":"2018-09-03T16:23:35","date_gmt":"2018-09-03T16:23:35","guid":{"rendered":"http:\/\/www.csepelivaroskep.hu\/nyugdijashaz\/?post_type=tribe_events&#038;p=87"},"modified":"2018-09-03T16:23:35","modified_gmt":"2018-09-03T16:23:35","slug":"andrea-bocelli-new-york-i-koncertje","status":"publish","type":"tribe_events","link":"https:\/\/www.csepelivaroskep.hu\/nyugdijashaz\/programok\/andrea-bocelli-new-york-i-koncertje\/","title":{"rendered":"Andrea Bocelli New York-i koncertje"},"content":{"rendered":"<p>Andrea Bocelli 60. sz\u00fclet\u00e9snapj\u00e1ra rendezett koncert felv\u00e9telr\u0151l<\/p>\n<p>El\u0151ad\u00f3: Zelinka Tam\u00e1s t\u00f6rt\u00e9n\u00e9sz<\/p>\n","protected":false},"excerpt":{"rendered":"<p>Regisztr\u00e1ci\u00f3 sz\u00fcks\u00e9ges<\/p>\n","protected":false},"author":1,"featured_media":0,"comment_status":"closed","ping_status":"closed","template":"","meta":[],"tags":[9,8,10],"tribe_events_cat":[7],"acf":[],"_links":{"self":[{"href":"https:\/\/www.csepelivaroskep.hu\/nyugdijashaz\/wp-json\/wp\/v2\/tribe_events\/87"}],"collection":[{"href":"https:\/\/www.csepelivaroskep.hu\/nyugdijashaz\/wp-json\/wp\/v2\/tribe_events"}],"about":[{"href":"https:\/\/www.csepelivaroskep.hu\/nyugdijashaz\/wp-json\/wp\/v2\/types\/tribe_events"}],"author":[{"embeddable":true,"href":"https:\/\/www.csepelivaroskep.hu\/nyugdijashaz\/wp-json\/wp\/v2\/users\/1"}],"replies":[{"embeddable":true,"href":"https:\/\/www.csepelivaroskep.hu\/nyugdijashaz\/wp-json\/wp\/v2\/comments?post=87"}],"version-history":[{"count":1,"href":"https:\/\/www.csepelivaroskep.hu\/nyugdijashaz\/wp-json\/wp\/v2\/tribe_events\/87\/revisions"}],"predecessor-version":[{"id":88,"href":"https:\/\/www.csepelivaroskep.hu\/nyugdijashaz\/wp-json\/wp\/v2\/tribe_events\/87\/revisions\/88"}],"wp:attachment":[{"href":"https:\/\/www.csepelivaroskep.hu\/nyugdijashaz\/wp-json\/wp\/v2\/media?parent=87"}],"wp:term":[{"taxonomy":"post_tag","embeddable":true,"href":"https:\/\/www.csepelivaroskep.hu\/nyugdijashaz\/wp-json\/wp\/v2\/tags?post=87"},{"taxonomy":"tribe_events_cat","embeddable":true,"href":"https:\/\/www.csepelivaroskep.hu\/nyugdijashaz\/wp-json\/wp\/v2\/tribe_events_cat?post=87"}],"curies":[{"name":"wp","href":"https:\/\/api.w.org\/{rel}","templated":true}]}}

<p>Andrea Bocelli 60. születésnapjára rendezett koncert felvételről</p>
<p>Előadó: Zelinka Tamás történész</p>

<p>Regisztráció szükséges</p>
