{"id":910,"date":"2025-02-27T12:55:00","date_gmt":"2025-02-27T12:55:00","guid":{"rendered":"http:\/\/www.csepelivaroskep.hu\/nyugdijashaz\/?post_type=tribe_events&#038;p=910"},"modified":"2025-02-27T12:55:00","modified_gmt":"2025-02-27T12:55:00","slug":"varazslatos-klasszikus-zene-35","status":"publish","type":"tribe_events","link":"https:\/\/www.csepelivaroskep.hu\/nyugdijashaz\/programok\/varazslatos-klasszikus-zene-35\/","title":{"rendered":"Var\u00e1zslatos klasszikus zene"},"content":{"rendered":"<p>El\u0151ad\u00f3k: Vasv\u00e1ri Tam\u00e1s \u00e9s a Zeneakad\u00e9mia\u00a0 mag\u00e1n\u00e9nek szakos hallgat\u00f3i<\/p>\n","protected":false},"excerpt":{"rendered":"<p>El\u0151ad\u00f3k: Vasv\u00e1ri Tam\u00e1s \u00e9s a Zeneakad\u00e9mia\u00a0 mag\u00e1n\u00e9nek szakos hallgat\u00f3i<\/p>\n","protected":false},"author":6,"featured_media":0,"comment_status":"open","ping_status":"closed","template":"","meta":[],"tags":[],"tribe_events_cat":[7,18,14],"acf":[],"_links":{"self":[{"href":"https:\/\/www.csepelivaroskep.hu\/nyugdijashaz\/wp-json\/wp\/v2\/tribe_events\/910"}],"collection":[{"href":"https:\/\/www.csepelivaroskep.hu\/nyugdijashaz\/wp-json\/wp\/v2\/tribe_events"}],"about":[{"href":"https:\/\/www.csepelivaroskep.hu\/nyugdijashaz\/wp-json\/wp\/v2\/types\/tribe_events"}],"author":[{"embeddable":true,"href":"https:\/\/www.csepelivaroskep.hu\/nyugdijashaz\/wp-json\/wp\/v2\/users\/6"}],"replies":[{"embeddable":true,"href":"https:\/\/www.csepelivaroskep.hu\/nyugdijashaz\/wp-json\/wp\/v2\/comments?post=910"}],"version-history":[{"count":1,"href":"https:\/\/www.csepelivaroskep.hu\/nyugdijashaz\/wp-json\/wp\/v2\/tribe_events\/910\/revisions"}],"predecessor-version":[{"id":911,"href":"https:\/\/www.csepelivaroskep.hu\/nyugdijashaz\/wp-json\/wp\/v2\/tribe_events\/910\/revisions\/911"}],"wp:attachment":[{"href":"https:\/\/www.csepelivaroskep.hu\/nyugdijashaz\/wp-json\/wp\/v2\/media?parent=910"}],"wp:term":[{"taxonomy":"post_tag","embeddable":true,"href":"https:\/\/www.csepelivaroskep.hu\/nyugdijashaz\/wp-json\/wp\/v2\/tags?post=910"},{"taxonomy":"tribe_events_cat","embeddable":true,"href":"https:\/\/www.csepelivaroskep.hu\/nyugdijashaz\/wp-json\/wp\/v2\/tribe_events_cat?post=910"}],"curies":[{"name":"wp","href":"https:\/\/api.w.org\/{rel}","templated":true}]}}

Varázslatos klasszikus zene

<p>Előadók: Vasvári Tamás és a Zeneakadémia  magánének szakos hallgatói</p>
