{"id":93,"date":"2018-09-03T16:27:46","date_gmt":"2018-09-03T16:27:46","guid":{"rendered":"http:\/\/www.csepelivaroskep.hu\/nyugdijashaz\/?post_type=tribe_events&#038;p=93"},"modified":"2018-09-03T16:27:46","modified_gmt":"2018-09-03T16:27:46","slug":"komolyzenei-koncert","status":"publish","type":"tribe_events","link":"https:\/\/www.csepelivaroskep.hu\/nyugdijashaz\/programok\/komolyzenei-koncert\/","title":{"rendered":"Komolyzenei koncert"},"content":{"rendered":"<p>A Fasang \u00c1rp\u00e1d zeneiskola m\u0171v\u00e9sz tan\u00e1rainak el\u0151ad\u00e1s\u00e1val<\/p>\n","protected":false},"excerpt":{"rendered":"<p>Regisztr\u00e1ci\u00f3 sz\u00fcks\u00e9ges<\/p>\n","protected":false},"author":1,"featured_media":0,"comment_status":"closed","ping_status":"closed","template":"","meta":[],"tags":[9,8,10,12],"tribe_events_cat":[7],"acf":[],"_links":{"self":[{"href":"https:\/\/www.csepelivaroskep.hu\/nyugdijashaz\/wp-json\/wp\/v2\/tribe_events\/93"}],"collection":[{"href":"https:\/\/www.csepelivaroskep.hu\/nyugdijashaz\/wp-json\/wp\/v2\/tribe_events"}],"about":[{"href":"https:\/\/www.csepelivaroskep.hu\/nyugdijashaz\/wp-json\/wp\/v2\/types\/tribe_events"}],"author":[{"embeddable":true,"href":"https:\/\/www.csepelivaroskep.hu\/nyugdijashaz\/wp-json\/wp\/v2\/users\/1"}],"replies":[{"embeddable":true,"href":"https:\/\/www.csepelivaroskep.hu\/nyugdijashaz\/wp-json\/wp\/v2\/comments?post=93"}],"version-history":[{"count":1,"href":"https:\/\/www.csepelivaroskep.hu\/nyugdijashaz\/wp-json\/wp\/v2\/tribe_events\/93\/revisions"}],"predecessor-version":[{"id":94,"href":"https:\/\/www.csepelivaroskep.hu\/nyugdijashaz\/wp-json\/wp\/v2\/tribe_events\/93\/revisions\/94"}],"wp:attachment":[{"href":"https:\/\/www.csepelivaroskep.hu\/nyugdijashaz\/wp-json\/wp\/v2\/media?parent=93"}],"wp:term":[{"taxonomy":"post_tag","embeddable":true,"href":"https:\/\/www.csepelivaroskep.hu\/nyugdijashaz\/wp-json\/wp\/v2\/tags?post=93"},{"taxonomy":"tribe_events_cat","embeddable":true,"href":"https:\/\/www.csepelivaroskep.hu\/nyugdijashaz\/wp-json\/wp\/v2\/tribe_events_cat?post=93"}],"curies":[{"name":"wp","href":"https:\/\/api.w.org\/{rel}","templated":true}]}}

<p>A Fasang Árpád zeneiskola művész tanárainak előadásával</p>

<p>Regisztráció szükséges</p>
