{"id":95,"date":"2018-09-03T16:29:38","date_gmt":"2018-09-03T16:29:38","guid":{"rendered":"http:\/\/www.csepelivaroskep.hu\/nyugdijashaz\/?post_type=tribe_events&#038;p=95"},"modified":"2018-09-03T16:29:38","modified_gmt":"2018-09-03T16:29:38","slug":"en-tancolnek-veled","status":"publish","type":"tribe_events","link":"https:\/\/www.csepelivaroskep.hu\/nyugdijashaz\/programok\/en-tancolnek-veled\/","title":{"rendered":"&#8220;\u00c9n t\u00e1ncoln\u00e9k veled&#8221;"},"content":{"rendered":"<p>A Csepeli Nyugd\u00edjas K\u00f6z\u00f6ss\u00e9gi H\u00e1z megnyit\u00e1s\u00e1nak 4. \u00e9vfordul\u00f3ja alkalm\u00e1b\u00f3l sz\u00fclet\u00e9snapi \u00fcnnepi m\u0171sor<\/p>\n<p>Helysz\u00edn: Kir\u00e1lyerdei M\u0171vel\u0151d\u00e9si H\u00e1z (1213 Budapest, Szent Istv\u00e1n \u00fat 230.)<\/p>\n","protected":false},"excerpt":{"rendered":"<p>Regisztr\u00e1ci\u00f3 sz\u00fcks\u00e9ges<\/p>\n","protected":false},"author":1,"featured_media":0,"comment_status":"closed","ping_status":"closed","template":"","meta":[],"tags":[9,10,13,12],"tribe_events_cat":[7],"acf":[],"_links":{"self":[{"href":"https:\/\/www.csepelivaroskep.hu\/nyugdijashaz\/wp-json\/wp\/v2\/tribe_events\/95"}],"collection":[{"href":"https:\/\/www.csepelivaroskep.hu\/nyugdijashaz\/wp-json\/wp\/v2\/tribe_events"}],"about":[{"href":"https:\/\/www.csepelivaroskep.hu\/nyugdijashaz\/wp-json\/wp\/v2\/types\/tribe_events"}],"author":[{"embeddable":true,"href":"https:\/\/www.csepelivaroskep.hu\/nyugdijashaz\/wp-json\/wp\/v2\/users\/1"}],"replies":[{"embeddable":true,"href":"https:\/\/www.csepelivaroskep.hu\/nyugdijashaz\/wp-json\/wp\/v2\/comments?post=95"}],"version-history":[{"count":1,"href":"https:\/\/www.csepelivaroskep.hu\/nyugdijashaz\/wp-json\/wp\/v2\/tribe_events\/95\/revisions"}],"predecessor-version":[{"id":96,"href":"https:\/\/www.csepelivaroskep.hu\/nyugdijashaz\/wp-json\/wp\/v2\/tribe_events\/95\/revisions\/96"}],"wp:attachment":[{"href":"https:\/\/www.csepelivaroskep.hu\/nyugdijashaz\/wp-json\/wp\/v2\/media?parent=95"}],"wp:term":[{"taxonomy":"post_tag","embeddable":true,"href":"https:\/\/www.csepelivaroskep.hu\/nyugdijashaz\/wp-json\/wp\/v2\/tags?post=95"},{"taxonomy":"tribe_events_cat","embeddable":true,"href":"https:\/\/www.csepelivaroskep.hu\/nyugdijashaz\/wp-json\/wp\/v2\/tribe_events_cat?post=95"}],"curies":[{"name":"wp","href":"https:\/\/api.w.org\/{rel}","templated":true}]}}

&#8220;Én táncolnék veled&#8221;

<p>A Csepeli Nyugdíjas Közösségi Ház megnyitásának 4. évfordulója alkalmából születésnapi ünnepi műsor</p>
<p>Helyszín: Királyerdei Művelődési Ház (1213 Budapest, Szent István út 230.)</p>

<p>Regisztráció szükséges</p>
