{"id":97,"date":"2018-09-03T16:30:52","date_gmt":"2018-09-03T16:30:52","guid":{"rendered":"http:\/\/www.csepelivaroskep.hu\/nyugdijashaz\/?post_type=tribe_events&#038;p=97"},"modified":"2018-09-19T11:42:06","modified_gmt":"2018-09-19T11:42:06","slug":"sziria-jordania","status":"publish","type":"tribe_events","link":"https:\/\/www.csepelivaroskep.hu\/nyugdijashaz\/programok\/sziria-jordania\/","title":{"rendered":"Sz\u00edria, Jord\u00e1nia"},"content":{"rendered":"<p>Filmvet\u00edt\u00e9ssel egybek\u00f6t\u00f6tt \u00fati besz\u00e1mol\u00f3<\/p>\n<p>El\u0151ad\u00f3: Szab\u00f3 L\u00e1szl\u00f3, okleveles \u00e9p\u00edt\u00e9szm\u00e9rn\u00f6k<\/p>\n","protected":false},"excerpt":{"rendered":"<p>Regisztr\u00e1ci\u00f3 sz\u00fcks\u00e9ges<\/p>\n","protected":false},"author":1,"featured_media":0,"comment_status":"closed","ping_status":"closed","template":"","meta":[],"tags":[9,8,10],"tribe_events_cat":[7],"acf":[],"_links":{"self":[{"href":"https:\/\/www.csepelivaroskep.hu\/nyugdijashaz\/wp-json\/wp\/v2\/tribe_events\/97"}],"collection":[{"href":"https:\/\/www.csepelivaroskep.hu\/nyugdijashaz\/wp-json\/wp\/v2\/tribe_events"}],"about":[{"href":"https:\/\/www.csepelivaroskep.hu\/nyugdijashaz\/wp-json\/wp\/v2\/types\/tribe_events"}],"author":[{"embeddable":true,"href":"https:\/\/www.csepelivaroskep.hu\/nyugdijashaz\/wp-json\/wp\/v2\/users\/1"}],"replies":[{"embeddable":true,"href":"https:\/\/www.csepelivaroskep.hu\/nyugdijashaz\/wp-json\/wp\/v2\/comments?post=97"}],"version-history":[{"count":1,"href":"https:\/\/www.csepelivaroskep.hu\/nyugdijashaz\/wp-json\/wp\/v2\/tribe_events\/97\/revisions"}],"predecessor-version":[{"id":98,"href":"https:\/\/www.csepelivaroskep.hu\/nyugdijashaz\/wp-json\/wp\/v2\/tribe_events\/97\/revisions\/98"}],"wp:attachment":[{"href":"https:\/\/www.csepelivaroskep.hu\/nyugdijashaz\/wp-json\/wp\/v2\/media?parent=97"}],"wp:term":[{"taxonomy":"post_tag","embeddable":true,"href":"https:\/\/www.csepelivaroskep.hu\/nyugdijashaz\/wp-json\/wp\/v2\/tags?post=97"},{"taxonomy":"tribe_events_cat","embeddable":true,"href":"https:\/\/www.csepelivaroskep.hu\/nyugdijashaz\/wp-json\/wp\/v2\/tribe_events_cat?post=97"}],"curies":[{"name":"wp","href":"https:\/\/api.w.org\/{rel}","templated":true}]}}

Szíria, Jordánia

<p>Filmvetítéssel egybekötött úti beszámoló</p>
<p>Előadó: Szabó László, okleveles építészmérnök</p>

<p>Regisztráció szükséges</p>
