{"id":9,"date":"2018-02-14T18:04:28","date_gmt":"2018-02-14T18:04:28","guid":{"rendered":"http:\/\/www.csepelivaroskep.hu\/osszetartozashaza\/?page_id=9"},"modified":"2021-06-21T20:01:48","modified_gmt":"2021-06-21T20:01:48","slug":"informacio","status":"publish","type":"page","link":"https:\/\/www.csepelivaroskep.hu\/osszetartozashaza\/","title":{"rendered":"R\u00f3lunk"},"content":{"rendered":"\t\t<div data-elementor-type=\"wp-post\" data-elementor-id=\"9\" class=\"elementor elementor-9\">\n\t\t\t\t\t\t<div class=\"elementor-inner\">\n\t\t\t\t<div class=\"elementor-section-wrap\">\n\t\t\t\t\t\t\t\t\t<section class=\"elementor-section elementor-top-section elementor-element elementor-element-9efb336 elementor-section-boxed elementor-section-height-default elementor-section-height-default\" data-id=\"9efb336\" data-element_type=\"section\">\n\t\t\t\t\t\t<div class=\"elementor-container elementor-column-gap-default\">\n\t\t\t\t\t\t\t<div class=\"elementor-row\">\n\t\t\t\t\t<div class=\"elementor-column elementor-col-100 elementor-top-column elementor-element elementor-element-bf69f46\" data-id=\"bf69f46\" data-element_type=\"column\">\n\t\t\t<div class=\"elementor-column-wrap elementor-element-populated\">\n\t\t\t\t\t\t\t<div class=\"elementor-widget-wrap\">\n\t\t\t\t\t\t<section class=\"elementor-section elementor-inner-section elementor-element elementor-element-bf82a7c elementor-section-content-middle elementor-section-boxed elementor-section-height-default elementor-section-height-default\" data-id=\"bf82a7c\" data-element_type=\"section\">\n\t\t\t\t\t\t<div class=\"elementor-container elementor-column-gap-default\">\n\t\t\t\t\t\t\t<div class=\"elementor-row\">\n\t\t\t\t\t<div class=\"elementor-column elementor-col-50 elementor-inner-column elementor-element elementor-element-bdf0b15\" data-id=\"bdf0b15\" data-element_type=\"column\">\n\t\t\t<div class=\"elementor-column-wrap elementor-element-populated\">\n\t\t\t\t\t\t\t<div class=\"elementor-widget-wrap\">\n\t\t\t\t\t\t<div class=\"elementor-element elementor-element-ea52b9d elementor-widget elementor-widget-text-editor\" data-id=\"ea52b9d\" data-element_type=\"widget\" data-widget_type=\"text-editor.default\">\n\t\t\t\t<div class=\"elementor-widget-container\">\n\t\t\t\t\t\t\t\t<div class=\"elementor-text-editor elementor-clearfix\">\n\t\t\t\t<p>A trianoni b\u00e9kedikt\u00e1tum al\u00e1\u00edr\u00e1s\u00e1nak 100. \u00e9vfordul\u00f3ja alkalm\u00e1b\u00f3l fenntart\u00f3nk, Budapest XXI. Ker\u00fclete, Csepel \u00d6nkorm\u00e1nyzata l\u00e9trehozta az \u00d6sszetartoz\u00e1s H\u00e1za Trianon Eml\u00e9kki\u00e1ll\u00edt\u00e1st, melynek \u00fczemeltet\u0151je a Csepeli V\u00e1rosk\u00e9p Kft. \u00a0<\/p><p>Kultur\u00e1lis helysz\u00edn\u00fcnk els\u0151sorban a Trianon 100 t\u00f6rt\u00e9neti ki\u00e1ll\u00edt\u00e1s otthona, melynek c\u00e9lja a nemzeti \u00f6sszetartoz\u00e1s \u00e9rz\u00e9s\u00e9nek er\u0151s\u00edt\u00e9se leend\u0151 l\u00e1togat\u00f3ink k\u00f6r\u00e9ben. C\u00e9lunk, a trianoni trauma feldolgoz\u00e1s\u00e1nak el\u0151seg\u00edt\u00e9se, ugyanakkor t\u00e1rgyilagosan szeretn\u00e9nk min\u00e9l t\u00f6bb szemsz\u00f6gb\u0151l bemutatni a kiv\u00e1lt\u00f3 okokat, \u00e9s term\u00e9szetesen a k\u00f6vetkezm\u00e9nyeket is.<\/p>\t\t\t\t\t<\/div>\n\t\t\t\t\t\t<\/div>\n\t\t\t\t<\/div>\n\t\t\t\t\t\t<\/div>\n\t\t\t\t\t<\/div>\n\t\t<\/div>\n\t\t\t\t<div class=\"elementor-column elementor-col-50 elementor-inner-column elementor-element elementor-element-a982916\" data-id=\"a982916\" data-element_type=\"column\">\n\t\t\t<div class=\"elementor-column-wrap elementor-element-populated\">\n\t\t\t\t\t\t\t<div class=\"elementor-widget-wrap\">\n\t\t\t\t\t\t<div class=\"elementor-element elementor-element-0645520 elementor-widget elementor-widget-video\" data-id=\"0645520\" data-element_type=\"widget\" data-settings=\"{&quot;youtube_url&quot;:&quot;https:\\\/\\\/www.youtube.com\\\/watch?v=JTjbxD11Ig0&quot;,&quot;autoplay&quot;:&quot;yes&quot;,&quot;lazy_load&quot;:&quot;yes&quot;,&quot;video_type&quot;:&quot;youtube&quot;,&quot;controls&quot;:&quot;yes&quot;}\" data-widget_type=\"video.default\">\n\t\t\t\t<div class=\"elementor-widget-container\">\n\t\t\t\t\t<div class=\"elementor-wrapper elementor-open-inline\">\n\t\t\t<div class=\"elementor-video\"><\/div>\t\t<\/div>\n\t\t\t\t<\/div>\n\t\t\t\t<\/div>\n\t\t\t\t\t\t<\/div>\n\t\t\t\t\t<\/div>\n\t\t<\/div>\n\t\t\t\t\t\t\t\t<\/div>\n\t\t\t\t\t<\/div>\n\t\t<\/section>\n\t\t\t\t<div class=\"elementor-element elementor-element-d6f65d3 elementor-widget elementor-widget-text-editor\" data-id=\"d6f65d3\" data-element_type=\"widget\" data-widget_type=\"text-editor.default\">\n\t\t\t\t<div class=\"elementor-widget-container\">\n\t\t\t\t\t\t\t\t<div class=\"elementor-text-editor elementor-clearfix\">\n\t\t\t\t<p>\u00a0<\/p><p>A t\u00e1rlat kit\u00e9r a XIX. sz\u00e1zadban m\u00e1r igen hangs\u00falyosan megjelen\u0151 nemzetis\u00e9gi t\u00f6rekv\u00e9sekre, valamint az ut\u00f3d\u00e1llamok moh\u00f3s\u00e1g\u00e1ra is.<\/p><p>C\u00e9lcsoportunk a csepeli k\u00f6z\u00e9pfok\u00fa tanulm\u00e1nyokat folytat\u00f3 di\u00e1ks\u00e1gt\u00f3l a nyugd\u00edjas koroszt\u00e1lyig terjed. Nem csak a ker\u00fcleti lakoss\u00e1got, hanem a k\u00f6rnyez\u0151 agglomer\u00e1ci\u00f3ban \u00e9s a szomsz\u00e9dos ker\u00fcletekben \u00e9l\u0151 budapestieket, valamint hat\u00e1ron innen \u00e9s t\u00fal \u00e9l\u0151 valamennyi honfit\u00e1rsunkat is szeretn\u00e9nk \u00faj kultur\u00e1lis helysz\u00edn\u00fcnkre vonzani.\u00a0<\/p><p>Az \u00e9p\u00fclet kertj\u00e9ben bemutat\u00e1sra ker\u00fcl tov\u00e1bb\u00e1 az orsz\u00e1g egyik legnagyobb mult\u00fa iparv\u00e1llalat\u00e1nak, az egykori Weiss Manfr\u00e9d M\u0171veknek (WM M\u0171vek) a k\u00e9t vil\u00e1gh\u00e1bor\u00fa k\u00f6z\u00f6tti t\u00f6rt\u00e9nete is r\u00f6viden. Ennek indoka, hogy ebben a korszakban az irredenta kultusz \u00e1tsz\u0151tte a mindennapokat. Csepel a vil\u00e1gh\u00e1bor\u00fak idej\u00e9n hadiipari k\u00f6zpont volt, ez\u00e9rt a revizionizmus id\u0151szaka sz\u00e1mos tekintetben igen er\u0151sen hatott a Csepel szigeten \u00e9l\u0151 lakoss\u00e1g mindennapjaira, a gazdas\u00e1gra \u00e9s a kultur\u00e1lis \u00e9letre egyar\u00e1nt. A ter\u00fclet-visszacsatol\u00e1sok alkalm\u00e1val fontos szerepet kaptak a csepeli hadiipar term\u00e9kei. Hadiker\u00e9kp\u00e1rral, p\u00e1nc\u00e9lozott j\u00e1rm\u0171vel vonultak be a honv\u00e9dcsapatok a kor\u00e1bban elcsatolt, majd visszaszerzett orsz\u00e1gr\u00e9szekre. A csepeli er\u0151g\u00e9pgy\u00e1rt\u00e1st egyfajta v\u00e9degyletes szellem hatotta \u00e1t, a hazai sz\u00fcks\u00e9gletek kiel\u00e9g\u00edt\u00e9s\u00e9re hazai term\u00e9ket kellett gy\u00e1rtani.<\/p><p>A trianoni d\u00f6nt\u00e9s eg\u00e9sz Nagy-Magyarorsz\u00e1g szempontj\u00e1b\u00f3l sorsford\u00edt\u00f3, tragikus esem\u00e9ny volt, t\u00e1rsadalmi, gazdas\u00e1gi v\u00e1ltoz\u00e1sok sor\u00e1nak beind\u00edt\u00f3ja, amelyet egy saj\u00e1tos sz\u0171r\u0151n, \u201ecsepeli szem\u00fcvegen\u201d kereszt\u00fcl szeretn\u00e9nk a 2021. j\u00fanius 4-\u00e9n megny\u00edl\u00f3 \u00e1lland\u00f3, ingyenes t\u00e1rlaton bemutatni.<\/p><p>A helysz\u00ednen rendszeresen sor ker\u00fcl benti \u00e9s kinti m\u00fazeumpedag\u00f3gia foglalkoz\u00e1sokra, rendhagy\u00f3 t\u00f6rt\u00e9nelem\u00f3r\u00e1kra, t\u00f6rt\u00e9nelmi t\u00e9m\u00e1j\u00fa besz\u00e9lget\u00e9sekre, filmvet\u00edt\u00e9sekre \u00e9s ki\u00e1ll\u00edt\u00e1sokra.\u00a0<\/p>\t\t\t\t\t<\/div>\n\t\t\t\t\t\t<\/div>\n\t\t\t\t<\/div>\n\t\t\t\t\t\t<\/div>\n\t\t\t\t\t<\/div>\n\t\t<\/div>\n\t\t\t\t\t\t\t\t<\/div>\n\t\t\t\t\t<\/div>\n\t\t<\/section>\n\t\t\t\t\t\t\t\t\t<\/div>\n\t\t\t<\/div>\n\t\t\t\t\t<\/div>\n\t\t","protected":false},"excerpt":{"rendered":"<p>A trianoni b\u00e9kedikt\u00e1tum al\u00e1\u00edr\u00e1s\u00e1nak 100. \u00e9vfordul\u00f3ja alkalm\u00e1b\u00f3l fenntart\u00f3nk, Budapest XXI. Ker\u00fclete, Csepel \u00d6nkorm\u00e1nyzata l\u00e9trehozta az \u00d6sszetartoz\u00e1s H\u00e1za Trianon Eml\u00e9kki\u00e1ll\u00edt\u00e1st, melynek \u00fczemeltet\u0151je a Csepeli V\u00e1rosk\u00e9p Kft. &nbsp; Kultur\u00e1lis helysz\u00edn\u00fcnk els\u0151sorban a Trianon 100 t\u00f6rt\u00e9neti ki\u00e1ll\u00edt\u00e1s otthona, melynek c\u00e9lja a nemzeti \u00f6sszetartoz\u00e1s \u00e9rz\u00e9s\u00e9nek er\u0151s\u00edt\u00e9se leend\u0151 l\u00e1togat\u00f3ink k\u00f6r\u00e9ben. C\u00e9lunk, a trianoni trauma feldolgoz\u00e1s\u00e1nak el\u0151seg\u00edt\u00e9se, ugyanakkor t\u00e1rgyilagosan szeretn\u00e9nk min\u00e9l [&hellip;]<\/p>\n","protected":false},"author":1,"featured_media":360,"parent":0,"menu_order":0,"comment_status":"closed","ping_status":"closed","template":"","meta":[],"acf":[],"_links":{"self":[{"href":"https:\/\/www.csepelivaroskep.hu\/osszetartozashaza\/wp-json\/wp\/v2\/pages\/9"}],"collection":[{"href":"https:\/\/www.csepelivaroskep.hu\/osszetartozashaza\/wp-json\/wp\/v2\/pages"}],"about":[{"href":"https:\/\/www.csepelivaroskep.hu\/osszetartozashaza\/wp-json\/wp\/v2\/types\/page"}],"author":[{"embeddable":true,"href":"https:\/\/www.csepelivaroskep.hu\/osszetartozashaza\/wp-json\/wp\/v2\/users\/1"}],"replies":[{"embeddable":true,"href":"https:\/\/www.csepelivaroskep.hu\/osszetartozashaza\/wp-json\/wp\/v2\/comments?post=9"}],"version-history":[{"count":25,"href":"https:\/\/www.csepelivaroskep.hu\/osszetartozashaza\/wp-json\/wp\/v2\/pages\/9\/revisions"}],"predecessor-version":[{"id":399,"href":"https:\/\/www.csepelivaroskep.hu\/osszetartozashaza\/wp-json\/wp\/v2\/pages\/9\/revisions\/399"}],"wp:featuredmedia":[{"embeddable":true,"href":"https:\/\/www.csepelivaroskep.hu\/osszetartozashaza\/wp-json\/wp\/v2\/media\/360"}],"wp:attachment":[{"href":"https:\/\/www.csepelivaroskep.hu\/osszetartozashaza\/wp-json\/wp\/v2\/media?parent=9"}],"curies":[{"name":"wp","href":"https:\/\/api.w.org\/{rel}","templated":true}]}}