{"id":494,"date":"2022-08-04T10:26:50","date_gmt":"2022-08-04T10:26:50","guid":{"rendered":"http:\/\/www.csepelivaroskep.hu\/osszetartozashaza\/?post_type=tribe_events&#038;p=494"},"modified":"2022-08-04T10:26:50","modified_gmt":"2022-08-04T10:26:50","slug":"ejszaka-a-muzeumban","status":"publish","type":"tribe_events","link":"https:\/\/www.csepelivaroskep.hu\/osszetartozashaza\/programok\/ejszaka-a-muzeumban\/","title":{"rendered":"\u00c9jszaka a m\u00fazeumban!"},"content":{"rendered":"<p><img loading=\"lazy\" class=\"alignnone size-medium wp-image-495\" src=\"http:\/\/www.csepelivaroskep.hu\/osszetartozashaza\/wp-content\/uploads\/sites\/8\/2022\/08\/Ejszaka-muzeumban-kep-212x300.jpg\" alt=\"\" width=\"212\" height=\"300\" srcset=\"https:\/\/www.csepelivaroskep.hu\/osszetartozashaza\/wp-content\/uploads\/sites\/8\/2022\/08\/Ejszaka-muzeumban-kep-212x300.jpg 212w, https:\/\/www.csepelivaroskep.hu\/osszetartozashaza\/wp-content\/uploads\/sites\/8\/2022\/08\/Ejszaka-muzeumban-kep.jpg 509w\" sizes=\"(max-width: 212px) 100vw, 212px\" \/><\/p>\n<p>&nbsp;<\/p>\n<div class=\"kvgmc6g5 cxmmr5t8 oygrvhab hcukyx3x c1et5uql ii04i59q\">\n<div dir=\"auto\">Sz\u00e9p napot k\u00edv\u00e1nunk! <span class=\"pq6dq46d tbxw36s4 knj5qynh kvgmc6g5 ditlmg2l oygrvhab nvdbi5me sf5mxxl7 gl3lb2sf hhz5lgdu\"><img loading=\"lazy\" src=\"https:\/\/static.xx.fbcdn.net\/images\/emoji.php\/v9\/t6d\/1\/16\/2600.png\" alt=\"\u2600\ufe0f\" width=\"16\" height=\"16\" \/><\/span><\/div>\n<div dir=\"auto\"><\/div>\n<div dir=\"auto\"><\/div>\n<\/div>\n<div class=\"cxmmr5t8 oygrvhab hcukyx3x c1et5uql o9v6fnle ii04i59q\">\n<div dir=\"auto\">9 \u00e9s 13 \u00e9v k\u00f6z\u00f6tti gyermekek r\u00e9sz\u00e9re aj\u00e1nljuk \u00c9jszaka a m\u00fazeumban programunkat, amelyet els\u0151 \u00edzben szeptember 9-r\u0151l 10-re, p\u00e9ntekr\u0151l szombatra fogunk tartani! <span class=\"pq6dq46d tbxw36s4 knj5qynh kvgmc6g5 ditlmg2l oygrvhab nvdbi5me sf5mxxl7 gl3lb2sf hhz5lgdu\"><img loading=\"lazy\" src=\"https:\/\/static.xx.fbcdn.net\/images\/emoji.php\/v9\/t33\/1\/16\/1f319.png\" alt=\"\ud83c\udf19\" width=\"16\" height=\"16\" \/><\/span><span class=\"pq6dq46d tbxw36s4 knj5qynh kvgmc6g5 ditlmg2l oygrvhab nvdbi5me sf5mxxl7 gl3lb2sf hhz5lgdu\"><img loading=\"lazy\" src=\"https:\/\/static.xx.fbcdn.net\/images\/emoji.php\/v9\/td1\/1\/16\/1f526.png\" alt=\"\ud83d\udd26\" width=\"16\" height=\"16\" \/><\/span><span class=\"pq6dq46d tbxw36s4 knj5qynh kvgmc6g5 ditlmg2l oygrvhab nvdbi5me sf5mxxl7 gl3lb2sf hhz5lgdu\"><img loading=\"lazy\" src=\"https:\/\/static.xx.fbcdn.net\/images\/emoji.php\/v9\/tcc\/1\/16\/1f4dd.png\" alt=\"\ud83d\udcdd\" width=\"16\" height=\"16\" \/><\/span><\/div>\n<div dir=\"auto\"><\/div>\n<\/div>\n<div class=\"cxmmr5t8 oygrvhab hcukyx3x c1et5uql o9v6fnle ii04i59q\">\n<div dir=\"auto\">Kedves sz\u00fcl\u0151k, nagysz\u00fcl\u0151k!<\/div>\n<div dir=\"auto\"><\/div>\n<div dir=\"auto\">Ha gyermek\u00fck, unok\u00e1juk szeretne egy izgalmas kaland r\u00e9szese lenni \u00e9s sz\u00edves r\u00e9szt venne \u00e9jszakai pizsamapartinkon, v\u00e1rjuk jelentkez\u00e9s\u00fcket!<\/div>\n<\/div>\n<div class=\"cxmmr5t8 oygrvhab hcukyx3x c1et5uql o9v6fnle ii04i59q\">\n<div dir=\"auto\">B\u0151vebb inform\u00e1ci\u00f3 az osszetartozashaza@csepelivaroskep.hu email c\u00edmen, illetve a 310-01-18-as telefonsz\u00e1mon.<\/div>\n<div dir=\"auto\"><\/div>\n<\/div>\n<div class=\"cxmmr5t8 oygrvhab hcukyx3x c1et5uql o9v6fnle ii04i59q\">\n<div dir=\"auto\">A r\u00e9szv\u00e9telhez el\u0151zetes regisztr\u00e1ci\u00f3 \u00e9s sz\u00fcl\u0151i beleegyez\u00e9s sz\u00fcks\u00e9ges!<\/div>\n<div dir=\"auto\">Kalandra fel!<\/div>\n<\/div>\n","protected":false},"excerpt":{"rendered":"<p>Ha szeretn\u00e9l egy izgalmas kaland r\u00e9szese lenni, gyere el \u00e9jszakai pizsamapartinkra az \u00d6sszetartoz\u00e1s H\u00e1z\u00e1ba!<\/p>\n<p>Lesz kincskeres\u00e9s, t\u00e1bort\u0171z, j\u00e1t\u00e9kok, k\u00e9sz\u00edt\u00fcnk keny\u00e9rlep\u00e9nyt,eml\u00e9k\u00e9rmet \u00e9s felfedezz\u00fck egy\u00fctt ki\u00e1ll\u00edt\u00e1sunkat!<br \/>\nVacsora ut\u00e1n megn\u00e9z\u00fcnk egy\u00fctt egy j\u00f3 filmet, s azt\u00e1n h\u00e1l\u00f3zs\u00e1kban fogunk nyugov\u00f3ra t\u00e9rni! <\/p>\n<p>V\u00e1runk, ha \u00e9letkorod 9 \u00e9s 13 \u00e9v k\u00f6z\u00f6tt van \u00e9s sz\u00fcleid is beleegyeznek!<br \/>\nH\u00edvd testv\u00e9reidet, bar\u00e1taidat is! <\/p>\n<p>R\u00e9szv\u00e9teli d\u00edj 3 500 Ft\/gyermek, amely tartalmazza a vacsor\u00e1t \u00e9s a reggelit is. <\/p>\n","protected":false},"author":9,"featured_media":495,"comment_status":"open","ping_status":"closed","template":"","meta":[],"tags":[],"tribe_events_cat":[],"acf":[],"_links":{"self":[{"href":"https:\/\/www.csepelivaroskep.hu\/osszetartozashaza\/wp-json\/wp\/v2\/tribe_events\/494"}],"collection":[{"href":"https:\/\/www.csepelivaroskep.hu\/osszetartozashaza\/wp-json\/wp\/v2\/tribe_events"}],"about":[{"href":"https:\/\/www.csepelivaroskep.hu\/osszetartozashaza\/wp-json\/wp\/v2\/types\/tribe_events"}],"author":[{"embeddable":true,"href":"https:\/\/www.csepelivaroskep.hu\/osszetartozashaza\/wp-json\/wp\/v2\/users\/9"}],"replies":[{"embeddable":true,"href":"https:\/\/www.csepelivaroskep.hu\/osszetartozashaza\/wp-json\/wp\/v2\/comments?post=494"}],"version-history":[{"count":2,"href":"https:\/\/www.csepelivaroskep.hu\/osszetartozashaza\/wp-json\/wp\/v2\/tribe_events\/494\/revisions"}],"predecessor-version":[{"id":497,"href":"https:\/\/www.csepelivaroskep.hu\/osszetartozashaza\/wp-json\/wp\/v2\/tribe_events\/494\/revisions\/497"}],"wp:featuredmedia":[{"embeddable":true,"href":"https:\/\/www.csepelivaroskep.hu\/osszetartozashaza\/wp-json\/wp\/v2\/media\/495"}],"wp:attachment":[{"href":"https:\/\/www.csepelivaroskep.hu\/osszetartozashaza\/wp-json\/wp\/v2\/media?parent=494"}],"wp:term":[{"taxonomy":"post_tag","embeddable":true,"href":"https:\/\/www.csepelivaroskep.hu\/osszetartozashaza\/wp-json\/wp\/v2\/tags?post=494"},{"taxonomy":"tribe_events_cat","embeddable":true,"href":"https:\/\/www.csepelivaroskep.hu\/osszetartozashaza\/wp-json\/wp\/v2\/tribe_events_cat?post=494"}],"curies":[{"name":"wp","href":"https:\/\/api.w.org\/{rel}","templated":true}]}}

Éjszaka a múzeumban!

<p><img loading="lazy" class="alignnone size-medium wp-image-495" src="http://www.csepelivaroskep.hu/osszetartozashaza/wp-content/uploads/sites/8/2022/08/Ejszaka-muzeumban-kep-212x300.jpg" alt="" width="212" height="300" srcset="https://www.csepelivaroskep.hu/osszetartozashaza/wp-content/uploads/sites/8/2022/08/Ejszaka-muzeumban-kep-212x300.jpg 212w, https://www.csepelivaroskep.hu/osszetartozashaza/wp-content/uploads/sites/8/2022/08/Ejszaka-muzeumban-kep.jpg 509w" sizes="(max-width: 212px) 100vw, 212px" /></p>
<p>&nbsp;</p>
<div class="kvgmc6g5 cxmmr5t8 oygrvhab hcukyx3x c1et5uql ii04i59q">
<div dir="auto">Szép napot kívánunk! <span class="pq6dq46d tbxw36s4 knj5qynh kvgmc6g5 ditlmg2l oygrvhab nvdbi5me sf5mxxl7 gl3lb2sf hhz5lgdu"><img loading="lazy" src="https://static.xx.fbcdn.net/images/emoji.php/v9/t6d/1/16/2600.png" alt="☀️" width="16" height="16" /></span></div>
<div dir="auto"></div>
<div dir="auto"></div>
</div>
<div class="cxmmr5t8 oygrvhab hcukyx3x c1et5uql o9v6fnle ii04i59q">
<div dir="auto">9 és 13 év közötti gyermekek részére ajánljuk Éjszaka a múzeumban programunkat, amelyet első ízben szeptember 9-ről 10-re, péntekről szombatra fogunk tartani! <span class="pq6dq46d tbxw36s4 knj5qynh kvgmc6g5 ditlmg2l oygrvhab nvdbi5me sf5mxxl7 gl3lb2sf hhz5lgdu"><img loading="lazy" src="https://static.xx.fbcdn.net/images/emoji.php/v9/t33/1/16/1f319.png" alt="🌙" width="16" height="16" /></span><span class="pq6dq46d tbxw36s4 knj5qynh kvgmc6g5 ditlmg2l oygrvhab nvdbi5me sf5mxxl7 gl3lb2sf hhz5lgdu"><img loading="lazy" src="https://static.xx.fbcdn.net/images/emoji.php/v9/td1/1/16/1f526.png" alt="🔦" width="16" height="16" /></span><span class="pq6dq46d tbxw36s4 knj5qynh kvgmc6g5 ditlmg2l oygrvhab nvdbi5me sf5mxxl7 gl3lb2sf hhz5lgdu"><img loading="lazy" src="https://static.xx.fbcdn.net/images/emoji.php/v9/tcc/1/16/1f4dd.png" alt="📝" width="16" height="16" /></span></div>
<div dir="auto"></div>
</div>
<div class="cxmmr5t8 oygrvhab hcukyx3x c1et5uql o9v6fnle ii04i59q">
<div dir="auto">Kedves szülők, nagyszülők!</div>
<div dir="auto"></div>
<div dir="auto">Ha gyermekük, unokájuk szeretne egy izgalmas kaland részese lenni és szíves részt venne éjszakai pizsamapartinkon, várjuk jelentkezésüket!</div>
</div>
<div class="cxmmr5t8 oygrvhab hcukyx3x c1et5uql o9v6fnle ii04i59q">
<div dir="auto">Bővebb információ az osszetartozashaza@csepelivaroskep.hu email címen, illetve a 310-01-18-as telefonszámon.</div>
<div dir="auto"></div>
</div>
<div class="cxmmr5t8 oygrvhab hcukyx3x c1et5uql o9v6fnle ii04i59q">
<div dir="auto">A részvételhez előzetes regisztráció és szülői beleegyezés szükséges!</div>
<div dir="auto">Kalandra fel!</div>
</div>

<p>Ha szeretnél egy izgalmas kaland részese lenni, gyere el éjszakai pizsamapartinkra az Összetartozás Házába!</p>
<p>Lesz kincskeresés, tábortűz, játékok, készítünk kenyérlepényt,emlékérmet és felfedezzük együtt kiállításunkat!<br />
Vacsora után megnézünk együtt egy jó filmet, s aztán hálózsákban fogunk nyugovóra térni! </p>
<p>Várunk, ha életkorod 9 és 13 év között van és szüleid is beleegyeznek!<br />
Hívd testvéreidet, barátaidat is! </p>
<p>Részvételi díj 3 500 Ft/gyermek, amely tartalmazza a vacsorát és a reggelit is. </p>
