{"id":498,"date":"2022-08-04T12:44:50","date_gmt":"2022-08-04T12:44:50","guid":{"rendered":"http:\/\/www.csepelivaroskep.hu\/osszetartozashaza\/?post_type=tribe_events&#038;p=498"},"modified":"2022-08-04T12:44:50","modified_gmt":"2022-08-04T12:44:50","slug":"498","status":"publish","type":"tribe_events","link":"https:\/\/www.csepelivaroskep.hu\/osszetartozashaza\/programok\/498\/","title":{"rendered":""},"content":{"rendered":"<p><img loading=\"lazy\" class=\"alignnone size-medium wp-image-499\" src=\"http:\/\/www.csepelivaroskep.hu\/osszetartozashaza\/wp-content\/uploads\/sites\/8\/2022\/08\/rovas_A3_osz-002-212x300.jpg\" alt=\"\" width=\"212\" height=\"300\" srcset=\"https:\/\/www.csepelivaroskep.hu\/osszetartozashaza\/wp-content\/uploads\/sites\/8\/2022\/08\/rovas_A3_osz-002-212x300.jpg 212w, https:\/\/www.csepelivaroskep.hu\/osszetartozashaza\/wp-content\/uploads\/sites\/8\/2022\/08\/rovas_A3_osz-002-724x1024.jpg 724w, https:\/\/www.csepelivaroskep.hu\/osszetartozashaza\/wp-content\/uploads\/sites\/8\/2022\/08\/rovas_A3_osz-002-768x1086.jpg 768w, https:\/\/www.csepelivaroskep.hu\/osszetartozashaza\/wp-content\/uploads\/sites\/8\/2022\/08\/rovas_A3_osz-002.jpg 842w\" sizes=\"(max-width: 212px) 100vw, 212px\" \/><\/p>\n<p>Kezd\u0151 rov\u00e1s\u00edr\u00e1s-tanfolyamot ind\u00edtunk, megfelel\u0151 sz\u00e1m\u00fa jelentkez\u0151 eset\u00e9n, okt\u00f3ber 8-\u00e1n, szombaton, 09.30-11.00 k\u00f6z\u00f6tt.<\/p>\n<p>A halad\u00f3 tanfolyam szint\u00e9n okt\u00f3ber 8-\u00e1n, szombaton fog folytat\u00f3dni, 11.00-12.30-ig!<\/p>\n<p>Minden kedves \u00e9rdekl\u0151d\u0151t regisztr\u00e1ci\u00f3t k\u00f6vet\u0151en szeretettel v\u00e1runk!<\/p>\n<p>Regisztr\u00e1lni az osszetartozashaza@csepelivaroskep.hu e-mail c\u00edmen, illetve a +361 310-01-18-as telefonsz\u00e1mon lehets\u00e9ges.<\/p>\n<p>A r\u00e9szv\u00e9tel ingyenes!<\/p>\n<p>Sz\u00f3ljanak \u00e9rdekl\u0151d\u0151 rokonaiknak, bar\u00e1taiknak, ismer\u0151seiknek is!<\/p>\n<p>&nbsp;<\/p>\n<p>&nbsp;<\/p>\n","protected":false},"excerpt":{"rendered":"<p>Kezd\u0151 rov\u00e1s\u00edr\u00e1s-tanfolyamot ind\u00edtunk, megfelel\u0151 sz\u00e1m\u00fa jelentkez\u0151 eset\u00e9n, okt\u00f3ber 8-\u00e1n, szombaton, 09.30-11.00 k\u00f6z\u00f6tt.<\/p>\n<p>A halad\u00f3 tanfolyam szint\u00e9n okt\u00f3ber 8-\u00e1n fog folytat\u00f3dni, 11.00-12.30-ig!\u00a0<\/p>\n<p>Minden kedves \u00e9rdekl\u0151d\u0151t regisztr\u00e1ci\u00f3t k\u00f6vet\u0151en szeretettel v\u00e1runk!<\/p>\n<p>Regisztr\u00e1lni az osszetartozashaza@csepelivaroskep.hu e-mail c\u00edmen, illetve a +361 310-01-18-as telefonsz\u00e1mon lehets\u00e9ges.\u00a0<\/p>\n<p>A r\u00e9szv\u00e9tel ingyenes!\u00a0\u00a0<\/p>\n","protected":false},"author":9,"featured_media":499,"comment_status":"open","ping_status":"closed","template":"","meta":[],"tags":[],"tribe_events_cat":[],"acf":[],"_links":{"self":[{"href":"https:\/\/www.csepelivaroskep.hu\/osszetartozashaza\/wp-json\/wp\/v2\/tribe_events\/498"}],"collection":[{"href":"https:\/\/www.csepelivaroskep.hu\/osszetartozashaza\/wp-json\/wp\/v2\/tribe_events"}],"about":[{"href":"https:\/\/www.csepelivaroskep.hu\/osszetartozashaza\/wp-json\/wp\/v2\/types\/tribe_events"}],"author":[{"embeddable":true,"href":"https:\/\/www.csepelivaroskep.hu\/osszetartozashaza\/wp-json\/wp\/v2\/users\/9"}],"replies":[{"embeddable":true,"href":"https:\/\/www.csepelivaroskep.hu\/osszetartozashaza\/wp-json\/wp\/v2\/comments?post=498"}],"version-history":[{"count":1,"href":"https:\/\/www.csepelivaroskep.hu\/osszetartozashaza\/wp-json\/wp\/v2\/tribe_events\/498\/revisions"}],"predecessor-version":[{"id":500,"href":"https:\/\/www.csepelivaroskep.hu\/osszetartozashaza\/wp-json\/wp\/v2\/tribe_events\/498\/revisions\/500"}],"wp:featuredmedia":[{"embeddable":true,"href":"https:\/\/www.csepelivaroskep.hu\/osszetartozashaza\/wp-json\/wp\/v2\/media\/499"}],"wp:attachment":[{"href":"https:\/\/www.csepelivaroskep.hu\/osszetartozashaza\/wp-json\/wp\/v2\/media?parent=498"}],"wp:term":[{"taxonomy":"post_tag","embeddable":true,"href":"https:\/\/www.csepelivaroskep.hu\/osszetartozashaza\/wp-json\/wp\/v2\/tags?post=498"},{"taxonomy":"tribe_events_cat","embeddable":true,"href":"https:\/\/www.csepelivaroskep.hu\/osszetartozashaza\/wp-json\/wp\/v2\/tribe_events_cat?post=498"}],"curies":[{"name":"wp","href":"https:\/\/api.w.org\/{rel}","templated":true}]}}

<p><img loading="lazy" class="alignnone size-medium wp-image-499" src="http://www.csepelivaroskep.hu/osszetartozashaza/wp-content/uploads/sites/8/2022/08/rovas_A3_osz-002-212x300.jpg" alt="" width="212" height="300" srcset="https://www.csepelivaroskep.hu/osszetartozashaza/wp-content/uploads/sites/8/2022/08/rovas_A3_osz-002-212x300.jpg 212w, https://www.csepelivaroskep.hu/osszetartozashaza/wp-content/uploads/sites/8/2022/08/rovas_A3_osz-002-724x1024.jpg 724w, https://www.csepelivaroskep.hu/osszetartozashaza/wp-content/uploads/sites/8/2022/08/rovas_A3_osz-002-768x1086.jpg 768w, https://www.csepelivaroskep.hu/osszetartozashaza/wp-content/uploads/sites/8/2022/08/rovas_A3_osz-002.jpg 842w" sizes="(max-width: 212px) 100vw, 212px" /></p>
<p>Kezdő rovásírás-tanfolyamot indítunk, megfelelő számú jelentkező esetén, október 8-án, szombaton, 09.30-11.00 között.</p>
<p>A haladó tanfolyam szintén október 8-án, szombaton fog folytatódni, 11.00-12.30-ig!</p>
<p>Minden kedves érdeklődőt regisztrációt követően szeretettel várunk!</p>
<p>Regisztrálni az osszetartozashaza@csepelivaroskep.hu e-mail címen, illetve a +361 310-01-18-as telefonszámon lehetséges.</p>
<p>A részvétel ingyenes!</p>
<p>Szóljanak érdeklődő rokonaiknak, barátaiknak, ismerőseiknek is!</p>
<p>&nbsp;</p>
<p>&nbsp;</p>

<p>Kezdő rovásírás-tanfolyamot indítunk, megfelelő számú jelentkező esetén, október 8-án, szombaton, 09.30-11.00 között.</p>
<p>A haladó tanfolyam szintén október 8-án fog folytatódni, 11.00-12.30-ig! </p>
<p>Minden kedves érdeklődőt regisztrációt követően szeretettel várunk!</p>
<p>Regisztrálni az osszetartozashaza@csepelivaroskep.hu e-mail címen, illetve a +361 310-01-18-as telefonszámon lehetséges. </p>
<p>A részvétel ingyenes!  </p>
