{"id":502,"date":"2022-09-23T07:20:32","date_gmt":"2022-09-23T07:20:32","guid":{"rendered":"http:\/\/www.csepelivaroskep.hu\/osszetartozashaza\/?post_type=tribe_events&#038;p=502"},"modified":"2022-09-23T07:20:32","modified_gmt":"2022-09-23T07:20:32","slug":"magyar-nepmese-napja","status":"publish","type":"tribe_events","link":"https:\/\/www.csepelivaroskep.hu\/osszetartozashaza\/programok\/magyar-nepmese-napja\/","title":{"rendered":"Magyar N\u00e9pmese Napja"},"content":{"rendered":"<div class=\"l7ghb35v kjdc1dyq kmwttqpk gh25dzvf jikcssrz n3t5jt4f\">\n<h1>Okt\u00f3ber 1-j\u00e9n, szombaton, 10.00 &#8211; 14.00 k\u00f6z\u00f6tt ism\u00e9telten megrendez\u00e9sre ker\u00fcl a Magyar N\u00e9pmese Napja, amelyre minden kicsit \u00e9s nagyot sok szeretettel h\u00edvunk, v\u00e1runk! <span class=\"fxk3tzhb b2rh1bv3 gh55jysx m8h3af8h ewco64xe kjdc1dyq ms56khn7 bq6c9xl4 eohcrkr5 akh3l2rg\"><img loading=\"lazy\" src=\"https:\/\/static.xx.fbcdn.net\/images\/emoji.php\/v9\/t6f\/1\/16\/1f337.png\" alt=\"\ud83c\udf37\" width=\"16\" height=\"16\" \/><\/span><\/h1>\n<h1><\/h1>\n<\/div>\n<div dir=\"auto\">\n<h2>10.00 \u00e9s 11.30-as kezdettel a Ludasi N\u00e9pmesemond\u00f3 M\u0171hely vajdas\u00e1gi n\u00e9pi j\u00e1tsz\u00f3h\u00e1za:<\/h2>\n<\/div>\n<div dir=\"auto\">\n<h2>A sz\u00f6g\u00e9ny emb\u00f6r fia c\u00edm\u0171 n\u00e9pmese elmond\u00e1sa ut\u00e1n kapcsol\u00f3d\u00f3 k\u00e9zm\u0171ves foglalkoz\u00e1st \u00e9s n\u00e9pihangszer -bemutat\u00f3t fog tartani!<\/h2>\n<\/div>\n<div dir=\"auto\"><\/div>\n<div dir=\"auto\">A fenti, 10.00 \u00f3rai \u00e9s 11.30-as kezdet\u0171 komplex foglalkoz\u00e1sokon val\u00f3 r\u00e9szv\u00e9tel el\u0151zetes regisztr\u00e1ci\u00f3hoz k\u00f6t\u00f6tt a korl\u00e1tozott r\u00e9sztvev\u0151 sz\u00e1m miatt!<\/div>\n<div dir=\"auto\">Regisztr\u00e1lni az osszetartozashaza@csepelivaroskep.hu e-mail c\u00edmen, szem\u00e9lyesen a ki\u00e1ll\u00edt\u00e1s \u00e9p\u00fclet\u00e9ben nyitvatart\u00e1si id\u0151ben, illetve a +361\/ 310-01-18-as telefonsz\u00e1mon lehet a r\u00e9szt venni k\u00edv\u00e1n\u00f3 gyermek nev\u00e9nek megad\u00e1s\u00e1val.<\/div>\n<div dir=\"auto\"><\/div>\n<h2>Lesz m\u00e9g a n\u00e9pmes\u00e9khez kapcsol\u00f3d\u00f3 egy\u00e9b k\u00e9zm\u0171ves foglalkoz\u00e1s, n\u00e9pi j\u00e1t\u00e9kok, \u00e1llatsimogat\u00f3, mesebeli pr\u00f3b\u00e1k aj\u00e1nd\u00e9k\u00e9rt.<\/h2>\n<div dir=\"auto\">\n<h2>Mivel ezen a napon van a zene vil\u00e1gnapja is, s mert a n\u00e9pmes\u00e9hez szorosan k\u00f6t\u0151dik a n\u00e9pzene is, egy kis j\u00e1t\u00e9kkal f\u0171szerezve, ez\u00e9rt <em>12.30-t\u00f3l a Botos\u00e1nka Tri\u00f3 fogja h\u00fazni a talpal\u00e1val\u00f3t<\/em>!<\/h2>\n<\/div>\n<div dir=\"auto\"><\/div>\n<div dir=\"auto\">\n<h2>A bel\u00e9p\u00e9s d\u00edjtalan!<\/h2>\n<\/div>\n<div class=\"l7ghb35v kjdc1dyq kmwttqpk gh25dzvf jikcssrz n3t5jt4f\">\n<h1>V\u00e1rjuk a csal\u00e1dokat sok szeretettel! <span class=\"fxk3tzhb b2rh1bv3 gh55jysx m8h3af8h ewco64xe kjdc1dyq ms56khn7 bq6c9xl4 eohcrkr5 akh3l2rg\"><img loading=\"lazy\" src=\"https:\/\/static.xx.fbcdn.net\/images\/emoji.php\/v9\/t89\/1\/16\/1f342.png\" alt=\"\ud83c\udf42\" width=\"16\" height=\"16\" \/><\/span><span class=\"fxk3tzhb b2rh1bv3 gh55jysx m8h3af8h ewco64xe kjdc1dyq ms56khn7 bq6c9xl4 eohcrkr5 akh3l2rg\"><img loading=\"lazy\" src=\"https:\/\/static.xx.fbcdn.net\/images\/emoji.php\/v9\/t17\/1\/16\/1f49d.png\" alt=\"\ud83d\udc9d\" width=\"16\" height=\"16\" \/><\/span><\/h1>\n<\/div>\n<div dir=\"auto\"><\/div>\n<div dir=\"auto\"><\/div>\n<div dir=\"auto\"><img loading=\"lazy\" class=\"alignnone size-medium wp-image-503\" src=\"http:\/\/www.csepelivaroskep.hu\/osszetartozashaza\/wp-content\/uploads\/sites\/8\/2022\/09\/Foto_plaki_ok_2022-201x300.png\" alt=\"\" width=\"201\" height=\"300\" srcset=\"https:\/\/www.csepelivaroskep.hu\/osszetartozashaza\/wp-content\/uploads\/sites\/8\/2022\/09\/Foto_plaki_ok_2022-201x300.png 201w, https:\/\/www.csepelivaroskep.hu\/osszetartozashaza\/wp-content\/uploads\/sites\/8\/2022\/09\/Foto_plaki_ok_2022-686x1024.png 686w, https:\/\/www.csepelivaroskep.hu\/osszetartozashaza\/wp-content\/uploads\/sites\/8\/2022\/09\/Foto_plaki_ok_2022.png 711w\" sizes=\"(max-width: 201px) 100vw, 201px\" \/><\/div>\n","protected":false},"excerpt":{"rendered":"<p>10.00 \u00e9s 11.30-as kezdettel a Ludasi N\u00e9pmesemond\u00f3 M\u0171hely vajdas\u00e1gi n\u00e9pi j\u00e1tsz\u00f3h\u00e1za:<br \/>\nA sz\u00f6g\u00e9ny emb\u00f6r fia c\u00edm\u0171 n\u00e9pmese elmond\u00e1sa ut\u00e1n kapcsol\u00f3d\u00f3 k\u00e9zm\u0171ves foglalkoz\u00e1st \u00e9s n\u00e9pihangszer -bemutat\u00f3t fog tartani!<br \/>\n12.30-t\u00f3l a Botos\u00e1nka Tri\u00f3 fogja h\u00fazni a talpal\u00e1val\u00f3t!<\/p>\n<p>Lesz m\u00e9g a n\u00e9pmes\u00e9khez kapcsol\u00f3d\u00f3 egy\u00e9b k\u00e9zm\u0171ves foglalkoz\u00e1s, n\u00e9pi j\u00e1t\u00e9kok, \u00e1llatsimogat\u00f3, mesebeli pr\u00f3b\u00e1k aj\u00e1nd\u00e9k\u00e9rt!<\/p>\n","protected":false},"author":9,"featured_media":503,"comment_status":"open","ping_status":"closed","template":"","meta":[],"tags":[],"tribe_events_cat":[],"acf":[],"_links":{"self":[{"href":"https:\/\/www.csepelivaroskep.hu\/osszetartozashaza\/wp-json\/wp\/v2\/tribe_events\/502"}],"collection":[{"href":"https:\/\/www.csepelivaroskep.hu\/osszetartozashaza\/wp-json\/wp\/v2\/tribe_events"}],"about":[{"href":"https:\/\/www.csepelivaroskep.hu\/osszetartozashaza\/wp-json\/wp\/v2\/types\/tribe_events"}],"author":[{"embeddable":true,"href":"https:\/\/www.csepelivaroskep.hu\/osszetartozashaza\/wp-json\/wp\/v2\/users\/9"}],"replies":[{"embeddable":true,"href":"https:\/\/www.csepelivaroskep.hu\/osszetartozashaza\/wp-json\/wp\/v2\/comments?post=502"}],"version-history":[{"count":7,"href":"https:\/\/www.csepelivaroskep.hu\/osszetartozashaza\/wp-json\/wp\/v2\/tribe_events\/502\/revisions"}],"predecessor-version":[{"id":510,"href":"https:\/\/www.csepelivaroskep.hu\/osszetartozashaza\/wp-json\/wp\/v2\/tribe_events\/502\/revisions\/510"}],"wp:featuredmedia":[{"embeddable":true,"href":"https:\/\/www.csepelivaroskep.hu\/osszetartozashaza\/wp-json\/wp\/v2\/media\/503"}],"wp:attachment":[{"href":"https:\/\/www.csepelivaroskep.hu\/osszetartozashaza\/wp-json\/wp\/v2\/media?parent=502"}],"wp:term":[{"taxonomy":"post_tag","embeddable":true,"href":"https:\/\/www.csepelivaroskep.hu\/osszetartozashaza\/wp-json\/wp\/v2\/tags?post=502"},{"taxonomy":"tribe_events_cat","embeddable":true,"href":"https:\/\/www.csepelivaroskep.hu\/osszetartozashaza\/wp-json\/wp\/v2\/tribe_events_cat?post=502"}],"curies":[{"name":"wp","href":"https:\/\/api.w.org\/{rel}","templated":true}]}}

Magyar Népmese Napja

<div class="l7ghb35v kjdc1dyq kmwttqpk gh25dzvf jikcssrz n3t5jt4f">
<h1>Október 1-jén, szombaton, 10.00 &#8211; 14.00 között ismételten megrendezésre kerül a Magyar Népmese Napja, amelyre minden kicsit és nagyot sok szeretettel hívunk, várunk! <span class="fxk3tzhb b2rh1bv3 gh55jysx m8h3af8h ewco64xe kjdc1dyq ms56khn7 bq6c9xl4 eohcrkr5 akh3l2rg"><img loading="lazy" src="https://static.xx.fbcdn.net/images/emoji.php/v9/t6f/1/16/1f337.png" alt="🌷" width="16" height="16" /></span></h1>
<h1></h1>
</div>
<div dir="auto">
<h2>10.00 és 11.30-as kezdettel a Ludasi Népmesemondó Műhely vajdasági népi játszóháza:</h2>
</div>
<div dir="auto">
<h2>A szögény embör fia című népmese elmondása után kapcsolódó kézműves foglalkozást és népihangszer -bemutatót fog tartani!</h2>
</div>
<div dir="auto"></div>
<div dir="auto">A fenti, 10.00 órai és 11.30-as kezdetű komplex foglalkozásokon való részvétel előzetes regisztrációhoz kötött a korlátozott résztvevő szám miatt!</div>
<div dir="auto">Regisztrálni az osszetartozashaza@csepelivaroskep.hu e-mail címen, személyesen a kiállítás épületében nyitvatartási időben, illetve a +361/ 310-01-18-as telefonszámon lehet a részt venni kívánó gyermek nevének megadásával.</div>
<div dir="auto"></div>
<h2>Lesz még a népmesékhez kapcsolódó egyéb kézműves foglalkozás, népi játékok, állatsimogató, mesebeli próbák ajándékért.</h2>
<div dir="auto">
<h2>Mivel ezen a napon van a zene világnapja is, s mert a népmeséhez szorosan kötődik a népzene is, egy kis játékkal fűszerezve, ezért <em>12.30-tól a Botosánka Trió fogja húzni a talpalávalót</em>!</h2>
</div>
<div dir="auto"></div>
<div dir="auto">
<h2>A belépés díjtalan!</h2>
</div>
<div class="l7ghb35v kjdc1dyq kmwttqpk gh25dzvf jikcssrz n3t5jt4f">
<h1>Várjuk a családokat sok szeretettel! <span class="fxk3tzhb b2rh1bv3 gh55jysx m8h3af8h ewco64xe kjdc1dyq ms56khn7 bq6c9xl4 eohcrkr5 akh3l2rg"><img loading="lazy" src="https://static.xx.fbcdn.net/images/emoji.php/v9/t89/1/16/1f342.png" alt="🍂" width="16" height="16" /></span><span class="fxk3tzhb b2rh1bv3 gh55jysx m8h3af8h ewco64xe kjdc1dyq ms56khn7 bq6c9xl4 eohcrkr5 akh3l2rg"><img loading="lazy" src="https://static.xx.fbcdn.net/images/emoji.php/v9/t17/1/16/1f49d.png" alt="💝" width="16" height="16" /></span></h1>
</div>
<div dir="auto"></div>
<div dir="auto"></div>
<div dir="auto"><img loading="lazy" class="alignnone size-medium wp-image-503" src="http://www.csepelivaroskep.hu/osszetartozashaza/wp-content/uploads/sites/8/2022/09/Foto_plaki_ok_2022-201x300.png" alt="" width="201" height="300" srcset="https://www.csepelivaroskep.hu/osszetartozashaza/wp-content/uploads/sites/8/2022/09/Foto_plaki_ok_2022-201x300.png 201w, https://www.csepelivaroskep.hu/osszetartozashaza/wp-content/uploads/sites/8/2022/09/Foto_plaki_ok_2022-686x1024.png 686w, https://www.csepelivaroskep.hu/osszetartozashaza/wp-content/uploads/sites/8/2022/09/Foto_plaki_ok_2022.png 711w" sizes="(max-width: 201px) 100vw, 201px" /></div>

<p>10.00 és 11.30-as kezdettel a Ludasi Népmesemondó Műhely vajdasági népi játszóháza:<br />
A szögény embör fia című népmese elmondása után kapcsolódó kézműves foglalkozást és népihangszer -bemutatót fog tartani!<br />
12.30-tól a Botosánka Trió fogja húzni a talpalávalót!</p>
<p>Lesz még a népmesékhez kapcsolódó egyéb kézműves foglalkozás, népi játékok, állatsimogató, mesebeli próbák ajándékért!</p>
