{"id":524,"date":"2023-02-21T11:52:43","date_gmt":"2023-02-21T11:52:43","guid":{"rendered":"http:\/\/www.csepelivaroskep.hu\/osszetartozashaza\/?post_type=tribe_events&#038;p=524"},"modified":"2023-02-21T11:52:43","modified_gmt":"2023-02-21T11:52:43","slug":"noi-sorsok-idoutazas-a-reformkor-magyarorszagara","status":"publish","type":"tribe_events","link":"https:\/\/www.csepelivaroskep.hu\/osszetartozashaza\/programok\/noi-sorsok-idoutazas-a-reformkor-magyarorszagara\/","title":{"rendered":"N\u0151i sorsok Id\u0151utaz\u00e1s a reformkor Magyarorsz\u00e1g\u00e1ra"},"content":{"rendered":"<p><strong>17.30 &#8220;Egy n\u0151, t\u00f6bb mint csak asszony&#8221;<\/strong> Gyimesi Emese irodalomt\u00f6rt\u00e9n\u00e9sz el\u0151ad\u00e1sa Szendrey J\u00fali\u00e1r\u00f3l<\/p>\n<p><strong>18.30 Kalandoz\u00e1s a parf\u00fcm\u00f6k vil\u00e1g\u00e1ban &#8211; a Nemzeti illat (1846)<\/strong> Pint\u00e9r Zs\u00f3fia illatkre\u00e1tor el\u0151ad\u00e1sa<\/p>\n<p>Korszakra jellemz\u0151 ruhamodellek bemutat\u00e1sa, reformkori receptek<\/p>\n<p><em>A rendezv\u00e9nyen val\u00f3 r\u00e9szv\u00e9tel felt\u00e9tele az el\u0151zetes regisztr\u00e1ci\u00f3!\u00a0<\/em><\/p>\n<p><em>Regisztr\u00e1lni az osszetartozashaza@csepelivaroskep.hu e-mail c\u00edmen lehets\u00e9ges n\u00e9v \u00e9s el\u00e9rhet\u0151s\u00e9g megad\u00e1s\u00e1val.\u00a0<\/em><\/p>\n<p>&nbsp;<\/p>\n<p><img loading=\"lazy\" class=\"alignnone size-medium wp-image-526\" src=\"http:\/\/www.csepelivaroskep.hu\/osszetartozashaza\/wp-content\/uploads\/sites\/8\/2023\/02\/Plakat_2023-212x300.jpg\" alt=\"\" width=\"212\" height=\"300\" srcset=\"https:\/\/www.csepelivaroskep.hu\/osszetartozashaza\/wp-content\/uploads\/sites\/8\/2023\/02\/Plakat_2023-212x300.jpg 212w, https:\/\/www.csepelivaroskep.hu\/osszetartozashaza\/wp-content\/uploads\/sites\/8\/2023\/02\/Plakat_2023-724x1024.jpg 724w, https:\/\/www.csepelivaroskep.hu\/osszetartozashaza\/wp-content\/uploads\/sites\/8\/2023\/02\/Plakat_2023-768x1086.jpg 768w, https:\/\/www.csepelivaroskep.hu\/osszetartozashaza\/wp-content\/uploads\/sites\/8\/2023\/02\/Plakat_2023-1086x1536.jpg 1086w, https:\/\/www.csepelivaroskep.hu\/osszetartozashaza\/wp-content\/uploads\/sites\/8\/2023\/02\/Plakat_2023-1448x2048.jpg 1448w, https:\/\/www.csepelivaroskep.hu\/osszetartozashaza\/wp-content\/uploads\/sites\/8\/2023\/02\/Plakat_2023.jpg 1684w\" sizes=\"(max-width: 212px) 100vw, 212px\" \/><\/p>\n","protected":false},"excerpt":{"rendered":"<p>17.30 &#8220;Egy n\u0151, t\u00f6bb mint csak asszony&#8221; Gyimesi Emese irodalomt\u00f6rt\u00e9n\u00e9sz el\u0151ad\u00e1sa Szendrey J\u00fali\u00e1r\u00f3l<\/p>\n<p>18.30 Kalandoz\u00e1s a parf\u00fcm\u00f6k vil\u00e1g\u00e1ban &#8211; a Nemzeti illat (1846) Pint\u00e9r Zs\u00f3fia illatkre\u00e1tor el\u0151ad\u00e1sa\u00a0<\/p>\n<p>Korszakra jellemz\u0151 ruhamodellek bemutat\u00e1sa, reformkori receptek<\/p>\n","protected":false},"author":9,"featured_media":526,"comment_status":"open","ping_status":"closed","template":"","meta":[],"tags":[],"tribe_events_cat":[],"acf":[],"_links":{"self":[{"href":"https:\/\/www.csepelivaroskep.hu\/osszetartozashaza\/wp-json\/wp\/v2\/tribe_events\/524"}],"collection":[{"href":"https:\/\/www.csepelivaroskep.hu\/osszetartozashaza\/wp-json\/wp\/v2\/tribe_events"}],"about":[{"href":"https:\/\/www.csepelivaroskep.hu\/osszetartozashaza\/wp-json\/wp\/v2\/types\/tribe_events"}],"author":[{"embeddable":true,"href":"https:\/\/www.csepelivaroskep.hu\/osszetartozashaza\/wp-json\/wp\/v2\/users\/9"}],"replies":[{"embeddable":true,"href":"https:\/\/www.csepelivaroskep.hu\/osszetartozashaza\/wp-json\/wp\/v2\/comments?post=524"}],"version-history":[{"count":5,"href":"https:\/\/www.csepelivaroskep.hu\/osszetartozashaza\/wp-json\/wp\/v2\/tribe_events\/524\/revisions"}],"predecessor-version":[{"id":530,"href":"https:\/\/www.csepelivaroskep.hu\/osszetartozashaza\/wp-json\/wp\/v2\/tribe_events\/524\/revisions\/530"}],"wp:featuredmedia":[{"embeddable":true,"href":"https:\/\/www.csepelivaroskep.hu\/osszetartozashaza\/wp-json\/wp\/v2\/media\/526"}],"wp:attachment":[{"href":"https:\/\/www.csepelivaroskep.hu\/osszetartozashaza\/wp-json\/wp\/v2\/media?parent=524"}],"wp:term":[{"taxonomy":"post_tag","embeddable":true,"href":"https:\/\/www.csepelivaroskep.hu\/osszetartozashaza\/wp-json\/wp\/v2\/tags?post=524"},{"taxonomy":"tribe_events_cat","embeddable":true,"href":"https:\/\/www.csepelivaroskep.hu\/osszetartozashaza\/wp-json\/wp\/v2\/tribe_events_cat?post=524"}],"curies":[{"name":"wp","href":"https:\/\/api.w.org\/{rel}","templated":true}]}}

Női sorsok Időutazás a reformkor Magyarországára

<p><strong>17.30 &#8220;Egy nő, több mint csak asszony&#8221;</strong> Gyimesi Emese irodalomtörténész előadása Szendrey Júliáról</p>
<p><strong>18.30 Kalandozás a parfümök világában &#8211; a Nemzeti illat (1846)</strong> Pintér Zsófia illatkreátor előadása</p>
<p>Korszakra jellemző ruhamodellek bemutatása, reformkori receptek</p>
<p><em>A rendezvényen való részvétel feltétele az előzetes regisztráció! </em></p>
<p><em>Regisztrálni az osszetartozashaza@csepelivaroskep.hu e-mail címen lehetséges név és elérhetőség megadásával. </em></p>
<p>&nbsp;</p>
<p><img loading="lazy" class="alignnone size-medium wp-image-526" src="http://www.csepelivaroskep.hu/osszetartozashaza/wp-content/uploads/sites/8/2023/02/Plakat_2023-212x300.jpg" alt="" width="212" height="300" srcset="https://www.csepelivaroskep.hu/osszetartozashaza/wp-content/uploads/sites/8/2023/02/Plakat_2023-212x300.jpg 212w, https://www.csepelivaroskep.hu/osszetartozashaza/wp-content/uploads/sites/8/2023/02/Plakat_2023-724x1024.jpg 724w, https://www.csepelivaroskep.hu/osszetartozashaza/wp-content/uploads/sites/8/2023/02/Plakat_2023-768x1086.jpg 768w, https://www.csepelivaroskep.hu/osszetartozashaza/wp-content/uploads/sites/8/2023/02/Plakat_2023-1086x1536.jpg 1086w, https://www.csepelivaroskep.hu/osszetartozashaza/wp-content/uploads/sites/8/2023/02/Plakat_2023-1448x2048.jpg 1448w, https://www.csepelivaroskep.hu/osszetartozashaza/wp-content/uploads/sites/8/2023/02/Plakat_2023.jpg 1684w" sizes="(max-width: 212px) 100vw, 212px" /></p>

<p>17.30 &#8220;Egy nő, több mint csak asszony&#8221; Gyimesi Emese irodalomtörténész előadása Szendrey Júliáról</p>
<p>18.30 Kalandozás a parfümök világában &#8211; a Nemzeti illat (1846) Pintér Zsófia illatkreátor előadása </p>
<p>Korszakra jellemző ruhamodellek bemutatása, reformkori receptek</p>
