{"id":536,"date":"2023-06-23T07:48:00","date_gmt":"2023-06-23T07:48:00","guid":{"rendered":"http:\/\/www.csepelivaroskep.hu\/osszetartozashaza\/?post_type=tribe_events&#038;p=536"},"modified":"2023-06-23T07:48:00","modified_gmt":"2023-06-23T07:48:00","slug":"muzeumok-ejszakaja-csepelen-osszetartozas-haza","status":"publish","type":"tribe_events","link":"https:\/\/www.csepelivaroskep.hu\/osszetartozashaza\/programok\/muzeumok-ejszakaja-csepelen-osszetartozas-haza\/","title":{"rendered":"M\u00fazeumok \u00c9jszak\u00e1ja Csepelen &#8211; \u00d6sszetartoz\u00e1s H\u00e1za"},"content":{"rendered":"<p><img loading=\"lazy\" class=\"alignnone size-medium wp-image-541\" src=\"http:\/\/www.csepelivaroskep.hu\/osszetartozashaza\/wp-content\/uploads\/sites\/8\/2023\/06\/353680546_668822058390814_7458345513896636536_n_kep-212x300.jpg\" alt=\"\" width=\"212\" height=\"300\" srcset=\"https:\/\/www.csepelivaroskep.hu\/osszetartozashaza\/wp-content\/uploads\/sites\/8\/2023\/06\/353680546_668822058390814_7458345513896636536_n_kep-212x300.jpg 212w, https:\/\/www.csepelivaroskep.hu\/osszetartozashaza\/wp-content\/uploads\/sites\/8\/2023\/06\/353680546_668822058390814_7458345513896636536_n_kep.jpg 724w\" sizes=\"(max-width: 212px) 100vw, 212px\" \/><\/p>\n<p>&nbsp;<\/p>\n<p><strong>Szent Iv\u00e1n \u00e9jjel\u00e9n, j\u00fanius 24-\u00e9n, szombaton 17.00-24.00: <a href=\"https:\/\/www.facebook.com\/events\/779149483859411\/?__cft__%5b0%5d=AZUYe2jAv0XCEgK4V-RPnb39JtfSa_1yWDxvXZySONtyW-t8spo811zA-nCjXf5JHGz5Xtl7xqt908G8U8Gm_pj_XxFekAXZEw1jP2dFam7qjKktNeM6k2vTlSnbclZFJfzDH9ODZ7QeqY0N_SiM1tpZLbpwqBo8EUOHn5Q98rPMZYxOOOit0_96r_5J1It9mdY&amp;__tn__=-UK-R\">M\u00fazeumok \u00c9jszak\u00e1ja 2023<\/a> Csepelen is, k\u00e9t helysz\u00ednen!<\/strong><\/p>\n<p>&nbsp;<\/p>\n<p><strong>A csepeli programokra a bel\u00e9p\u00e9s ingyenes!<\/strong><\/p>\n<p>Mindenkit szeretettel v\u00e1runk!<\/p>\n<p>R\u00e9szletes program az al\u00e1bbi plak\u00e1ton!<\/p>\n<p>&nbsp;<\/p>\n<p>&nbsp;<\/p>\n<p><em><strong>AZ \u00d6SSZETARTOZ\u00c1S H\u00c1ZA PROGRAMJA:<\/strong><\/em><\/p>\n<p>17.00 Macskacic\u00f3 pap\u00edrsz\u00ednh\u00e1zi el\u0151ad\u00e1s<\/p>\n<p>17.30 Herb\u00e1ly Andr\u00e1s Bety\u00e1rtanod\u00e1ja<\/p>\n<p>18.30 Halhatatlan sportol\u00f3k k\u00fcldet\u00e9sen: besz\u00e9lget\u00e9s Rejt\u0151 Ildik\u00f3val \u00e9s dr. Heged\u0171s Csab\u00e1val<\/p>\n<p>19.30 A Dalinda zenekar koncertje<\/p>\n<p>20.20 Trianon \u00e9s a sport \u2012 id\u0151szaki ki\u00e1ll\u00edt\u00e1s megnyit\u00f3<\/p>\n<p>20.30 Csillag P\u00e9ter t\u00f6rt\u00e9n\u00e9sz\u2012\u00fajs\u00e1g\u00edr\u00f3 el\u0151ad\u00e1sa a Trianon ut\u00e1ni sport\u00e9letr\u0151l<\/p>\n<p>21.30 Island Zenekar<\/p>\n<p>22.00 F\u00e9nyt\u00e1nc show<\/p>\n<p>&nbsp;<\/p>\n<p>A Trianon eml\u00e9kki\u00e1ll\u00edt\u00e1s t\u00e1rlatvezet\u00e9ssel is megtekinthet\u0151 17.30 \u00e9s 22.30-t\u00f3l.<\/p>\n<p>&nbsp;<\/p>\n<p>Tov\u00e1bbi programok: piros l\u00e1basos nosztalgiaj\u00e1t\u00e9k, digit\u00e1lis karikat\u00farak\u00e9sz\u00edt\u00e9s, n\u00e9pihangszer-k\u00e9sz\u00edt\u00e9s a V\u00e1ndorj\u00e1tsz\u00f3h\u00e1z csapat\u00e1val, \u00f3ri\u00e1sbubor\u00e9kf\u00faj\u00e1s \u00e9s egy\u00e9b j\u00e1t\u00e9kok aj\u00e1nd\u00e9k\u00e9rt<\/p>\n<p>&nbsp;<\/p>\n<p>A f\u0151v\u00e1rosi <strong>M\u00fazeumok \u00c9jszak\u00e1ja karszalagok<\/strong> 06.19-t\u0151l <strong>mindk\u00e9t csepeli helysz\u00ednen megv\u00e1s\u00e1rolhat\u00f3k.<\/strong><\/p>\n<p><strong>Feln\u0151tt karszalag \u00e1ra: 2 500 Ft<\/strong><\/p>\n<p><strong>Gyermek karszalag \u00e1ra: 1 200 Ft<\/strong><\/p>\n","protected":false},"excerpt":{"rendered":"<p>Szent Iv\u00e1n \u00e9jjel\u00e9n, j\u00fanius 24-\u00e9n, szombaton 17.00-24.00: M\u00fazeumok \u00c9jszak\u00e1ja 2023 Csepelen is, k\u00e9t helysz\u00ednen!<\/p>\n<p>A csepeli programokra a bel\u00e9p\u00e9s ingyenes!<br \/>\nMindenkit szeretettel v\u00e1runk!<\/p>\n<p>R\u00e9szletes program az al\u00e1bbi plak\u00e1ton! <\/p>\n<p>AZ \u00d6SSZETARTOZ\u00c1S H\u00c1ZA PROGRAMJA:<br \/>\n17.00 Macskacic\u00f3 pap\u00edrsz\u00ednh\u00e1zi el\u0151ad\u00e1s<br \/>\n17.30 Herb\u00e1ly Andr\u00e1s Bety\u00e1rtanod\u00e1ja<br \/>\n18.30 Halhatatlan sportol\u00f3k k\u00fcldet\u00e9sen: besz\u00e9lget\u00e9s Rejt\u0151 Ildik\u00f3val \u00e9s dr. Heged\u0171s Csab\u00e1val<br \/>\n19.30 A Dalinda zenekar koncertje<br \/>\n20.20 Trianon \u00e9s a sport \u2012 id\u0151szaki ki\u00e1ll\u00edt\u00e1s megnyit\u00f3<br \/>\n20.30 Csillag P\u00e9ter t\u00f6rt\u00e9n\u00e9sz\u2012\u00fajs\u00e1g\u00edr\u00f3 el\u0151ad\u00e1sa a Trianon ut\u00e1ni sport\u00e9letr\u0151l<br \/>\n21.30 Island Zenekar<br \/>\n22.00 F\u00e9nyt\u00e1nc show<\/p>\n<p>A Trianon eml\u00e9kki\u00e1ll\u00edt\u00e1s t\u00e1rlatvezet\u00e9ssel is megtekinthet\u0151 17.30 \u00e9s 22.30-t\u00f3l.<\/p>\n<p>Tov\u00e1bbi programok: piros l\u00e1basos nosztalgiaj\u00e1t\u00e9k, digit\u00e1lis karikat\u00farak\u00e9sz\u00edt\u00e9s, n\u00e9pihangszer-k\u00e9sz\u00edt\u00e9s a V\u00e1ndorj\u00e1tsz\u00f3h\u00e1z csapat\u00e1val, \u00f3ri\u00e1sbubor\u00e9kf\u00faj\u00e1s \u00e9s egy\u00e9b j\u00e1t\u00e9kok aj\u00e1nd\u00e9k\u00e9rt<\/p>\n<p>A f\u0151v\u00e1rosi M\u00fazeumok \u00c9jszak\u00e1ja karszalagok 06.19-t\u0151l mindk\u00e9t csepeli helysz\u00ednen megv\u00e1s\u00e1rolhat\u00f3k.<br \/>\nFeln\u0151tt karszalag \u00e1ra: 2 500 Ft<br \/>\nGyermek karszalag \u00e1ra: 1 200 Ft<\/p>\n","protected":false},"author":9,"featured_media":541,"comment_status":"open","ping_status":"closed","template":"","meta":[],"tags":[],"tribe_events_cat":[],"acf":[],"_links":{"self":[{"href":"https:\/\/www.csepelivaroskep.hu\/osszetartozashaza\/wp-json\/wp\/v2\/tribe_events\/536"}],"collection":[{"href":"https:\/\/www.csepelivaroskep.hu\/osszetartozashaza\/wp-json\/wp\/v2\/tribe_events"}],"about":[{"href":"https:\/\/www.csepelivaroskep.hu\/osszetartozashaza\/wp-json\/wp\/v2\/types\/tribe_events"}],"author":[{"embeddable":true,"href":"https:\/\/www.csepelivaroskep.hu\/osszetartozashaza\/wp-json\/wp\/v2\/users\/9"}],"replies":[{"embeddable":true,"href":"https:\/\/www.csepelivaroskep.hu\/osszetartozashaza\/wp-json\/wp\/v2\/comments?post=536"}],"version-history":[{"count":5,"href":"https:\/\/www.csepelivaroskep.hu\/osszetartozashaza\/wp-json\/wp\/v2\/tribe_events\/536\/revisions"}],"predecessor-version":[{"id":542,"href":"https:\/\/www.csepelivaroskep.hu\/osszetartozashaza\/wp-json\/wp\/v2\/tribe_events\/536\/revisions\/542"}],"wp:featuredmedia":[{"embeddable":true,"href":"https:\/\/www.csepelivaroskep.hu\/osszetartozashaza\/wp-json\/wp\/v2\/media\/541"}],"wp:attachment":[{"href":"https:\/\/www.csepelivaroskep.hu\/osszetartozashaza\/wp-json\/wp\/v2\/media?parent=536"}],"wp:term":[{"taxonomy":"post_tag","embeddable":true,"href":"https:\/\/www.csepelivaroskep.hu\/osszetartozashaza\/wp-json\/wp\/v2\/tags?post=536"},{"taxonomy":"tribe_events_cat","embeddable":true,"href":"https:\/\/www.csepelivaroskep.hu\/osszetartozashaza\/wp-json\/wp\/v2\/tribe_events_cat?post=536"}],"curies":[{"name":"wp","href":"https:\/\/api.w.org\/{rel}","templated":true}]}}

Múzeumok Éjszakája Csepelen &#8211; Összetartozás Háza

<p><img loading="lazy" class="alignnone size-medium wp-image-541" src="http://www.csepelivaroskep.hu/osszetartozashaza/wp-content/uploads/sites/8/2023/06/353680546_668822058390814_7458345513896636536_n_kep-212x300.jpg" alt="" width="212" height="300" srcset="https://www.csepelivaroskep.hu/osszetartozashaza/wp-content/uploads/sites/8/2023/06/353680546_668822058390814_7458345513896636536_n_kep-212x300.jpg 212w, https://www.csepelivaroskep.hu/osszetartozashaza/wp-content/uploads/sites/8/2023/06/353680546_668822058390814_7458345513896636536_n_kep.jpg 724w" sizes="(max-width: 212px) 100vw, 212px" /></p>
<p>&nbsp;</p>
<p><strong>Szent Iván éjjelén, június 24-én, szombaton 17.00-24.00: <a href="https://www.facebook.com/events/779149483859411/?__cft__%5b0%5d=AZUYe2jAv0XCEgK4V-RPnb39JtfSa_1yWDxvXZySONtyW-t8spo811zA-nCjXf5JHGz5Xtl7xqt908G8U8Gm_pj_XxFekAXZEw1jP2dFam7qjKktNeM6k2vTlSnbclZFJfzDH9ODZ7QeqY0N_SiM1tpZLbpwqBo8EUOHn5Q98rPMZYxOOOit0_96r_5J1It9mdY&amp;__tn__=-UK-R">Múzeumok Éjszakája 2023</a> Csepelen is, két helyszínen!</strong></p>
<p>&nbsp;</p>
<p><strong>A csepeli programokra a belépés ingyenes!</strong></p>
<p>Mindenkit szeretettel várunk!</p>
<p>Részletes program az alábbi plakáton!</p>
<p>&nbsp;</p>
<p>&nbsp;</p>
<p><em><strong>AZ ÖSSZETARTOZÁS HÁZA PROGRAMJA:</strong></em></p>
<p>17.00 Macskacicó papírszínházi előadás</p>
<p>17.30 Herbály András Betyártanodája</p>
<p>18.30 Halhatatlan sportolók küldetésen: beszélgetés Rejtő Ildikóval és dr. Hegedűs Csabával</p>
<p>19.30 A Dalinda zenekar koncertje</p>
<p>20.20 Trianon és a sport ‒ időszaki kiállítás megnyitó</p>
<p>20.30 Csillag Péter történész‒újságíró előadása a Trianon utáni sportéletről</p>
<p>21.30 Island Zenekar</p>
<p>22.00 Fénytánc show</p>
<p>&nbsp;</p>
<p>A Trianon emlékkiállítás tárlatvezetéssel is megtekinthető 17.30 és 22.30-tól.</p>
<p>&nbsp;</p>
<p>További programok: piros lábasos nosztalgiajáték, digitális karikatúrakészítés, népihangszer-készítés a Vándorjátszóház csapatával, óriásbuborékfújás és egyéb játékok ajándékért</p>
<p>&nbsp;</p>
<p>A fővárosi <strong>Múzeumok Éjszakája karszalagok</strong> 06.19-től <strong>mindkét csepeli helyszínen megvásárolhatók.</strong></p>
<p><strong>Felnőtt karszalag ára: 2 500 Ft</strong></p>
<p><strong>Gyermek karszalag ára: 1 200 Ft</strong></p>

<p>Szent Iván éjjelén, június 24-én, szombaton 17.00-24.00: Múzeumok Éjszakája 2023 Csepelen is, két helyszínen!</p>
<p>A csepeli programokra a belépés ingyenes!<br />
Mindenkit szeretettel várunk!</p>
<p>Részletes program az alábbi plakáton! </p>
<p>AZ ÖSSZETARTOZÁS HÁZA PROGRAMJA:<br />
17.00 Macskacicó papírszínházi előadás<br />
17.30 Herbály András Betyártanodája<br />
18.30 Halhatatlan sportolók küldetésen: beszélgetés Rejtő Ildikóval és dr. Hegedűs Csabával<br />
19.30 A Dalinda zenekar koncertje<br />
20.20 Trianon és a sport ‒ időszaki kiállítás megnyitó<br />
20.30 Csillag Péter történész‒újságíró előadása a Trianon utáni sportéletről<br />
21.30 Island Zenekar<br />
22.00 Fénytánc show</p>
<p>A Trianon emlékkiállítás tárlatvezetéssel is megtekinthető 17.30 és 22.30-tól.</p>
<p>További programok: piros lábasos nosztalgiajáték, digitális karikatúrakészítés, népihangszer-készítés a Vándorjátszóház csapatával, óriásbuborékfújás és egyéb játékok ajándékért</p>
<p>A fővárosi Múzeumok Éjszakája karszalagok 06.19-től mindkét csepeli helyszínen megvásárolhatók.<br />
Felnőtt karszalag ára: 2 500 Ft<br />
Gyermek karszalag ára: 1 200 Ft</p>
