{"id":553,"date":"2023-11-08T10:13:59","date_gmt":"2023-11-08T10:13:59","guid":{"rendered":"http:\/\/www.csepelivaroskep.hu\/osszetartozashaza\/?post_type=tribe_events&#038;p=553"},"modified":"2023-11-08T10:13:59","modified_gmt":"2023-11-08T10:13:59","slug":"magyar-nepmesek-idoszaki-kiallitas","status":"publish","type":"tribe_events","link":"https:\/\/www.csepelivaroskep.hu\/osszetartozashaza\/programok\/magyar-nepmesek-idoszaki-kiallitas\/","title":{"rendered":"Magyar N\u00e9pmes\u00e9k id\u0151szaki ki\u00e1ll\u00edt\u00e1s"},"content":{"rendered":"<p>A Magyar N\u00e9pmese Napj\u00e1n (szeptember 30.) megny\u00edlt id\u0151szaki ki\u00e1ll\u00edt\u00e1sunk ingyenesen megtekinthet\u0151 \u00e1lland\u00f3 t\u00e1rlatunk nyitvatart\u00e1si idej\u00e9ben.<\/p>\n<p><strong>T\u00e9m\u00e1ja a Magyar N\u00e9pmes\u00e9k c\u00edm\u0171, m\u00e9lt\u00e1n n\u00e9pszer\u0171 anim\u00e1ci\u00f3s sorozat, amely\u00a0bemutatja a rajzfilmek alkot\u00f3it \u00e9s \u00e9rdekess\u00e9geket a filmek elk\u00e9sz\u00fclt\u00e9r\u0151l.<\/strong><\/p>\n<p>&nbsp;<\/p>\n<p>A sorozat fontos \u00e9rt\u00e9keket fogalmaz meg, ez\u00e9rt 2020-ban bev\u00e1lasztott\u00e1k a hungarikumok k\u00f6zz\u00e9 is.<\/p>\n<p>Id\u0151szaki t\u00e1rlatunkkal \u2013 amely tavaszig lesz l\u00e1togathat\u00f3 &#8211; \u00a0mi is szeretn\u00e9nk felh\u00edvni a figyelmet a sorozatra \u00e9s a n\u00e9pmes\u00e9k \u00e9rt\u00e9keire egyar\u00e1nt.<\/p>\n<p>&nbsp;<\/p>\n<p><strong>Megtekint\u00e9s\u00e9t els\u0151sorban az \u00f3vod\u00e1s \u00e9s kisiskol\u00e1s koroszt\u00e1lynak aj\u00e1nljuk.<\/strong><\/p>\n<p>&nbsp;<\/p>\n<p><strong>Amennyiben ig\u00e9nylik, j\u00e1t\u00e9kokkal \u00e9s k\u00e9zm\u0171ves foglalkoz\u00e1ssal is kieg\u00e9sz\u00edtj\u00fck a t\u00e1rlat megtekint\u00e9s\u00e9t.<\/strong><\/p>\n<p>(A teljes foglalkoz\u00e1s kb. 60 perces, de lehet kevesebb, vagy t\u00f6bb is. A csoport ig\u00e9nyeinek megfelel\u0151en alak\u00edtjuk.)<\/p>\n<p>&nbsp;<\/p>\n<p><strong>A ki\u00e1ll\u00edt\u00e1s \u00e9s a k\u00eds\u00e9r\u0151 foglalkoz\u00e1sok is ingyenesen l\u00e1togathat\u00f3ak.<\/strong><\/p>\n<p>&nbsp;<\/p>\n<p><strong>Csoportokat a nyitva tart\u00e1si id\u0151n k\u00edv\u00fcl is fogadunk<\/strong>, h\u00e9tf\u0151t\u0151l p\u00e9ntekig, 8.00-16.00 k\u00f6z\u00f6tt.<\/p>\n<p>K\u00e9rj\u00fck, <u>csoportos l\u00e1togat\u00e1s el\u0151tt e-mailben el\u0151re jelezz\u00e9k l\u00e1togat\u00e1si sz\u00e1nd\u00e9kuk id\u0151pontj\u00e1t: a csoport koroszt\u00e1ly\u00e1nak \u00e9s l\u00e9tsz\u00e1m\u00e1nak megjel\u00f6l\u00e9s\u00e9vel<\/u>, telefonos el\u00e9rhet\u0151s\u00e9g megad\u00e1s\u00e1val.<\/p>\n<p>&nbsp;<\/p>\n<p>El\u00e9rhet\u0151s\u00e9geink:<\/p>\n<p>E-mail: <a href=\"mailto:osszetartozashaza@csepelivaroskep.hu\">osszetartozashaza@csepelivaroskep.hu<\/a><\/p>\n<p>Telefon: +36 1\u00a0310 0118<\/p>\n<p>C\u00edm: \u00d6sszetartoz\u00e1s H\u00e1za<\/p>\n<p>1214 Budapest, Erd\u0151sor utca 33.<\/p>\n<p>&nbsp;<\/p>\n<p>&nbsp;<\/p>\n<p><strong>Rem\u00e9lj\u00fck, hogy hamarosan tal\u00e1lkozhatunk \u00d6n\u00f6kkel \u00e9s tan\u00edtv\u00e1nyaikkal az \u00d6sszetartoz\u00e1s H\u00e1z\u00e1ban! <\/strong><\/p>\n<p>&nbsp;<\/p>\n<p>K\u00e9rj\u00fck, amennyiben ismer olyan kolleg\u00e1t, akinek oszt\u00e1ly\u00e1t\/csoportj\u00e1t \u00e9rdekelheti a foglalkoz\u00e1s, k\u00e9rj\u00fck, \u00e9rtes\u00edtse a fenti lehet\u0151s\u00e9gr\u0151l.<\/p>\n<p>&nbsp;<\/p>\n","protected":false},"excerpt":{"rendered":"<p>A Magyar N\u00e9pmese Napj\u00e1n (szeptember 30.) megny\u00edlt id\u0151szaki ki\u00e1ll\u00edt\u00e1sunk ingyenesen megtekinthet\u0151 \u00e1lland\u00f3 t\u00e1rlatunk nyitvatart\u00e1si idej\u00e9ben. T\u00e9m\u00e1ja a Magyar N\u00e9pmes\u00e9k c\u00edm\u0171, m\u00e9lt\u00e1n n\u00e9pszer\u0171 anim\u00e1ci\u00f3s sorozat, amely\u00a0bemutatja a rajzfilmek alkot\u00f3it \u00e9s \u00e9rdekess\u00e9geket a filmek elk\u00e9sz\u00fclt\u00e9r\u0151l. &nbsp; A sorozat fontos \u00e9rt\u00e9keket fogalmaz meg, ez\u00e9rt 2020-ban bev\u00e1lasztott\u00e1k a hungarikumok k\u00f6zz\u00e9 is. Id\u0151szaki t\u00e1rlatunkkal \u2013 amely tavaszig lesz l\u00e1togathat\u00f3 &#8211; [&hellip;]<\/p>\n","protected":false},"author":9,"featured_media":555,"comment_status":"open","ping_status":"closed","template":"","meta":[],"tags":[],"tribe_events_cat":[],"acf":[],"_links":{"self":[{"href":"https:\/\/www.csepelivaroskep.hu\/osszetartozashaza\/wp-json\/wp\/v2\/tribe_events\/553"}],"collection":[{"href":"https:\/\/www.csepelivaroskep.hu\/osszetartozashaza\/wp-json\/wp\/v2\/tribe_events"}],"about":[{"href":"https:\/\/www.csepelivaroskep.hu\/osszetartozashaza\/wp-json\/wp\/v2\/types\/tribe_events"}],"author":[{"embeddable":true,"href":"https:\/\/www.csepelivaroskep.hu\/osszetartozashaza\/wp-json\/wp\/v2\/users\/9"}],"replies":[{"embeddable":true,"href":"https:\/\/www.csepelivaroskep.hu\/osszetartozashaza\/wp-json\/wp\/v2\/comments?post=553"}],"version-history":[{"count":3,"href":"https:\/\/www.csepelivaroskep.hu\/osszetartozashaza\/wp-json\/wp\/v2\/tribe_events\/553\/revisions"}],"predecessor-version":[{"id":557,"href":"https:\/\/www.csepelivaroskep.hu\/osszetartozashaza\/wp-json\/wp\/v2\/tribe_events\/553\/revisions\/557"}],"wp:featuredmedia":[{"embeddable":true,"href":"https:\/\/www.csepelivaroskep.hu\/osszetartozashaza\/wp-json\/wp\/v2\/media\/555"}],"wp:attachment":[{"href":"https:\/\/www.csepelivaroskep.hu\/osszetartozashaza\/wp-json\/wp\/v2\/media?parent=553"}],"wp:term":[{"taxonomy":"post_tag","embeddable":true,"href":"https:\/\/www.csepelivaroskep.hu\/osszetartozashaza\/wp-json\/wp\/v2\/tags?post=553"},{"taxonomy":"tribe_events_cat","embeddable":true,"href":"https:\/\/www.csepelivaroskep.hu\/osszetartozashaza\/wp-json\/wp\/v2\/tribe_events_cat?post=553"}],"curies":[{"name":"wp","href":"https:\/\/api.w.org\/{rel}","templated":true}]}}

Magyar Népmesék időszaki kiállítás

<p>A Magyar Népmese Napján (szeptember 30.) megnyílt időszaki kiállításunk ingyenesen megtekinthető állandó tárlatunk nyitvatartási idejében.</p>
<p><strong>Témája a Magyar Népmesék című, méltán népszerű animációs sorozat, amely bemutatja a rajzfilmek alkotóit és érdekességeket a filmek elkészültéről.</strong></p>
<p>&nbsp;</p>
<p>A sorozat fontos értékeket fogalmaz meg, ezért 2020-ban beválasztották a hungarikumok közzé is.</p>
<p>Időszaki tárlatunkkal – amely tavaszig lesz látogatható &#8211;  mi is szeretnénk felhívni a figyelmet a sorozatra és a népmesék értékeire egyaránt.</p>
<p>&nbsp;</p>
<p><strong>Megtekintését elsősorban az óvodás és kisiskolás korosztálynak ajánljuk.</strong></p>
<p>&nbsp;</p>
<p><strong>Amennyiben igénylik, játékokkal és kézműves foglalkozással is kiegészítjük a tárlat megtekintését.</strong></p>
<p>(A teljes foglalkozás kb. 60 perces, de lehet kevesebb, vagy több is. A csoport igényeinek megfelelően alakítjuk.)</p>
<p>&nbsp;</p>
<p><strong>A kiállítás és a kísérő foglalkozások is ingyenesen látogathatóak.</strong></p>
<p>&nbsp;</p>
<p><strong>Csoportokat a nyitva tartási időn kívül is fogadunk</strong>, hétfőtől péntekig, 8.00-16.00 között.</p>
<p>Kérjük, <u>csoportos látogatás előtt e-mailben előre jelezzék látogatási szándékuk időpontját: a csoport korosztályának és létszámának megjelölésével</u>, telefonos elérhetőség megadásával.</p>
<p>&nbsp;</p>
<p>Elérhetőségeink:</p>
<p>E-mail: <a href="mailto:osszetartozashaza@csepelivaroskep.hu">osszetartozashaza@csepelivaroskep.hu</a></p>
<p>Telefon: +36 1 310 0118</p>
<p>Cím: Összetartozás Háza</p>
<p>1214 Budapest, Erdősor utca 33.</p>
<p>&nbsp;</p>
<p>&nbsp;</p>
<p><strong>Reméljük, hogy hamarosan találkozhatunk Önökkel és tanítványaikkal az Összetartozás Házában! </strong></p>
<p>&nbsp;</p>
<p>Kérjük, amennyiben ismer olyan kollegát, akinek osztályát/csoportját érdekelheti a foglalkozás, kérjük, értesítse a fenti lehetőségről.</p>
<p>&nbsp;</p>

<p>A Magyar Népmese Napján (szeptember 30.) megnyílt időszaki kiállításunk ingyenesen megtekinthető állandó tárlatunk nyitvatartási idejében. Témája a Magyar Népmesék című, méltán népszerű animációs sorozat, amely bemutatja a rajzfilmek alkotóit és érdekességeket a filmek elkészültéről. &nbsp; A sorozat fontos értékeket fogalmaz meg, ezért 2020-ban beválasztották a hungarikumok közzé is. Időszaki tárlatunkkal – amely tavaszig lesz látogatható &#8211; [&hellip;]</p>
