{"id":1024,"date":"2018-12-20T13:08:50","date_gmt":"2018-12-20T13:08:50","guid":{"rendered":"http:\/\/www.csepelivaroskep.hu\/radnoti\/?post_type=tribe_events&#038;p=1024"},"modified":"2018-12-05T13:12:12","modified_gmt":"2018-12-05T13:12:12","slug":"unnepi-nyitva-tartas","status":"publish","type":"tribe_events","link":"https:\/\/www.csepelivaroskep.hu\/radnoti\/programok\/unnepi-nyitva-tartas\/","title":{"rendered":"\u00dcnnepi nyitva tart\u00e1s"},"content":{"rendered":"<p>Kedves L\u00e1togat\u00f3k!<\/p>\n<p>A Radn\u00f3ti Mikl\u00f3s M\u0171vel\u0151d\u00e9si H\u00e1z december 21-\u00e9n 16 \u00f3rakor bez\u00e1r az \u00fcnnepekre.<\/p>\n<p>Nyit\u00e1s: janu\u00e1r 3, 8 \u00f3ra<\/p>\n<p>A k\u00f6nyvt\u00e1r janu\u00e1r 4-\u00e9n, 13 \u00f3rakor nyit.<\/p>\n<p>Mindenkinek kellemes \u00fcnnepeket k\u00edv\u00e1nunk!<\/p>\n","protected":false},"excerpt":{"rendered":"<p>Z\u00e1rva december 22-janu\u00e1r 2.<\/p>\n","protected":false},"author":1,"featured_media":1025,"comment_status":"closed","ping_status":"closed","template":"","meta":[],"tags":[],"tribe_events_cat":[3],"acf":[],"_links":{"self":[{"href":"https:\/\/www.csepelivaroskep.hu\/radnoti\/wp-json\/wp\/v2\/tribe_events\/1024"}],"collection":[{"href":"https:\/\/www.csepelivaroskep.hu\/radnoti\/wp-json\/wp\/v2\/tribe_events"}],"about":[{"href":"https:\/\/www.csepelivaroskep.hu\/radnoti\/wp-json\/wp\/v2\/types\/tribe_events"}],"author":[{"embeddable":true,"href":"https:\/\/www.csepelivaroskep.hu\/radnoti\/wp-json\/wp\/v2\/users\/1"}],"replies":[{"embeddable":true,"href":"https:\/\/www.csepelivaroskep.hu\/radnoti\/wp-json\/wp\/v2\/comments?post=1024"}],"version-history":[{"count":1,"href":"https:\/\/www.csepelivaroskep.hu\/radnoti\/wp-json\/wp\/v2\/tribe_events\/1024\/revisions"}],"predecessor-version":[{"id":1026,"href":"https:\/\/www.csepelivaroskep.hu\/radnoti\/wp-json\/wp\/v2\/tribe_events\/1024\/revisions\/1026"}],"wp:featuredmedia":[{"embeddable":true,"href":"https:\/\/www.csepelivaroskep.hu\/radnoti\/wp-json\/wp\/v2\/media\/1025"}],"wp:attachment":[{"href":"https:\/\/www.csepelivaroskep.hu\/radnoti\/wp-json\/wp\/v2\/media?parent=1024"}],"wp:term":[{"taxonomy":"post_tag","embeddable":true,"href":"https:\/\/www.csepelivaroskep.hu\/radnoti\/wp-json\/wp\/v2\/tags?post=1024"},{"taxonomy":"tribe_events_cat","embeddable":true,"href":"https:\/\/www.csepelivaroskep.hu\/radnoti\/wp-json\/wp\/v2\/tribe_events_cat?post=1024"}],"curies":[{"name":"wp","href":"https:\/\/api.w.org\/{rel}","templated":true}]}}

Ünnepi nyitva tartás

<p>Kedves Látogatók!</p>
<p>A Radnóti Miklós Művelődési Ház december 21-én 16 órakor bezár az ünnepekre.</p>
<p>Nyitás: január 3, 8 óra</p>
<p>A könyvtár január 4-én, 13 órakor nyit.</p>
<p>Mindenkinek kellemes ünnepeket kívánunk!</p>

<p>Zárva december 22-január 2.</p>
