{"id":1054,"date":"2019-01-04T10:19:15","date_gmt":"2019-01-04T10:19:15","guid":{"rendered":"http:\/\/www.csepelivaroskep.hu\/radnoti\/?post_type=tribe_events&#038;p=1054"},"modified":"2019-01-31T11:02:10","modified_gmt":"2019-01-31T11:02:10","slug":"felhivas-eskuvoi-fotokat-varunk","status":"publish","type":"tribe_events","link":"https:\/\/www.csepelivaroskep.hu\/radnoti\/programok\/felhivas-eskuvoi-fotokat-varunk\/","title":{"rendered":"FELH\u00cdV\u00c1S: esk\u00fcv\u0151i fot\u00f3kat v\u00e1runk"},"content":{"rendered":"<p>2019. febru\u00e1r 17-i \u201eH\u00e1zasodjunk Csepelen!\u201d \u2013 Esk\u00fcv\u0151 ki\u00e1ll\u00edt\u00e1sra v\u00e1rjuk azokat a fot\u00f3kat, melyek a ker\u00fcletben k\u00e9sz\u00fcltek az elm\u00falt \u00e9vtizedekben.<\/p>\n<p>A fot\u00f3k a ki\u00e1ll\u00edt\u00e1s alatt kivet\u00edt\u0151n jelennek meg.<\/p>\n<p>K\u00e9rj\u00fck, ha Csepelen volt az esk\u00fcv\u0151je, \u00e9s sz\u00edvesen megosztan\u00e1 vel\u00fcnk \u00e9s a l\u00e1togat\u00f3kkal fot\u00f3j\u00e1t, k\u00fcldje el digit\u00e1lisan a <a href=\"mailto:radnotimuvhaz@csepelivaroskep.hu\">radnotimuvhaz@csepelivaroskep.hu<\/a> e-mail c\u00edmre, vagy hozza be szem\u00e9lyesen a Radn\u00f3ti Mikl\u00f3s M\u0171vel\u0151d\u00e9si H\u00e1zba (1214 Budapest, V\u00e9nusz u. 2.)<\/p>\n<p>&nbsp;<\/p>\n<p><strong>A k\u00e9pekhez k\u00e9rj\u00fck, adja meg a h\u00e1zasp\u00e1r keresztneveit \u00e9s az esk\u00fcv\u0151 \u00e9v\u00e9t.<\/strong><\/p>\n<p><a href=\"http:\/\/www.csepelivaroskep.hu\/radnoti\/wp-content\/uploads\/sites\/2\/2019\/01\/Felh\u00edv\u00e1s_fot\u00f32019-page-001.jpg\" rel=\"wpdevart_lightbox\"><img loading=\"lazy\" class=\"alignnone size-medium wp-image-1055\" src=\"http:\/\/www.csepelivaroskep.hu\/radnoti\/wp-content\/uploads\/sites\/2\/2019\/01\/Felh\u00edv\u00e1s_fot\u00f32019-page-001-212x300.jpg\" alt=\"\" width=\"212\" height=\"300\" srcset=\"https:\/\/www.csepelivaroskep.hu\/radnoti\/wp-content\/uploads\/sites\/2\/2019\/01\/Felh\u00edv\u00e1s_fot\u00f32019-page-001-212x300.jpg 212w, https:\/\/www.csepelivaroskep.hu\/radnoti\/wp-content\/uploads\/sites\/2\/2019\/01\/Felh\u00edv\u00e1s_fot\u00f32019-page-001-768x1086.jpg 768w, https:\/\/www.csepelivaroskep.hu\/radnoti\/wp-content\/uploads\/sites\/2\/2019\/01\/Felh\u00edv\u00e1s_fot\u00f32019-page-001-724x1024.jpg 724w, https:\/\/www.csepelivaroskep.hu\/radnoti\/wp-content\/uploads\/sites\/2\/2019\/01\/Felh\u00edv\u00e1s_fot\u00f32019-page-001.jpg 1240w\" sizes=\"(max-width: 212px) 100vw, 212px\" \/><\/a><\/p>\n","protected":false},"excerpt":{"rendered":"<p>Csepeli esk\u00fcv\u0151i fot\u00f3kat v\u00e1runk<\/p>\n","protected":false},"author":1,"featured_media":1055,"comment_status":"closed","ping_status":"closed","template":"","meta":[],"tags":[40,14,34,12,22,35],"tribe_events_cat":[3],"acf":[],"_links":{"self":[{"href":"https:\/\/www.csepelivaroskep.hu\/radnoti\/wp-json\/wp\/v2\/tribe_events\/1054"}],"collection":[{"href":"https:\/\/www.csepelivaroskep.hu\/radnoti\/wp-json\/wp\/v2\/tribe_events"}],"about":[{"href":"https:\/\/www.csepelivaroskep.hu\/radnoti\/wp-json\/wp\/v2\/types\/tribe_events"}],"author":[{"embeddable":true,"href":"https:\/\/www.csepelivaroskep.hu\/radnoti\/wp-json\/wp\/v2\/users\/1"}],"replies":[{"embeddable":true,"href":"https:\/\/www.csepelivaroskep.hu\/radnoti\/wp-json\/wp\/v2\/comments?post=1054"}],"version-history":[{"count":3,"href":"https:\/\/www.csepelivaroskep.hu\/radnoti\/wp-json\/wp\/v2\/tribe_events\/1054\/revisions"}],"predecessor-version":[{"id":1075,"href":"https:\/\/www.csepelivaroskep.hu\/radnoti\/wp-json\/wp\/v2\/tribe_events\/1054\/revisions\/1075"}],"wp:featuredmedia":[{"embeddable":true,"href":"https:\/\/www.csepelivaroskep.hu\/radnoti\/wp-json\/wp\/v2\/media\/1055"}],"wp:attachment":[{"href":"https:\/\/www.csepelivaroskep.hu\/radnoti\/wp-json\/wp\/v2\/media?parent=1054"}],"wp:term":[{"taxonomy":"post_tag","embeddable":true,"href":"https:\/\/www.csepelivaroskep.hu\/radnoti\/wp-json\/wp\/v2\/tags?post=1054"},{"taxonomy":"tribe_events_cat","embeddable":true,"href":"https:\/\/www.csepelivaroskep.hu\/radnoti\/wp-json\/wp\/v2\/tribe_events_cat?post=1054"}],"curies":[{"name":"wp","href":"https:\/\/api.w.org\/{rel}","templated":true}]}}

FELHÍVÁS: esküvői fotókat várunk

<p>2019. február 17-i „Házasodjunk Csepelen!” – Esküvő kiállításra várjuk azokat a fotókat, melyek a kerületben készültek az elmúlt évtizedekben.</p>
<p>A fotók a kiállítás alatt kivetítőn jelennek meg.</p>
<p>Kérjük, ha Csepelen volt az esküvője, és szívesen megosztaná velünk és a látogatókkal fotóját, küldje el digitálisan a <a href="mailto:radnotimuvhaz@csepelivaroskep.hu">radnotimuvhaz@csepelivaroskep.hu</a> e-mail címre, vagy hozza be személyesen a Radnóti Miklós Művelődési Házba (1214 Budapest, Vénusz u. 2.)</p>
<p>&nbsp;</p>
<p><strong>A képekhez kérjük, adja meg a házaspár keresztneveit és az esküvő évét.</strong></p>
<p><a href="http://www.csepelivaroskep.hu/radnoti/wp-content/uploads/sites/2/2019/01/Felhívás_fotó2019-page-001.jpg" rel="wpdevart_lightbox"><img loading="lazy" class="alignnone size-medium wp-image-1055" src="http://www.csepelivaroskep.hu/radnoti/wp-content/uploads/sites/2/2019/01/Felhívás_fotó2019-page-001-212x300.jpg" alt="" width="212" height="300" srcset="https://www.csepelivaroskep.hu/radnoti/wp-content/uploads/sites/2/2019/01/Felhívás_fotó2019-page-001-212x300.jpg 212w, https://www.csepelivaroskep.hu/radnoti/wp-content/uploads/sites/2/2019/01/Felhívás_fotó2019-page-001-768x1086.jpg 768w, https://www.csepelivaroskep.hu/radnoti/wp-content/uploads/sites/2/2019/01/Felhívás_fotó2019-page-001-724x1024.jpg 724w, https://www.csepelivaroskep.hu/radnoti/wp-content/uploads/sites/2/2019/01/Felhívás_fotó2019-page-001.jpg 1240w" sizes="(max-width: 212px) 100vw, 212px" /></a></p>

<p>Csepeli esküvői fotókat várunk</p>
