{"id":1077,"date":"2019-02-05T15:26:43","date_gmt":"2019-02-05T15:26:43","guid":{"rendered":"http:\/\/www.csepelivaroskep.hu\/radnoti\/?post_type=tribe_events&#038;p=1077"},"modified":"2019-02-05T15:26:43","modified_gmt":"2019-02-05T15:26:43","slug":"kaleidoszkop-az-ego-felepitese-mint-az-emberi-termeszet-kulcsa","status":"publish","type":"tribe_events","link":"https:\/\/www.csepelivaroskep.hu\/radnoti\/programok\/kaleidoszkop-az-ego-felepitese-mint-az-emberi-termeszet-kulcsa\/","title":{"rendered":"KALEIDOSZK\u00d3P: Az EGO fel\u00e9p\u00edt\u00e9se, mint az emberi term\u00e9szet kulcsa"},"content":{"rendered":"<p>KALEIDOSZK\u00d3P: Sz\u00ednes ismeretterjeszt\u0151 el\u0151ad\u00e1ssorozat a Radn\u00f3tiban<br \/>\n&#8212;&#8212;&#8212;&#8212;&#8212;&#8212;&#8212;&#8212;&#8212;&#8212;&#8212;&#8212;&#8212;&#8212;&#8212;&#8212;&#8212;&#8212;&#8212;&#8212;&#8212;&#8212;&#8212;&#8212;&#8212;&#8212;&#8212;&#8212;&#8211;<br \/>\nAz EGO fel\u00e9p\u00edt\u00e9se, mint az emberi term\u00e9szet kulcsa<br \/>\n*************************************************************************<br \/>\nEl\u0151ad\u00f3: K\u00f6lkedi Attila \u00edr\u00f3<br \/>\n&#8212;&#8212;&#8212;&#8212;&#8212;&#8212;&#8212;&#8212;&#8212;&#8212;&#8212;&#8212;&#8212;&#8212;&#8212;&#8212;&#8212;&#8212;&#8212;&#8212;&#8212;&#8212;&#8212;&#8212;&#8212;&#8212;&#8212;&#8212;&#8211;<br \/>\nA BEL\u00c9P\u00c9S INGYENES!<\/p>\n<p><a href=\"http:\/\/www.csepelivaroskep.hu\/radnoti\/wp-content\/uploads\/sites\/2\/2019\/02\/kaleidoszkop_ego_A3-page-001.jpg\" rel=\"wpdevart_lightbox\"><img loading=\"lazy\" class=\"alignnone size-medium wp-image-1078\" src=\"http:\/\/www.csepelivaroskep.hu\/radnoti\/wp-content\/uploads\/sites\/2\/2019\/02\/kaleidoszkop_ego_A3-page-001-212x300.jpg\" alt=\"\" width=\"212\" height=\"300\" srcset=\"https:\/\/www.csepelivaroskep.hu\/radnoti\/wp-content\/uploads\/sites\/2\/2019\/02\/kaleidoszkop_ego_A3-page-001-212x300.jpg 212w, https:\/\/www.csepelivaroskep.hu\/radnoti\/wp-content\/uploads\/sites\/2\/2019\/02\/kaleidoszkop_ego_A3-page-001-768x1086.jpg 768w, https:\/\/www.csepelivaroskep.hu\/radnoti\/wp-content\/uploads\/sites\/2\/2019\/02\/kaleidoszkop_ego_A3-page-001-724x1024.jpg 724w, https:\/\/www.csepelivaroskep.hu\/radnoti\/wp-content\/uploads\/sites\/2\/2019\/02\/kaleidoszkop_ego_A3-page-001.jpg 1754w\" sizes=\"(max-width: 212px) 100vw, 212px\" \/><\/a><\/p>\n","protected":false},"excerpt":{"rendered":"<p>T\u00e9ged is az EGO ir\u00e1ny\u00edt!<\/p>\n","protected":false},"author":1,"featured_media":1078,"comment_status":"open","ping_status":"closed","template":"","meta":[],"tags":[14,16,7],"tribe_events_cat":[3],"acf":[],"_links":{"self":[{"href":"https:\/\/www.csepelivaroskep.hu\/radnoti\/wp-json\/wp\/v2\/tribe_events\/1077"}],"collection":[{"href":"https:\/\/www.csepelivaroskep.hu\/radnoti\/wp-json\/wp\/v2\/tribe_events"}],"about":[{"href":"https:\/\/www.csepelivaroskep.hu\/radnoti\/wp-json\/wp\/v2\/types\/tribe_events"}],"author":[{"embeddable":true,"href":"https:\/\/www.csepelivaroskep.hu\/radnoti\/wp-json\/wp\/v2\/users\/1"}],"replies":[{"embeddable":true,"href":"https:\/\/www.csepelivaroskep.hu\/radnoti\/wp-json\/wp\/v2\/comments?post=1077"}],"version-history":[{"count":1,"href":"https:\/\/www.csepelivaroskep.hu\/radnoti\/wp-json\/wp\/v2\/tribe_events\/1077\/revisions"}],"predecessor-version":[{"id":1079,"href":"https:\/\/www.csepelivaroskep.hu\/radnoti\/wp-json\/wp\/v2\/tribe_events\/1077\/revisions\/1079"}],"wp:featuredmedia":[{"embeddable":true,"href":"https:\/\/www.csepelivaroskep.hu\/radnoti\/wp-json\/wp\/v2\/media\/1078"}],"wp:attachment":[{"href":"https:\/\/www.csepelivaroskep.hu\/radnoti\/wp-json\/wp\/v2\/media?parent=1077"}],"wp:term":[{"taxonomy":"post_tag","embeddable":true,"href":"https:\/\/www.csepelivaroskep.hu\/radnoti\/wp-json\/wp\/v2\/tags?post=1077"},{"taxonomy":"tribe_events_cat","embeddable":true,"href":"https:\/\/www.csepelivaroskep.hu\/radnoti\/wp-json\/wp\/v2\/tribe_events_cat?post=1077"}],"curies":[{"name":"wp","href":"https:\/\/api.w.org\/{rel}","templated":true}]}}

KALEIDOSZKÓP: Az EGO felépítése, mint az emberi természet kulcsa

<p>KALEIDOSZKÓP: Színes ismeretterjesztő előadássorozat a Radnótiban<br />
&#8212;&#8212;&#8212;&#8212;&#8212;&#8212;&#8212;&#8212;&#8212;&#8212;&#8212;&#8212;&#8212;&#8212;&#8212;&#8212;&#8212;&#8212;&#8212;&#8212;&#8212;&#8212;&#8212;&#8212;&#8212;&#8212;&#8212;&#8212;&#8211;<br />
Az EGO felépítése, mint az emberi természet kulcsa<br />
*************************************************************************<br />
Előadó: Kölkedi Attila író<br />
&#8212;&#8212;&#8212;&#8212;&#8212;&#8212;&#8212;&#8212;&#8212;&#8212;&#8212;&#8212;&#8212;&#8212;&#8212;&#8212;&#8212;&#8212;&#8212;&#8212;&#8212;&#8212;&#8212;&#8212;&#8212;&#8212;&#8212;&#8212;&#8211;<br />
A BELÉPÉS INGYENES!</p>
<p><a href="http://www.csepelivaroskep.hu/radnoti/wp-content/uploads/sites/2/2019/02/kaleidoszkop_ego_A3-page-001.jpg" rel="wpdevart_lightbox"><img loading="lazy" class="alignnone size-medium wp-image-1078" src="http://www.csepelivaroskep.hu/radnoti/wp-content/uploads/sites/2/2019/02/kaleidoszkop_ego_A3-page-001-212x300.jpg" alt="" width="212" height="300" srcset="https://www.csepelivaroskep.hu/radnoti/wp-content/uploads/sites/2/2019/02/kaleidoszkop_ego_A3-page-001-212x300.jpg 212w, https://www.csepelivaroskep.hu/radnoti/wp-content/uploads/sites/2/2019/02/kaleidoszkop_ego_A3-page-001-768x1086.jpg 768w, https://www.csepelivaroskep.hu/radnoti/wp-content/uploads/sites/2/2019/02/kaleidoszkop_ego_A3-page-001-724x1024.jpg 724w, https://www.csepelivaroskep.hu/radnoti/wp-content/uploads/sites/2/2019/02/kaleidoszkop_ego_A3-page-001.jpg 1754w" sizes="(max-width: 212px) 100vw, 212px" /></a></p>

<p>Téged is az EGO irányít!</p>
