{"id":1087,"date":"2019-02-20T12:10:26","date_gmt":"2019-02-20T12:10:26","guid":{"rendered":"http:\/\/www.csepelivaroskep.hu\/radnoti\/?post_type=tribe_events&#038;p=1087"},"modified":"2019-02-20T12:10:26","modified_gmt":"2019-02-20T12:10:26","slug":"gorog-tanchaz-5","status":"publish","type":"tribe_events","link":"https:\/\/www.csepelivaroskep.hu\/radnoti\/programok\/gorog-tanchaz-5\/","title":{"rendered":"G\u00f6r\u00f6g T\u00e1nch\u00e1z"},"content":{"rendered":"<p>\u00c9L\u0150ZEN\u00c9S T\u00c1NCOKTAT\u00c1S<\/p>\n<p>A Csepeli G\u00f6r\u00f6g \u00d6nkorm\u00e1nyzat szervez\u00e9s\u00e9ben<\/p>\n<p>Fell\u00e9p a Mydros egy\u00fcttes<\/p>\n<p>A bel\u00e9p\u00e9s d\u00edjtalan!<\/p>\n","protected":false},"excerpt":{"rendered":"<p>Mydros egy\u00fcttessel<\/p>\n","protected":false},"author":1,"featured_media":1088,"comment_status":"open","ping_status":"closed","template":"","meta":[],"tags":[40,14,22,33,27,13,19],"tribe_events_cat":[3],"acf":[],"_links":{"self":[{"href":"https:\/\/www.csepelivaroskep.hu\/radnoti\/wp-json\/wp\/v2\/tribe_events\/1087"}],"collection":[{"href":"https:\/\/www.csepelivaroskep.hu\/radnoti\/wp-json\/wp\/v2\/tribe_events"}],"about":[{"href":"https:\/\/www.csepelivaroskep.hu\/radnoti\/wp-json\/wp\/v2\/types\/tribe_events"}],"author":[{"embeddable":true,"href":"https:\/\/www.csepelivaroskep.hu\/radnoti\/wp-json\/wp\/v2\/users\/1"}],"replies":[{"embeddable":true,"href":"https:\/\/www.csepelivaroskep.hu\/radnoti\/wp-json\/wp\/v2\/comments?post=1087"}],"version-history":[{"count":1,"href":"https:\/\/www.csepelivaroskep.hu\/radnoti\/wp-json\/wp\/v2\/tribe_events\/1087\/revisions"}],"predecessor-version":[{"id":1089,"href":"https:\/\/www.csepelivaroskep.hu\/radnoti\/wp-json\/wp\/v2\/tribe_events\/1087\/revisions\/1089"}],"wp:featuredmedia":[{"embeddable":true,"href":"https:\/\/www.csepelivaroskep.hu\/radnoti\/wp-json\/wp\/v2\/media\/1088"}],"wp:attachment":[{"href":"https:\/\/www.csepelivaroskep.hu\/radnoti\/wp-json\/wp\/v2\/media?parent=1087"}],"wp:term":[{"taxonomy":"post_tag","embeddable":true,"href":"https:\/\/www.csepelivaroskep.hu\/radnoti\/wp-json\/wp\/v2\/tags?post=1087"},{"taxonomy":"tribe_events_cat","embeddable":true,"href":"https:\/\/www.csepelivaroskep.hu\/radnoti\/wp-json\/wp\/v2\/tribe_events_cat?post=1087"}],"curies":[{"name":"wp","href":"https:\/\/api.w.org\/{rel}","templated":true}]}}

Görög Táncház

<p>ÉLŐZENÉS TÁNCOKTATÁS</p>
<p>A Csepeli Görög Önkormányzat szervezésében</p>
<p>Fellép a Mydros együttes</p>
<p>A belépés díjtalan!</p>

<p>Mydros együttessel</p>
